{"id":216,"date":"2019-01-25T08:32:54","date_gmt":"2019-01-25T10:32:54","guid":{"rendered":"https:\/\/www.ufsm.br\/cursos\/pos-graduacao\/santa-maria\/ppgppc\/?page_id=216"},"modified":"2026-02-05T12:01:59","modified_gmt":"2026-02-05T15:01:59","slug":"laboratorios-e-bibliotecas","status":"publish","type":"page","link":"https:\/\/www.ufsm.br\/cursos\/pos-graduacao\/santa-maria\/ppgpc\/laboratorios-e-bibliotecas","title":{"rendered":"Laborat\u00f3rios e Bibliotecas"},"content":{"rendered":"\n<p>\u00a0<\/p>\n<h2>\ud83c\udfecEspa\u00e7os Acad\u00eamicos e Infraestrutura F\u00edsica<\/h2>\n<ul>\n<li style=\"text-align: justify\">Duas salas no pr\u00e9dio 74B, climatizadas, com multim\u00eddia e internet.<\/li>\n<li style=\"text-align: justify\">Salas no pr\u00e9dio 74C: Coordena\u00e7\u00e3o, apoio, estudo e para docentes visitantes.<\/li>\n<li style=\"text-align: justify\">Salas h\u00edbridas (3231 e 3232) para bancas de Exame de Qualifica\u00e7\u00e3o e Defesa de Disserta\u00e7\u00e3o, com equipamentos para eventos presenciais e remotos.<\/li>\n<li style=\"text-align: justify\">Laborat\u00f3rios com computadores (20, 30, 40 m\u00e1quinas) e internet.<\/li>\n<li style=\"text-align: justify\">Secretaria Integrada do CCSH, com equipe para suporte administrativo e acad\u00eamico.<\/li>\n<li style=\"text-align: justify\">Audit\u00f3rios de diferentes tamanhos, de 30 at\u00e9 1200 lugares, para eventos cient\u00edficos e acad\u00eamicos.<\/li>\n<\/ul>\n<h2 style=\"text-align: justify\">\u2712\ufe0fLaborat\u00f3rios e Centros de Pesquisa<\/h2>\n<ul style=\"text-align: justify\">\n<li><a href=\"https:\/\/www.ufsm.br\/cursos\/graduacao\/santa-maria\/arquitetura-e-urbanismo\/laboratorio-de-acervo-editoracao-e-divulgacao-da-producao-academica\">LEPDA \u2013 Laborat\u00f3rio de Pesquisa, Documenta\u00e7\u00e3o e Acervo<\/a>: Este laborat\u00f3rio de pesquisa, documenta\u00e7\u00e3o e arquivamento de materiais relacionados ao patrim\u00f4nio cultural e \u00e0 produ\u00e7\u00e3o acad\u00eamica.<\/li>\n<li><a href=\"https:\/\/www.ufsm.br\/cursos\/graduacao\/santa-maria\/arquitetura-e-urbanismo\/lasac-laboratorio-de-sustentabilidade-do-ambiente-construido\">LASAC \u2013 Sustentabilidade do Ambiente Constru\u00eddo<\/a>: O LASAC \u00e9 um laborat\u00f3rio que trabalha com quest\u00f5es de sustentabilidade no ambiente constru\u00eddo, promovendo a pesquisa e a inova\u00e7\u00e3o em constru\u00e7\u00e3o sustent\u00e1vel.<\/li>\n<li><a href=\"https:\/\/www.ufsm.br\/cursos\/graduacao\/santa-maria\/arquitetura-e-urbanismo\/laboratorio-de-paisagismo-e-arquitetura\">PARQ -Laborat\u00f3rio de Paisagismo e Arquitetura<\/a>: <span class=\"UFICommentBody\">Metodologia de an\u00e1lise e invent\u00e1rio dos espa\u00e7os livres p\u00fablicos na paisagem natural e constru\u00edda de Santa Maria.<\/span><\/li>\n<li><a href=\"https:\/\/www.ufsm.br\/grupos\/lamot\">LAMOT \u2013 Mobilidade e Log\u00edstica<\/a>: Desenvolve projetos de ensino, pesquisa e extens\u00e3o nas \u00e1reas de transportes, mobilidade, log\u00edstica e infraestrutura.<\/li>\n<li><a href=\"https:\/\/www.ufsm.br\/laboratorios\/lep\/fosseis-estudados\">LEP \u2013 Estratigrafia e Paleontobiologia<\/a>: Este laborat\u00f3rio realiza estudos e pesquisas sobre f\u00f3sseis, contribuindo com informa\u00e7\u00f5es cruciais para a compreens\u00e3o da evolu\u00e7\u00e3o da vida no planeta.<\/li>\n<li>\n<p><a href=\"https:\/\/www.ufsm.br\/cursos\/graduacao\/santa-maria\/arquivologia\/laboratorios\"><span style=\"font-weight: 400\">Laborat\u00f3rios localizados na sala 2252 e 2252 do pr\u00e9dio 74 A, no CCSH:<\/span><\/a><\/p>\n<p><span style=\"font-weight: 400\">Laborat\u00f3rio de documentos digitais (LDD)<\/span><\/p>\n<p><span style=\"font-weight: 400\">Laborat\u00f3rio de arranjo, descri\u00e7\u00e3o e mem\u00f3ria<\/span><\/p>\n<p><span style=\"font-weight: 400\">Laborat\u00f3rio de restaura\u00e7\u00e3o de documentos<\/span><\/p>\n<p><span style=\"font-weight: 400\">Laborat\u00f3rio de paleografia profa. eneida Izabel Schirmer Richter(LAPPEI)\u00a0<\/span><\/p>\n<p><span style=\"font-weight: 400\">Laborat\u00f3rio de experimenta\u00e7\u00e3o arquiv\u00edstica (LEA)<\/span><\/p>\n<\/li>\n<li><a href=\"https:\/\/www.ufsm.br\/cursos\/pos-graduacao\/santa-maria\/ppgart\/laboratorio-de-fotografia-labfoto\">Laborat\u00f3rio de Reprodu\u00e7\u00e3o de Documentos e Fotografia<\/a>: O Laborat\u00f3rio de Fotografia dedica-se \u00e0 preserva\u00e7\u00e3o e experimenta\u00e7\u00e3o com t\u00e9cnicas fotogr\u00e1ficas, voltadas ao patrim\u00f4nio cultural e \u00e0 documenta\u00e7\u00e3o visual.<\/li>\n<li><a href=\"https:\/\/www.ufsm.br\/laboratorios\/corpus\/centro-de-documentacao-e-memoria\">Centro de Documenta\u00e7\u00e3o e Mem\u00f3ria<\/a>: Este centro tem como objetivo preservar e documentar a mem\u00f3ria institucional da UFSM, realizando projetos de arquivamento e difus\u00e3o de materiais hist\u00f3ricos.<\/li>\n<li><a href=\"https:\/\/www.ufsm.br\/unidades-universitarias\/ccne\/cappa\">CAPPA \u2013 Centro de Apoio \u00e0 Pesquisa Paleontol\u00f3gica da Quarta Col\u00f4nia<\/a>: O CAPPA est\u00e1 envolvido em pesquisas paleontol\u00f3gicas com foco na preserva\u00e7\u00e3o e estudo de f\u00f3sseis da Quarta Col\u00f4nia, um importante ponto geol\u00f3gico e hist\u00f3rico no Brasil.<\/li>\n<\/ul>\n<h2 style=\"text-align: justify\">\ud83c\udfdb\ufe0f Museus e Espa\u00e7os de Mem\u00f3ria &#8211; UFSM<\/h2>\n<ul style=\"text-align: justify\">\n<li><a href=\"https:\/\/www.instagram.com\/museudoconhecimento_ufsm\/\">Museu do Conhecimento \u2013 Scientiah<\/a>: Espa\u00e7o dedicado \u00e0 promo\u00e7\u00e3o do conhecimento cient\u00edfico e cultural, com exposi\u00e7\u00f5es interativas e educativas.<\/li>\n<\/ul>\n<p style=\"text-align: justify\"><a href=\"https:\/\/www.ufsm.br\/pro-reitorias\/pre\/cca\/divisao-de-museus-ufsm\"><span style=\"font-weight: 400\">Divis\u00e3o de Museus\u00a0 Pr\u00f3-Reitoria de Extens\u00e3o &#8211;\u00a0 PRE- UFSM<\/span><\/a><\/p>\n<ul style=\"text-align: justify\">\n<li><a href=\"https:\/\/www.ufsm.br\/museus\/gamadeca\">Museu Educativo Gama D\u2019E\u00e7a<\/a>: Museu dedicado \u00e0 educa\u00e7\u00e3o patrimonial e \u00e0 preserva\u00e7\u00e3o de artefatos hist\u00f3ricos, voltado para a comunidade acad\u00eamica e p\u00fablico geral.<\/li>\n<li><a href=\"https:\/\/www.ufsm.br\/laboratorios\/lasca\">LASCA \u2013 Arqueologia e Culturas das Am\u00e9ricas<\/a>: Laborat\u00f3rio que se dedica \u00e0 pesquisa arqueol\u00f3gica e ao estudo das culturas pr\u00e9-colombianas das Am\u00e9ricas, promovendo a educa\u00e7\u00e3o patrimonial e o estudo do patrim\u00f4nio cultural.<\/li>\n<li><a href=\"https:\/\/www.ufsm.br\/unidades-universitarias\/ccne\/cappa\">CAPPA \u2013 Apoio \u00e0 Paleontologia<\/a>: O CAPPA apoia as pesquisas paleontol\u00f3gicas no estado, com foco na preserva\u00e7\u00e3o do patrim\u00f4nio fossilizado da Quarta Col\u00f4nia.<\/li>\n<li><a href=\"https:\/\/www.ufsm.br\/pro-reitorias\/pre\/eventos\/caverna-espaco-imersivo\"><span style=\"font-weight: 400\">Caverna \u2013 Espa\u00e7o imersivo<\/span><\/a>: Projeto multidisciplinar, que, atrav\u00e9s de elementos como tinta neon, luz negra e recursos sonoros, oferece uma imers\u00e3o na era pr\u00e9-hist\u00f3rica.<\/li>\n<\/ul>\n<h2 style=\"text-align: justify\">\ud83d\udcda Bibliotecas e Reposit\u00f3rios<\/h2>\n<ul style=\"text-align: justify\">\n<li><a href=\"https:\/\/www.ufsm.br\/orgaos-suplementares\/biblioteca\">Biblioteca Central da UFSM<\/a>: A Biblioteca Central oferece uma vasta cole\u00e7\u00e3o de livros, peri\u00f3dicos, teses e disserta\u00e7\u00f5es, al\u00e9m de ser um centro de apoio acad\u00eamico para toda a comunidade universit\u00e1ria.<\/li>\n<li><a href=\"https:\/\/www.ufsm.br\/orgaos-suplementares\/biblioteca\/bsccsh\">Biblioteca Setorial do CCSH<\/a>: Biblioteca especializada nas \u00e1reas de Arquivologia, Hist\u00f3ria, Arqueologia e Ci\u00eancias Sociais, localizada no Centro de Ci\u00eancias Sociais e Humanas da UFSM.<\/li>\n<li><a href=\"https:\/\/www.ufsm.br\/orgaos-suplementares\/biblioteca\/manancial-repositorio-digital-da-ufsm\">Reposit\u00f3rio Manancial UFSM<\/a>: Plataforma digital que disponibiliza a produ\u00e7\u00e3o cient\u00edfica da UFSM, incluindo disserta\u00e7\u00f5es, teses e artigos acad\u00eamicos, para acesso aberto.<\/li>\n<li><a href=\"https:\/\/bdtd.ibict.br\/vufind\/\">Biblioteca Digital de Teses e Disserta\u00e7\u00f5es \u2013 BDTD<\/a>: Reposit\u00f3rio digital que disponibiliza teses e disserta\u00e7\u00f5es de diversas institui\u00e7\u00f5es acad\u00eamicas, incluindo as da UFSM.<\/li>\n<\/ul>\n<h2 style=\"text-align: justify\">\ud83e\udd1dParcerias Estrat\u00e9gicas<\/h2>\n<ul>\n<li style=\"text-align: justify\"><a href=\"https:\/\/www.novapalma.rs.gov.br\/historia-de-nova-palma-em-imagens\/page11.html\">Centro de Pesquisas Geneal\u00f3gicas de Nova Palma<\/a>: Centro dedicado \u00e0 pesquisa sobre a imigra\u00e7\u00e3o italiana no interior do Rio Grande do Sul, com grande acervo documental sobre a hist\u00f3ria da Quarta Col\u00f4nia.<\/li>\n<li style=\"text-align: justify\"><a href=\"https:\/\/www.condesusquartacolonia.com.br\/\">CONDESUS \u2013 Cons\u00f3rcio de Desenvolvimento Sustent\u00e1vel da Quarta Col\u00f4nia<\/a>: Este Cons\u00f3rcio re\u00fane os 9 munic\u00edpios da Quarta Col\u00f4nia para o desenvolvimento de a\u00e7\u00f5es voltadas \u00e0 sustentabilidade e ao desenvolvimento regional (Agudo, Dona Francisca, Faxinal do Soturno, Ivor\u00e1, Nova Palma, Pinhal Grande, Restinga Seca, S\u00e3o Jo\u00e3o do Pol\u00easine e Silveira Martins).<\/li>\n<li style=\"text-align: justify\"><a href=\"https:\/\/www.al.rs.gov.br\/memorial\">Memorial da Assembleia Legislativa<\/a>: Espa\u00e7o hist\u00f3rico que preserva a mem\u00f3ria pol\u00edtica do Rio Grande do Sul, com exposi\u00e7\u00f5es sobre o legislativo e a hist\u00f3ria estadual.<\/li>\n<li style=\"text-align: justify\"><a href=\"https:\/\/museufotograficoirmaoademar.faxinaldosoturno.rs.gov.br\/\">Museu Fotogr\u00e1fico Irm\u00e3o Ademar da Rocha<\/a>: Este Museu preserva imagens hist\u00f3ricas e documentos fotogr\u00e1ficos da Quarta Col\u00f4nia, patrim\u00f4nio cultural regional.<\/li>\n<li style=\"text-align: justify\"><a href=\"https:\/\/www.rivera.gub.uy\/social\/cultura\/museos\/\">Museu do Patrim\u00f4nio Regional de Rivera (Uruguai)<\/a>: Este Museu preserva e exp\u00f5e a mem\u00f3ria e o patrim\u00f4nio cultural da regi\u00e3o fronteiri\u00e7a, localizado em Rivera, Uruguai.<\/li>\n<li style=\"text-align: justify\"><a href=\"https:\/\/museusacrosm.blogspot.com\/\">Museu de Arte Sacra de Santa Maria<\/a>: O acervo deste museu\u00a0 contempla artefatos do cotidiano do oficio sacerdotal, fotografias e mobili\u00e1rio.\u00a0 O museu pertence a Arquidiocese de Santa Maria.\u00a0<\/li>\n<\/ul>\n","protected":false},"excerpt":{"rendered":"<p>\u00a0 \ud83c\udfecEspa\u00e7os Acad\u00eamicos e Infraestrutura F\u00edsica Duas salas no pr\u00e9dio 74B, climatizadas, com multim\u00eddia e internet. Salas no pr\u00e9dio 74C: Coordena\u00e7\u00e3o, apoio, estudo e para docentes visitantes. Salas h\u00edbridas (3231 e 3232) para bancas de Exame de Qualifica\u00e7\u00e3o e Defesa de Disserta\u00e7\u00e3o, com equipamentos para eventos presenciais e remotos. Laborat\u00f3rios com computadores (20, 30, 40 [&hellip;]<\/p>\n","protected":false},"author":194,"featured_media":0,"parent":0,"menu_order":0,"comment_status":"closed","ping_status":"closed","template":"","meta":{"footnotes":""},"categories":[],"tags":[],"class_list":["post-216","page","type-page","status-publish","hentry"],"acf":[],"_links":{"self":[{"href":"https:\/\/www.ufsm.br\/cursos\/pos-graduacao\/santa-maria\/ppgpc\/wp-json\/wp\/v2\/pages\/216","targetHints":{"allow":["GET"]}}],"collection":[{"href":"https:\/\/www.ufsm.br\/cursos\/pos-graduacao\/santa-maria\/ppgpc\/wp-json\/wp\/v2\/pages"}],"about":[{"href":"https:\/\/www.ufsm.br\/cursos\/pos-graduacao\/santa-maria\/ppgpc\/wp-json\/wp\/v2\/types\/page"}],"author":[{"embeddable":true,"href":"https:\/\/www.ufsm.br\/cursos\/pos-graduacao\/santa-maria\/ppgpc\/wp-json\/wp\/v2\/users\/194"}],"replies":[{"embeddable":true,"href":"https:\/\/www.ufsm.br\/cursos\/pos-graduacao\/santa-maria\/ppgpc\/wp-json\/wp\/v2\/comments?post=216"}],"version-history":[{"count":0,"href":"https:\/\/www.ufsm.br\/cursos\/pos-graduacao\/santa-maria\/ppgpc\/wp-json\/wp\/v2\/pages\/216\/revisions"}],"wp:attachment":[{"href":"https:\/\/www.ufsm.br\/cursos\/pos-graduacao\/santa-maria\/ppgpc\/wp-json\/wp\/v2\/media?parent=216"}],"wp:term":[{"taxonomy":"category","embeddable":true,"href":"https:\/\/www.ufsm.br\/cursos\/pos-graduacao\/santa-maria\/ppgpc\/wp-json\/wp\/v2\/categories?post=216"},{"taxonomy":"post_tag","embeddable":true,"href":"https:\/\/www.ufsm.br\/cursos\/pos-graduacao\/santa-maria\/ppgpc\/wp-json\/wp\/v2\/tags?post=216"}],"curies":[{"name":"wp","href":"https:\/\/api.w.org\/{rel}","templated":true}]}}