{"id":2310,"date":"2026-04-06T11:28:36","date_gmt":"2026-04-06T14:28:36","guid":{"rendered":"https:\/\/www.ufsm.br\/cursos\/pos-graduacao\/santa-maria\/ppgpc\/?page_id=2310"},"modified":"2026-04-06T11:29:00","modified_gmt":"2026-04-06T14:29:00","slug":"portaria-ccsh-ufsm-04-de-27-de-novembro-de-2025","status":"publish","type":"page","link":"https:\/\/www.ufsm.br\/cursos\/pos-graduacao\/santa-maria\/ppgpc\/portaria-ccsh-ufsm-04-de-27-de-novembro-de-2025","title":{"rendered":"Portaria CCSH-UFSM 04 de 27 de novembro de 2025"},"content":{"rendered":"\t\t<div data-elementor-type=\"wp-page\" data-elementor-id=\"2310\" class=\"elementor elementor-2310\">\n\t\t\t\t\t\t<section class=\"elementor-section elementor-top-section elementor-element elementor-element-1609f35 elementor-section-boxed elementor-section-height-default elementor-section-height-default\" data-id=\"1609f35\" data-element_type=\"section\">\n\t\t\t\t\t\t<div class=\"elementor-container elementor-column-gap-default\">\n\t\t\t\t\t<div class=\"elementor-column elementor-col-100 elementor-top-column elementor-element elementor-element-a4275c5\" data-id=\"a4275c5\" data-element_type=\"column\">\n\t\t\t<div class=\"elementor-widget-wrap elementor-element-populated\">\n\t\t\t\t\t\t<div class=\"elementor-element elementor-element-6f530f6 elementor-widget elementor-widget-html\" data-id=\"6f530f6\" data-element_type=\"widget\" data-widget_type=\"html.default\">\n\t\t\t\t<div class=\"elementor-widget-container\">\n\t\t\t<br><div align=\"justify\"><font color=\"black\">\r\n<div>\r\n<br>\r\n<\/div>\r\n<div>\r\n<div align=\"center\">\r\n<img decoding=\"async\" src=\"https:\/\/www.ufsm.br\/pro-reitorias\/proplan\/wp-content\/uploads\/sites\/344\/2019\/09\/brasao-da-republica-do-brasil-logo.png\" alt=\"Bras\u00e3o Rep\u00fablica Federativa do Brasil\" width=\"6%\" height=\"6%\">\r\n<\/div>\r\n<h4>\r\n<font size=\"5\">\r\n<\/font>\r\n<div align=\"center\">\r\n<font size=\"5\">MINIST\u00c9RIO DA EDUCA\u00c7\u00c3O<\/font>\r\n<\/div>\r\n<\/h4>\r\n<p>\r\n<b>\r\n<font color=\"#000000\">\r\n<\/font>\r\n<\/b>\r\n<\/p>\r\n<div align=\"center\">\r\n<font color=\"#000000\">\r\n<b>UNIVERSIDADE FEDERAL DE SANTA MARIA<\/b>\r\n<\/font>\r\n<\/div>\r\n<div align=\"center\">\r\n<font color=\"#000000\">\r\n<b>\r\n<br>\r\n<\/b>\r\n<\/font>\r\n<\/div>\r\n<div align=\"center\">\r\n<font color=\"#000000\">\r\n<b>CENTRO DE CIENCIAS SOCIAIS E HUMANAS&nbsp;<\/b>\r\n<\/font>\r\n<\/div>\r\n<div align=\"center\">\r\n<font color=\"#000000\">\r\n<b>\r\n<br>\r\n<\/b>\r\n<\/font>\r\n<\/div>\r\n<div align=\"center\">\r\n<font color=\"#000000\">\r\n<b>PORTARIA NORMATIVA CCSH\/UFSM N. 04, DE 27 DE NOVEMBRO DE 2025<\/b>\r\n<\/font>\r\n<\/div>\r\n<p>\r\n<\/p>\r\n<br>\r\n<div class=\"normal-text\" style=\"text-align: center\">\r\n<\/div>\r\n<div class=\"normal-text\" style=\"text-align: center\">\r\n<\/div>\r\n<\/div>\r\n<div>\r\n<br>\r\n<\/div>\r\n<br>\r\n<div>\r\n<br>\r\n<\/div>\r\n<div>&nbsp;\r\n    <div style=\"width: 60%;margin-left: auto;margin-right: 0px;text-align: justify;font-weight: normal\">\r\n<font color=\"#000000\">\r\n      Altera o anexo I da Portaria Normativa CCSH\/UFSM n\u00ba 03, que aprova o Regulamento do Programa de P\u00f3s-Gradua\u00e7\u00e3o em Patrim\u00f4nio Cultural (PPGPC), vinculado ao Centro de Ci\u00eancias Sociais e Humanas, no \u00e2mbito da Universidade Federal de Santa Maria (UFSM).&nbsp;\r\n    <\/font>\r\n<\/div>\r\n<\/div>\r\n<div>\r\n<br>\r\n<\/div>\r\n<div>\r\n<br>\r\n<\/div>\r\n<div>A DIRETORA DO CENTRO DE CI\u00caNCIAS SOCIAIS E HUMANAS, no uso de suas atribui\u00e7\u00f5es legais que lhe\r\nconfere o Regimento Geral da UFSM, disposto na Resolu\u00e7\u00e3o UFSM n\u00b0 006, de 28 de abril de 2011,\r\natualizado pela Resolu\u00e7\u00e3o UFSM n\u00b0 016, de 02 de julho de 2019, tendo em vista as Resolu\u00e7\u00f5es UFSM n\u00b0\r\n139, de 29 de agosto de 2023, e n\u00b0 152, de 27 de mar\u00e7o de 2024, e o que consta no Processo n\u00b0\r\n23081.087915\/2025-21, resolve:&nbsp;<\/div>\r\n<div>\r\n<br>\r\n<\/div>\r\n<div>Art. 1\u00b0 Alterar dispositivo(s) do anexo I da Portaria Normativa do CCSH\/UFSM n\u00b0 003\/2024, que aprova o\r\nRegulamento do nome do PPGPC, vinculado \u00e0(ao) unidade de ensino, no \u00e2mbito da Universidade\r\nFederal de Santa Maria (UFSM).<\/div>\r\n<div>\r\n<br>\r\n<\/div>\r\n<div>&nbsp;Art. 2\u00b0 Os Artigos 2\u00ba e 3\u00ba da Portaria Normativa CCSH\/UFSM n\u00b0 03, DE 23 DE SETEMBRO DE 2024,\r\npassam a vigorar com a seguinte reda\u00e7\u00e3o:&nbsp;<\/div>\r\n<div>\r\n<br>\r\n<\/div>\r\n<div>\u201cI - O PPGPC, atrav\u00e9s do Curso do Mestrado Profissional, concede o t\u00edtulo de Mestre(a) em Patrim\u00f4nio\r\nCultural, na \u00e1rea de concentra\u00e7\u00e3o Patrim\u00f4nio Cultural, Sociedade e Desenvolvimento Sustent\u00e1vel.&nbsp;<\/div>\r\n<div>\r\n<br>\r\n<\/div>\r\n<div>II - O Curso de mestrado profissional possui em sua \u00c1rea de Concentra\u00e7\u00e3o as seguintes Linhas de\r\nPesquisa, nas quais ser\u00e3o desenvolvidas as disserta\u00e7\u00f5es com os respectivos produtos:\r\n1) Mem\u00f3ria, Preserva\u00e7\u00e3o e Gest\u00e3o do Patrim\u00f4nio Cultural;\r\n2) Identidade, Patrim\u00f4nio Cultural e Sustentabilidade.\u201d&nbsp;<\/div>\r\n<div>\r\n<br>\r\n<\/div>\r\n<div>Art. 3\u00b0 A inobserv\u00e2ncia ao disposto nesta Portaria Normativa n\u00e3o constitui escusa v\u00e1lida para o\r\ndescumprimento da norma nem resulta em sua invalidade.\r\nArt. 4\u00b0 Esta Portaria Normativa entra em vigor na data de sua assinatura, de acordo com o que prev\u00ea o\r\npar\u00e1grafo 2\u00b0 do art. 16 do Decreto n\u00b0 12.002, de 22 de abril de 2024.\r\nPar\u00e1grafo \u00fanico. Havendo qualquer modifica\u00e7\u00e3o legislativa, ou ainda, havendo qualquer situa\u00e7\u00e3o legal\r\nque impacte na legalidade da presente Portaria Normativa, a mesma se aplica de imediato.&nbsp;<\/div>\r\n<div>\r\n<br>\r\n<\/div>\r\n<div>\r\n<br>\r\n<\/div>\r\n<div>\r\n<br>\r\n<\/div>\r\n<div style=\"text-align: right\">Sheila Kocourek\r\nDiretora<\/div>\r\n<\/font><\/div>\t\t<\/div>\n\t\t\t\t<\/div>\n\t\t\t\t\t<\/div>\n\t\t<\/div>\n\t\t\t\t\t<\/div>\n\t\t<\/section>\n\t\t\t\t<\/div>\n\t\t","protected":false},"excerpt":{"rendered":"<p>MINIST\u00c9RIO DA EDUCA\u00c7\u00c3O UNIVERSIDADE FEDERAL DE SANTA MARIA CENTRO DE CIENCIAS SOCIAIS E HUMANAS&nbsp; PORTARIA NORMATIVA CCSH\/UFSM N. 04, DE 27 DE NOVEMBRO DE 2025 &nbsp; Altera o anexo I da Portaria Normativa CCSH\/UFSM n\u00ba 03, que aprova o Regulamento do Programa de P\u00f3s-Gradua\u00e7\u00e3o em Patrim\u00f4nio Cultural (PPGPC), vinculado ao Centro de Ci\u00eancias Sociais e [&hellip;]<\/p>\n","protected":false},"author":905,"featured_media":0,"parent":0,"menu_order":0,"comment_status":"closed","ping_status":"closed","template":"","meta":{"footnotes":""},"categories":[],"tags":[],"class_list":["post-2310","page","type-page","status-publish","hentry"],"acf":[],"_links":{"self":[{"href":"https:\/\/www.ufsm.br\/cursos\/pos-graduacao\/santa-maria\/ppgpc\/wp-json\/wp\/v2\/pages\/2310","targetHints":{"allow":["GET"]}}],"collection":[{"href":"https:\/\/www.ufsm.br\/cursos\/pos-graduacao\/santa-maria\/ppgpc\/wp-json\/wp\/v2\/pages"}],"about":[{"href":"https:\/\/www.ufsm.br\/cursos\/pos-graduacao\/santa-maria\/ppgpc\/wp-json\/wp\/v2\/types\/page"}],"author":[{"embeddable":true,"href":"https:\/\/www.ufsm.br\/cursos\/pos-graduacao\/santa-maria\/ppgpc\/wp-json\/wp\/v2\/users\/905"}],"replies":[{"embeddable":true,"href":"https:\/\/www.ufsm.br\/cursos\/pos-graduacao\/santa-maria\/ppgpc\/wp-json\/wp\/v2\/comments?post=2310"}],"version-history":[{"count":0,"href":"https:\/\/www.ufsm.br\/cursos\/pos-graduacao\/santa-maria\/ppgpc\/wp-json\/wp\/v2\/pages\/2310\/revisions"}],"wp:attachment":[{"href":"https:\/\/www.ufsm.br\/cursos\/pos-graduacao\/santa-maria\/ppgpc\/wp-json\/wp\/v2\/media?parent=2310"}],"wp:term":[{"taxonomy":"category","embeddable":true,"href":"https:\/\/www.ufsm.br\/cursos\/pos-graduacao\/santa-maria\/ppgpc\/wp-json\/wp\/v2\/categories?post=2310"},{"taxonomy":"post_tag","embeddable":true,"href":"https:\/\/www.ufsm.br\/cursos\/pos-graduacao\/santa-maria\/ppgpc\/wp-json\/wp\/v2\/tags?post=2310"}],"curies":[{"name":"wp","href":"https:\/\/api.w.org\/{rel}","templated":true}]}}