{"id":29,"date":"2018-01-18T09:10:07","date_gmt":"2018-01-18T11:10:07","guid":{"rendered":"https:\/\/www.ufsm.br\/cursos\/graduacao\/nutricao\/12352\/?page_id=29"},"modified":"2025-09-23T08:55:19","modified_gmt":"2025-09-23T11:55:19","slug":"contato","status":"publish","type":"page","link":"https:\/\/www.ufsm.br\/cursos\/pos-graduacao\/santa-maria\/ppgpc\/contato","title":{"rendered":"Contato"},"content":{"rendered":"\n<table style=\"border-collapse: collapse;width: 100%\">\n<tbody>\n<tr>\n<td style=\"width: 100%;background-color: #f7ecda\"><strong>Coordena\u00e7\u00e3o do PPGPC<\/strong><\/td>\n<\/tr>\n<\/tbody>\n<\/table>\n<p>\u00a0<\/p>\n<p><strong>Coordenador:<\/strong> Prof. Dr. Jorge Alberto Soares Cruz<\/p>\n<p><strong>e-mail:<\/strong> <a href=\"mailto:jorgecruz@ufsm.br\">jorgecruz@ufsm.br<\/a><\/p>\n<p><span id=\"m_-1268181151936256825gmail-cloakaf2c87ae24e1391c4496ea5ae81026f4\">Base legal: <a href=\"https:\/\/www.ufsm.br\/app\/uploads\/sites\/561\/2025\/09\/PORT_CCSH_2025_335.pdf\">PORT_CCSH_2025_335<\/a><br \/><\/span><\/p>\n<p><strong>Coordenadora Substituta:<\/strong> Prof.\u00aa Dr.\u00aa Neila Silva Pereira dos Santos Richards<\/p>\n<p><strong>e-mail:<\/strong> <a href=\"mailto:neila.richards@ufsm.br\">neila.richards@ufsm.br<\/a><\/p>\n<p>Base Legal: <a href=\"https:\/\/www.ufsm.br\/app\/uploads\/sites\/561\/2025\/09\/PORT_CCSH_2025_349-1.pdf\">PORT_CCSH_2025_349<\/a><\/p>\n<p><strong>E-mail PPG<\/strong>: <strong><a href=\"mailto:ppg.patrimonio.cultural@ufsm.br\">ppg.patrimonio.cultural@ufsm.br<\/a><\/strong><\/p>\n<div>\n<table style=\"border-collapse: collapse;width: 100%\">\n<tbody>\n<tr>\n<td style=\"width: 100%;background-color: #f5e6cb\"><strong>Secretaria Integrada de P\u00f3s-gradua\u00e7\u00e3o do CCSH (SIPOS-CCSH)<\/strong><\/td>\n<\/tr>\n<\/tbody>\n<\/table>\n<p>\u00a0<\/p>\n<p><strong>E-mail: <a href=\"mailto:sipos.ccsh@ufsm.br\"><span style=\"background: white\">sipos.ccsh@ufsm.b<\/span>r<\/a><span style=\"color: blue\"><br \/><\/span><\/strong>Telefone: <span style=\"color: #000000\">(55) 3220-9329<\/span><br \/><span style=\"text-decoration: underline\"><em>Hor\u00e1rio de atendimento:<\/em><\/span><strong><br \/><\/strong>De segunda a sexta-feira<br \/>Das 8h \u00e0s 12h e das 13h \u00e0s 17h<\/p>\n<\/div>\n<p>\u00a0<\/p>\n<p>\u00a0<\/p>\n<p>\u00a0<\/p>\n","protected":false},"excerpt":{"rendered":"<p>Coordena\u00e7\u00e3o do PPGPC \u00a0 Coordenador: Prof. Dr. Jorge Alberto Soares Cruz e-mail: jorgecruz@ufsm.br Base legal: PORT_CCSH_2025_335 Coordenadora Substituta: Prof.\u00aa Dr.\u00aa Neila Silva Pereira dos Santos Richards e-mail: neila.richards@ufsm.br Base Legal: PORT_CCSH_2025_349 E-mail PPG: ppg.patrimonio.cultural@ufsm.br Secretaria Integrada de P\u00f3s-gradua\u00e7\u00e3o do CCSH (SIPOS-CCSH) \u00a0 E-mail: sipos.ccsh@ufsm.brTelefone: (55) 3220-9329Hor\u00e1rio de atendimento:De segunda a sexta-feiraDas 8h \u00e0s 12h e [&hellip;]<\/p>\n","protected":false},"author":8,"featured_media":0,"parent":0,"menu_order":0,"comment_status":"closed","ping_status":"closed","template":"","meta":{"footnotes":""},"categories":[],"tags":[],"class_list":["post-29","page","type-page","status-publish","hentry"],"acf":[],"_links":{"self":[{"href":"https:\/\/www.ufsm.br\/cursos\/pos-graduacao\/santa-maria\/ppgpc\/wp-json\/wp\/v2\/pages\/29","targetHints":{"allow":["GET"]}}],"collection":[{"href":"https:\/\/www.ufsm.br\/cursos\/pos-graduacao\/santa-maria\/ppgpc\/wp-json\/wp\/v2\/pages"}],"about":[{"href":"https:\/\/www.ufsm.br\/cursos\/pos-graduacao\/santa-maria\/ppgpc\/wp-json\/wp\/v2\/types\/page"}],"author":[{"embeddable":true,"href":"https:\/\/www.ufsm.br\/cursos\/pos-graduacao\/santa-maria\/ppgpc\/wp-json\/wp\/v2\/users\/8"}],"replies":[{"embeddable":true,"href":"https:\/\/www.ufsm.br\/cursos\/pos-graduacao\/santa-maria\/ppgpc\/wp-json\/wp\/v2\/comments?post=29"}],"version-history":[{"count":0,"href":"https:\/\/www.ufsm.br\/cursos\/pos-graduacao\/santa-maria\/ppgpc\/wp-json\/wp\/v2\/pages\/29\/revisions"}],"wp:attachment":[{"href":"https:\/\/www.ufsm.br\/cursos\/pos-graduacao\/santa-maria\/ppgpc\/wp-json\/wp\/v2\/media?parent=29"}],"wp:term":[{"taxonomy":"category","embeddable":true,"href":"https:\/\/www.ufsm.br\/cursos\/pos-graduacao\/santa-maria\/ppgpc\/wp-json\/wp\/v2\/categories?post=29"},{"taxonomy":"post_tag","embeddable":true,"href":"https:\/\/www.ufsm.br\/cursos\/pos-graduacao\/santa-maria\/ppgpc\/wp-json\/wp\/v2\/tags?post=29"}],"curies":[{"name":"wp","href":"https:\/\/api.w.org\/{rel}","templated":true}]}}