{"id":228,"date":"2019-01-15T12:50:22","date_gmt":"2019-01-15T14:50:22","guid":{"rendered":"https:\/\/www.ufsm.br\/cursos\/pos-graduacao\/santa-maria\/ppgq\/?page_id=228"},"modified":"2024-04-11T08:55:07","modified_gmt":"2024-04-11T11:55:07","slug":"mandato-atual","status":"publish","type":"page","link":"https:\/\/www.ufsm.br\/cursos\/pos-graduacao\/santa-maria\/ppgq\/mandato-atual","title":{"rendered":"Mandato Atual"},"content":{"rendered":"\t\t<div data-elementor-type=\"wp-page\" data-elementor-id=\"228\" class=\"elementor elementor-228\">\n\t\t\t\t\t\t<section class=\"elementor-section elementor-top-section elementor-element elementor-element-50e7966c elementor-section-boxed elementor-section-height-default elementor-section-height-default\" data-id=\"50e7966c\" data-element_type=\"section\">\n\t\t\t\t\t\t<div class=\"elementor-container elementor-column-gap-default\">\n\t\t\t\t\t<div class=\"elementor-column elementor-col-100 elementor-top-column elementor-element elementor-element-7d82e53a\" data-id=\"7d82e53a\" data-element_type=\"column\">\n\t\t\t<div class=\"elementor-widget-wrap elementor-element-populated\">\n\t\t\t\t\t\t<div class=\"elementor-element elementor-element-214baed5 elementor-widget elementor-widget-text-editor\" data-id=\"214baed5\" data-element_type=\"widget\" data-widget_type=\"text-editor.default\">\n\t\t\t\t<div class=\"elementor-widget-container\">\n\t\t\t\t\t\t\t<!-- wp:tadv\/classic-paragraph -->\n<p>A coordena\u00e7\u00e3o do\u00a0PPGQ\u00a0\u00e9 escolhida por voto direto dos orientadores do programa. O mandato de coordenador e de coordenador substituto tem a dura\u00e7\u00e3o de 24 meses.<\/p>\n<p>Mandato atual: Abril de 2024 a Abril de 2026.<\/p>\n<p>Coordenador: F\u00e1bio Andrei Duarte<br \/>E-mail:\u00a0<a href=\"mailto:ppgq.coord@ufsm.br\">ppgq.coord@ufsm.br<\/a><br \/>Telefone: (55) 3220 9445<\/p>\n<p>Coordenador substituto:\u00a0 Guilherme Luiz Dotto<br \/>E-mail: <a href=\"mailto:guilherme_dotto@yahoo.com.br\">guilherme_dotto@yahoo.com.br<\/a><\/p>\n<p>Telefone: (55) 3220 &#8212;-<\/p>\n<p>\u00a0<\/p>\n<!-- \/wp:tadv\/classic-paragraph -->\t\t\t\t\t\t<\/div>\n\t\t\t\t<\/div>\n\t\t\t\t\t<\/div>\n\t\t<\/div>\n\t\t\t\t\t<\/div>\n\t\t<\/section>\n\t\t\t\t<\/div>\n\t\t","protected":false},"excerpt":{"rendered":"<p>A coordena\u00e7\u00e3o do\u00a0PPGQ\u00a0\u00e9 escolhida por voto direto dos orientadores do programa. O mandato de coordenador e de coordenador substituto tem a dura\u00e7\u00e3o de 24 meses. Mandato atual: Abril de 2024 a Abril de 2026. Coordenador: F\u00e1bio Andrei DuarteE-mail:\u00a0ppgq.coord@ufsm.brTelefone: (55) 3220 9445 Coordenador substituto:\u00a0 Guilherme Luiz DottoE-mail: guilherme_dotto@yahoo.com.br Telefone: (55) 3220 &#8212;- \u00a0<\/p>\n","protected":false},"author":115,"featured_media":0,"parent":0,"menu_order":0,"comment_status":"closed","ping_status":"closed","template":"","meta":{"footnotes":""},"categories":[],"tags":[],"class_list":["post-228","page","type-page","status-publish","hentry"],"acf":[],"_links":{"self":[{"href":"https:\/\/www.ufsm.br\/cursos\/pos-graduacao\/santa-maria\/ppgq\/wp-json\/wp\/v2\/pages\/228","targetHints":{"allow":["GET"]}}],"collection":[{"href":"https:\/\/www.ufsm.br\/cursos\/pos-graduacao\/santa-maria\/ppgq\/wp-json\/wp\/v2\/pages"}],"about":[{"href":"https:\/\/www.ufsm.br\/cursos\/pos-graduacao\/santa-maria\/ppgq\/wp-json\/wp\/v2\/types\/page"}],"author":[{"embeddable":true,"href":"https:\/\/www.ufsm.br\/cursos\/pos-graduacao\/santa-maria\/ppgq\/wp-json\/wp\/v2\/users\/115"}],"replies":[{"embeddable":true,"href":"https:\/\/www.ufsm.br\/cursos\/pos-graduacao\/santa-maria\/ppgq\/wp-json\/wp\/v2\/comments?post=228"}],"version-history":[{"count":0,"href":"https:\/\/www.ufsm.br\/cursos\/pos-graduacao\/santa-maria\/ppgq\/wp-json\/wp\/v2\/pages\/228\/revisions"}],"wp:attachment":[{"href":"https:\/\/www.ufsm.br\/cursos\/pos-graduacao\/santa-maria\/ppgq\/wp-json\/wp\/v2\/media?parent=228"}],"wp:term":[{"taxonomy":"category","embeddable":true,"href":"https:\/\/www.ufsm.br\/cursos\/pos-graduacao\/santa-maria\/ppgq\/wp-json\/wp\/v2\/categories?post=228"},{"taxonomy":"post_tag","embeddable":true,"href":"https:\/\/www.ufsm.br\/cursos\/pos-graduacao\/santa-maria\/ppgq\/wp-json\/wp\/v2\/tags?post=228"}],"curies":[{"name":"wp","href":"https:\/\/api.w.org\/{rel}","templated":true}]}}