{"id":234,"date":"2019-01-15T12:56:52","date_gmt":"2019-01-15T14:56:52","guid":{"rendered":"https:\/\/www.ufsm.br\/cursos\/pos-graduacao\/santa-maria\/ppgq\/?page_id=234"},"modified":"2024-10-09T11:14:24","modified_gmt":"2024-10-09T14:14:24","slug":"proex","status":"publish","type":"page","link":"https:\/\/www.ufsm.br\/cursos\/pos-graduacao\/santa-maria\/ppgq\/proex","title":{"rendered":"PROEX"},"content":{"rendered":"\t\t<div data-elementor-type=\"wp-page\" data-elementor-id=\"234\" class=\"elementor elementor-234\">\n\t\t\t\t\t\t<section class=\"elementor-section elementor-top-section elementor-element elementor-element-16d7dad1 elementor-section-boxed elementor-section-height-default elementor-section-height-default\" data-id=\"16d7dad1\" data-element_type=\"section\">\n\t\t\t\t\t\t<div class=\"elementor-container elementor-column-gap-default\">\n\t\t\t\t\t<div class=\"elementor-column elementor-col-100 elementor-top-column elementor-element elementor-element-5ad77a57\" data-id=\"5ad77a57\" data-element_type=\"column\">\n\t\t\t<div class=\"elementor-widget-wrap elementor-element-populated\">\n\t\t\t\t\t\t<div class=\"elementor-element elementor-element-23512539 elementor-widget elementor-widget-text-editor\" data-id=\"23512539\" data-element_type=\"widget\" data-widget_type=\"text-editor.default\">\n\t\t\t\t<div class=\"elementor-widget-container\">\n\t\t\t\t\t\t\t<!-- wp:tadv\/classic-paragraph -->\n<p>Informa\u00e7\u00f5es e Formul\u00e1rios\u00a0<\/p>\n<p>Leia bem as informa\u00e7\u00f5es e preencham os formul\u00e1rios completamente.<\/p>\n<p>O recurso do PROEX est\u00e1 dispon\u00edvel para os orientadores dos alunos de mestrado e doutorado baseada no n\u00famero de bolsas do Programa. O orientador sempre precisa autorizar cada gasto, que \u00e9 controlado por meio dos formul\u00e1rios.\u00a0<\/p>\n<p>Alguns pontos importantes:\u00a0<\/p>\n<ul>\n<li>As solicita\u00e7\u00f5es devem ser feitas e a documenta\u00e7\u00e3o entregue\/enviada com anteced\u00eancia m\u00ednima de 3 dias do vencimento (para boletos e similares) e pagamentos em geral.<\/li>\n<li>As solicita\u00e7\u00f5es ser\u00e3o recebidas pelo Coordenador na Secretaria do PPGQ nos seguintes dias: segunda, quarta e sexta-feira d\u00e1s 11:00 \u00e0s 11:45 h.<\/li>\n<li>Todas as notas fiscais e documentos devem ser digitalizados e enviadas para: <a href=\"mailto:ppgq.coord@ufsm.br\">ppgq.coord@ufsm.br<\/a><\/li>\n<li>Documentos impressos com baixa qualidade (ex: boletos) n\u00e3o ser\u00e3o aceitos, pois poder\u00e3o apresentar problemas no momento do pagamento.<\/li>\n<li>Notas ou cupom fiscais devem estar nominal, com o nome &#8220;F\u00e1bio Andrei Duarte &#8211; CAPES&#8221; e com CPF 000.800.530-33.<\/li>\n<li>Como o gasto anual na compra de reagentes, vidraria, material de escrit\u00f3rio, atualiza\u00e7\u00e3o e suprimentos de inform\u00e1tica e passagens a\u00e9reas \u00e9 alto (cumulativo), <strong>sempre precisa ter tr\u00eas or\u00e7amentos destes itens.<\/strong><\/li>\n<li>Atualiza\u00e7\u00f5es e suprimentos de inform\u00e1tica e servi\u00e7o de reparo de equipamento devem incluir o n\u00famero de\u00a0patrim\u00f4nio\u00a0da UFSM no formul\u00e1rio.<\/li>\n<li>Qualquer solicita\u00e7\u00e3o que n\u00e3o contenha as informa\u00e7\u00f5es e documentos necess\u00e1rios, ser\u00e1 devolvida ao solicitante para ajustes\/complementa\u00e7\u00e3o.<\/li>\n<\/ul>\n<div>\n<p>Pagamento de material de consumo e servi\u00e7os de terceiros:<\/p>\n<ul>\n<li>Preencher o formul\u00e1rio de Controle de Gastos PROEX 2024 \u2013 Passagens e Servi\u00e7os ou o formul\u00e1rio de Controle de Gastos PROEX 2024 \u2013 Consumo (impresso)<\/li>\n<li>Enviar comprovante da despesa ou nota fiscal (impresso e digitalizado)<\/li>\n<li>Pesquisa de pre\u00e7os com 3 or\u00e7amentos (digitalizado)<\/li>\n<li>Entregar o boleto com a despesa (impresso e digitalizado)<\/li>\n<\/ul>\n<\/div>\n<p>Pagamento de passagens:<\/p>\n<ul>\n<li>Preencher o formul\u00e1rio de Controle de Gastos PROEX 2024 &#8211; Passagens e Servi\u00e7os (impresso)<\/li>\n<li>Enviar comprovante da despesa ou nota fiscal (impresso e digitalizado)<\/li>\n<li>Pesquisa de pre\u00e7os com 3 or\u00e7amentos (digitalizado)<\/li>\n<li>Enviar comprovante de viagem como cart\u00e3o de embarque, bilhetes, etc. (impresso e digitalizado)<\/li>\n<\/ul>\n<p>OBS: o envio do comprovante de viagem ap\u00f3s completar a viagem \u00e9 de responsabilidade do orientador solicitante, sob pena de arcar com eventual reembolso \u00e0 CAPES, caso o comprovante n\u00e3o seja entregue.<\/p>\n<p>Participa\u00e7\u00e3o em eventos pelos professores:<\/p>\n<ul>\n<li>Preencher o formul\u00e1rio Di\u00e1rias (impresso e digitalizado) e o formul\u00e1rio de Controle de Gastos PROEX 2024 &#8211; Di\u00e1rias (impresso)<\/li>\n<li>incluir comprovante de participa\u00e7\u00e3o (impresso e digitalizado)<\/li>\n<\/ul>\n<p>Participa\u00e7\u00e3o em eventos pelos alunos:<\/p>\n<ul>\n<li>Aviso: n\u00e3o \u00e9 permitido o pagamento de di\u00e1ria para estudantes<\/li>\n<li>Preencher o formul\u00e1rio de passagens e servi\u00e7os no valor da inscri\u00e7\u00e3o e hospedagem (impresso e digitalizado)<\/li>\n<li>Incluir comprovante de participa\u00e7\u00e3o (digitalizado)<\/li>\n<\/ul>\n<p>Obs.: As di\u00e1rias para membros de banca podem ser pedidas antecipadamente. Lembre para preencher a declara\u00e7\u00e3o no dia de defesa e entreg\u00e1-la \u00e0 Coordena\u00e7\u00e3o.<\/p>\n<!-- \/wp:tadv\/classic-paragraph -->\t\t\t\t\t\t<\/div>\n\t\t\t\t<\/div>\n\t\t\t\t\t<\/div>\n\t\t<\/div>\n\t\t\t\t\t<\/div>\n\t\t<\/section>\n\t\t\t\t<\/div>\n\t\t","protected":false},"excerpt":{"rendered":"<p>Informa\u00e7\u00f5es e Formul\u00e1rios\u00a0 Leia bem as informa\u00e7\u00f5es e preencham os formul\u00e1rios completamente. O recurso do PROEX est\u00e1 dispon\u00edvel para os orientadores dos alunos de mestrado e doutorado baseada no n\u00famero de bolsas do Programa. O orientador sempre precisa autorizar cada gasto, que \u00e9 controlado por meio dos formul\u00e1rios.\u00a0 Alguns pontos importantes:\u00a0 As solicita\u00e7\u00f5es devem ser [&hellip;]<\/p>\n","protected":false},"author":115,"featured_media":0,"parent":0,"menu_order":0,"comment_status":"closed","ping_status":"closed","template":"","meta":{"footnotes":""},"categories":[],"tags":[],"class_list":["post-234","page","type-page","status-publish","hentry"],"acf":[],"_links":{"self":[{"href":"https:\/\/www.ufsm.br\/cursos\/pos-graduacao\/santa-maria\/ppgq\/wp-json\/wp\/v2\/pages\/234","targetHints":{"allow":["GET"]}}],"collection":[{"href":"https:\/\/www.ufsm.br\/cursos\/pos-graduacao\/santa-maria\/ppgq\/wp-json\/wp\/v2\/pages"}],"about":[{"href":"https:\/\/www.ufsm.br\/cursos\/pos-graduacao\/santa-maria\/ppgq\/wp-json\/wp\/v2\/types\/page"}],"author":[{"embeddable":true,"href":"https:\/\/www.ufsm.br\/cursos\/pos-graduacao\/santa-maria\/ppgq\/wp-json\/wp\/v2\/users\/115"}],"replies":[{"embeddable":true,"href":"https:\/\/www.ufsm.br\/cursos\/pos-graduacao\/santa-maria\/ppgq\/wp-json\/wp\/v2\/comments?post=234"}],"version-history":[{"count":0,"href":"https:\/\/www.ufsm.br\/cursos\/pos-graduacao\/santa-maria\/ppgq\/wp-json\/wp\/v2\/pages\/234\/revisions"}],"wp:attachment":[{"href":"https:\/\/www.ufsm.br\/cursos\/pos-graduacao\/santa-maria\/ppgq\/wp-json\/wp\/v2\/media?parent=234"}],"wp:term":[{"taxonomy":"category","embeddable":true,"href":"https:\/\/www.ufsm.br\/cursos\/pos-graduacao\/santa-maria\/ppgq\/wp-json\/wp\/v2\/categories?post=234"},{"taxonomy":"post_tag","embeddable":true,"href":"https:\/\/www.ufsm.br\/cursos\/pos-graduacao\/santa-maria\/ppgq\/wp-json\/wp\/v2\/tags?post=234"}],"curies":[{"name":"wp","href":"https:\/\/api.w.org\/{rel}","templated":true}]}}