{"id":370,"date":"2019-01-17T09:07:23","date_gmt":"2019-01-17T11:07:23","guid":{"rendered":"https:\/\/www.ufsm.br\/cursos\/pos-graduacao\/santa-maria\/ppgq\/?page_id=370"},"modified":"2019-01-17T09:07:25","modified_gmt":"2019-01-17T11:07:25","slug":"resultado-da-selecao-mestrado-realizada-em-26-11-2018","status":"publish","type":"page","link":"https:\/\/www.ufsm.br\/cursos\/pos-graduacao\/santa-maria\/ppgq\/resultado-da-selecao-mestrado-realizada-em-26-11-2018","title":{"rendered":"RESULTADO DA SELE\u00c7\u00c3O MESTRADO REALIZADA EM 26\/11\/2018"},"content":{"rendered":"\n<p><strong>QU\u00cdMICA ANAL\u00cdTICA<\/strong><\/p>\n<p>\u00a0<\/p>\n<p><strong>Aprovados<\/strong><\/p>\n<table width=\"529\">\n<tbody>\n<tr>\n<td width=\"327\">\n<p><strong>Candidato<\/strong><\/p>\n<\/td>\n<td width=\"97\">\n<p><strong>Nota<\/strong><\/p>\n<\/td>\n<td width=\"105\">\n<p><strong>Classifica\u00e7\u00e3o<\/strong><\/p>\n<\/td>\n<\/tr>\n<tr>\n<td width=\"327\">\n<p>ANA CAROLINE VEDOVATO RUBIN<\/p>\n<\/td>\n<td width=\"97\">\n<p><strong>5,92<\/strong><\/p>\n<\/td>\n<td width=\"105\">\n<p>1\u00ba lugar<\/p>\n<\/td>\n<\/tr>\n<tr>\n<td width=\"327\">\n<p>IAGO GON\u00c7ALVES PEREIRA<\/p>\n<\/td>\n<td width=\"97\">\n<p><strong>5,88<\/strong><\/p>\n<\/td>\n<td width=\"105\">\n<p>2\u00ba lugar<\/p>\n<\/td>\n<\/tr>\n<tr>\n<td width=\"327\">\n<p>GUSTAVO ROSSATO BITENCOURT<\/p>\n<\/td>\n<td width=\"97\">\n<p><strong>5,55<\/strong><\/p>\n<\/td>\n<td width=\"105\">\n<p>3\u00ba lugar<\/p>\n<\/td>\n<\/tr>\n<tr>\n<td width=\"327\">\n<p>RAFAELA FONTOURA NUNES<\/p>\n<\/td>\n<td width=\"97\">\n<p><strong>5,46<\/strong><\/p>\n<\/td>\n<td width=\"105\">\n<p>4\u00ba lugar<\/p>\n<\/td>\n<\/tr>\n<tr>\n<td width=\"327\">\n<p>CRISTIAN RAFAEL ANDRIOLLI<\/p>\n<\/td>\n<td width=\"97\">\n<p><strong>5,03<\/strong><\/p>\n<\/td>\n<td width=\"105\">\n<p>5\u00ba lugar<\/p>\n<\/td>\n<\/tr>\n<\/tbody>\n<\/table>\n<p>\u00a0<\/p>\n<p><strong>Suplentes<\/strong><\/p>\n<p>Nenhum candidato ficou como suplente, pois sobraram vagas nesta \u00e1rea para este n\u00edvel.<\/p>\n<p>\u00a0<\/p>\n<p><strong>Demais candidatos n\u00e3o classificados<\/strong><\/p>\n<p><strong>\u00a0<\/strong><\/p>\n<table width=\"426\">\n<tbody>\n<tr>\n<td width=\"339\">\n<p><strong>Candidato<\/strong><\/p>\n<\/td>\n<td width=\"88\">\n<p><strong>Nota<\/strong><\/p>\n<\/td>\n<\/tr>\n<tr>\n<td width=\"339\">\n<p>B\u00c1RBARA DIANA J\u00c4NISCH<\/p>\n<\/td>\n<td width=\"88\">\n<p>3,12<\/p>\n<\/td>\n<\/tr>\n<tr>\n<td width=\"339\">\n<p>PETRONIO SILVA ZINN<\/p>\n<\/td>\n<td width=\"88\">\n<p>2,66<\/p>\n<\/td>\n<\/tr>\n<tr>\n<td width=\"339\">\n<p>CHARLIE GUIMAR\u00c3ES GOMES<\/p>\n<\/td>\n<td width=\"88\">\n<p>2,36<\/p>\n<\/td>\n<\/tr>\n<tr>\n<td width=\"339\">\n<p>LEANDRO DE OLIVEIRA SILVA<\/p>\n<\/td>\n<td width=\"88\">\n<p>2,21<\/p>\n<\/td>\n<\/tr>\n<tr>\n<td width=\"339\">\n<p>EDMAR BRENNER NETO<\/p>\n<\/td>\n<td width=\"88\">\n<p>1,95<\/p>\n<\/td>\n<\/tr>\n<tr>\n<td width=\"339\">\n<p>TAYN\u00c1 VERONICA VARGAS DE G\u00d3ES<\/p>\n<\/td>\n<td width=\"88\">\n<p>1,82<\/p>\n<\/td>\n<\/tr>\n<tr>\n<td width=\"339\">\n<p>AUGUSTO BERGAMO ARLANCH<\/p>\n<\/td>\n<td width=\"88\">\n<p>1,8<\/p>\n<\/td>\n<\/tr>\n<tr>\n<td width=\"339\">\n<p>MILENE FRACASSO GALVAGNI<\/p>\n<\/td>\n<td width=\"88\">\n<p>1,61<\/p>\n<\/td>\n<\/tr>\n<tr>\n<td width=\"339\">\n<p>DINARA DA SILVA RODRIGUES<\/p>\n<\/td>\n<td width=\"88\">\n<p>1,53<\/p>\n<\/td>\n<\/tr>\n<tr>\n<td width=\"339\">\n<p>NA\u00cdNA SEOLIN<\/p>\n<\/td>\n<td width=\"88\">\n<p>1,3<\/p>\n<\/td>\n<\/tr>\n<tr>\n<td width=\"339\">\n<p>PRISCILA DOTTO ROSA BALBINOT<\/p>\n<\/td>\n<td width=\"88\">\n<p>0,83<\/p>\n<\/td>\n<\/tr>\n<tr>\n<td width=\"339\">\n<p>THAIS DOS SANTOS BER\u00d3N<\/p>\n<\/td>\n<td width=\"88\">\n<p>0,6<\/p>\n<\/td>\n<\/tr>\n<tr>\n<td width=\"339\">\n<p>ANGELITA SILVA MACHADO<\/p>\n<\/td>\n<td width=\"88\">\n<p>0<\/p>\n<\/td>\n<\/tr>\n<tr>\n<td width=\"339\">\n<p>CLEUSA FATIMA ZANCHIN<\/p>\n<\/td>\n<td width=\"88\">\n<p>NC<\/p>\n<\/td>\n<\/tr>\n<tr>\n<td width=\"339\">\n<p>\u00c9VERTON FERNANDES MACHADO<\/p>\n<\/td>\n<td width=\"88\">\n<p>NC<\/p>\n<\/td>\n<\/tr>\n<tr>\n<td width=\"339\">\n<p>JULIA FIGUEIRA FONTOURA<\/p>\n<\/td>\n<td width=\"88\">\n<p>NC<\/p>\n<\/td>\n<\/tr>\n<tr>\n<td width=\"339\">\n<p>J\u00daLIA PAULA NEU<\/p>\n<\/td>\n<td width=\"88\">\n<p>NC<\/p>\n<\/td>\n<\/tr>\n<tr>\n<td width=\"339\">\n<p>LET\u00cdCIA RECH DA SILVEIRA<\/p>\n<\/td>\n<td width=\"88\">\n<p>NC<\/p>\n<\/td>\n<\/tr>\n<tr>\n<td width=\"339\">\n<p>L\u00cdLIAN CRISTIANE M\u00dcLLER BERBAUM<\/p>\n<\/td>\n<td width=\"88\">\n<p>NC<\/p>\n<\/td>\n<\/tr>\n<tr>\n<td width=\"339\">\n<p>MAICON RODRIGO BURKHARDT PARAGINSKI<\/p>\n<\/td>\n<td width=\"88\">\n<p>NC<\/p>\n<\/td>\n<\/tr>\n<tr>\n<td width=\"339\">\n<p>TALES AFONSO BAUER PORTO<\/p>\n<\/td>\n<td width=\"88\">\n<p>NC<\/p>\n<\/td>\n<\/tr>\n<\/tbody>\n<\/table>\n<p><strong>\u00a0<\/strong><\/p>\n<p><strong>\u00a0<\/strong><\/p>\n<p><strong>\u00a0<\/strong><\/p>\n<p><strong>QU\u00cdMICA ORG\u00c2NICA<\/strong><\/p>\n<p>\u00a0<\/p>\n<p><strong>Aprovados<\/strong><\/p>\n<table width=\"529\">\n<tbody>\n<tr>\n<td width=\"327\">\n<p><strong>Candidato<\/strong><\/p>\n<\/td>\n<td width=\"97\">\n<p><strong>Nota<\/strong><\/p>\n<\/td>\n<td width=\"105\">\n<p><strong>Classifica\u00e7\u00e3o<\/strong><\/p>\n<\/td>\n<\/tr>\n<tr>\n<td width=\"327\">\n<p>LEANDRO CAJUELA LOPES<\/p>\n<\/td>\n<td width=\"97\">\n<p><strong>9,04<\/strong><\/p>\n<\/td>\n<td width=\"105\">\n<p>1\u00ba lugar<\/p>\n<\/td>\n<\/tr>\n<tr>\n<td width=\"327\">\n<p>MARCELO WENDT<\/p>\n<\/td>\n<td width=\"97\">\n<p><strong>6,20<\/strong><\/p>\n<\/td>\n<td width=\"105\">\n<p>2\u00ba lugar<\/p>\n<\/td>\n<\/tr>\n<tr>\n<td width=\"327\">\n<p>ANG\u00c9LICA RIBEIRO CLAUS<\/p>\n<\/td>\n<td width=\"97\">\n<p><strong>5,62<\/strong><\/p>\n<\/td>\n<td width=\"105\">\n<p>3\u00ba lugar<\/p>\n<\/td>\n<\/tr>\n<tr>\n<td width=\"327\">\n<p>GABRIEL DA COSTA SANTOS<\/p>\n<\/td>\n<td width=\"97\">\n<p><strong>5,00<\/strong><\/p>\n<\/td>\n<td width=\"105\">\n<p>4\u00ba lugar<\/p>\n<\/td>\n<\/tr>\n<\/tbody>\n<\/table>\n<p>\u00a0<\/p>\n<p>\u00a0<\/p>\n<p><strong>Suplentes<\/strong><\/p>\n<p>Nenhum candidato ficou como suplente, pois sobraram vagas nesta \u00e1rea para este n\u00edvel.<\/p>\n<p>\u00a0<\/p>\n<p><strong>Demais candidatos n\u00e3o classificados<\/strong><\/p>\n<p><strong>\u00a0<\/strong><\/p>\n<table width=\"447\">\n<tbody>\n<tr>\n<td width=\"339\">\n<p><strong>Candidato<\/strong><\/p>\n<\/td>\n<td width=\"108\">\n<p><strong>Nota<\/strong><\/p>\n<\/td>\n<\/tr>\n<tr>\n<td width=\"339\">\n<p>GEAN ANDRES DOS SANTOS DICKEL<\/p>\n<\/td>\n<td width=\"108\">\n<p>2,27<\/p>\n<\/td>\n<\/tr>\n<tr>\n<td width=\"339\">\n<p>J\u00c9SSICA LUIZA RUTSATZ<\/p>\n<\/td>\n<td width=\"108\">\n<p>1,98<\/p>\n<\/td>\n<\/tr>\n<tr>\n<td width=\"339\">\n<p>ANNE CAROLINE PINHEIRO DE FREITAS<\/p>\n<\/td>\n<td width=\"108\">\n<p>1,86<\/p>\n<\/td>\n<\/tr>\n<tr>\n<td width=\"339\">\n<p>BRUCY FRAGA LEONARDO<\/p>\n<\/td>\n<td width=\"108\">\n<p>1,75<\/p>\n<\/td>\n<\/tr>\n<tr>\n<td width=\"339\">\n<p>JULIANE NASCIMENTO ARAUJO<\/p>\n<\/td>\n<td width=\"108\">\n<p>1,14<\/p>\n<\/td>\n<\/tr>\n<tr>\n<td width=\"339\">\n<p>F\u00c1BIO PINHEIRO SOARES<\/p>\n<\/td>\n<td width=\"108\">\n<p>0<\/p>\n<\/td>\n<\/tr>\n<tr>\n<td width=\"339\">\n<p>LAURO CEZAR SANTOS ALVES<\/p>\n<\/td>\n<td width=\"108\">\n<p>NC<\/p>\n<\/td>\n<\/tr>\n<\/tbody>\n<\/table>\n<p><strong>\u00a0<\/strong><\/p>\n<p><strong>\u00a0<\/strong><\/p>\n<p>\u00a0<\/p>\n<p><strong>QU\u00cdMICA INORG\u00c2NICA<\/strong><\/p>\n<p>\u00a0<\/p>\n<p><strong>Aprovados<\/strong><\/p>\n<table width=\"529\">\n<tbody>\n<tr>\n<td width=\"327\">\n<p><strong>Candidato<\/strong><\/p>\n<\/td>\n<td width=\"97\">\n<p><strong>Nota<\/strong><\/p>\n<\/td>\n<td width=\"105\">\n<p><strong>Classifica\u00e7\u00e3o<\/strong><\/p>\n<\/td>\n<\/tr>\n<tr>\n<td width=\"327\">\n<p>GIOVANNY FERRO RAZERA<\/p>\n<\/td>\n<td width=\"97\">\n<p><strong>9,18<\/strong><\/p>\n<\/td>\n<td width=\"105\">\n<p>1\u00ba lugar<\/p>\n<\/td>\n<\/tr>\n<tr>\n<td width=\"327\">\n<p>RODRIGO CERVO<\/p>\n<\/td>\n<td width=\"97\">\n<p><strong>8,57<\/strong><\/p>\n<\/td>\n<td width=\"105\">\n<p>2\u00ba lugar<\/p>\n<\/td>\n<\/tr>\n<tr>\n<td width=\"327\">\n<p>C\u00c2NDIDA AL\u00cdSSIA BRANDL<\/p>\n<\/td>\n<td width=\"97\">\n<p><strong>5,58<\/strong><\/p>\n<\/td>\n<td width=\"105\">\n<p>3\u00ba lugar<\/p>\n<\/td>\n<\/tr>\n<\/tbody>\n<\/table>\n<p>\u00a0<\/p>\n<p>\u00a0<\/p>\n<p><strong>Suplentes<\/strong><\/p>\n<p>Nenhum candidato ficou como suplente, pois sobraram vagas nesta \u00e1rea para este n\u00edvel.<\/p>\n<p>\u00a0<\/p>\n<p><strong>Demais candidatos n\u00e3o classificados<\/strong><\/p>\n<p><strong>\u00a0<\/strong><\/p>\n<table width=\"447\">\n<tbody>\n<tr>\n<td width=\"339\">\n<p><strong>Candidato<\/strong><\/p>\n<\/td>\n<td width=\"108\">\n<p><strong>Nota<\/strong><\/p>\n<\/td>\n<\/tr>\n<tr>\n<td width=\"339\">\n<p>GILVANA FILLIPIN DOS SANTOS<\/p>\n<\/td>\n<td width=\"108\">\n<p>2,79<\/p>\n<\/td>\n<\/tr>\n<tr>\n<td width=\"339\">\n<p>MARINARA ANDREOLA<\/p>\n<\/td>\n<td width=\"108\">\n<p>1,39<\/p>\n<\/td>\n<\/tr>\n<tr>\n<td width=\"339\">\n<p>CAIO HENRIQUE THOMAZ<\/p>\n<\/td>\n<td width=\"108\">\n<p>0,33<\/p>\n<\/td>\n<\/tr>\n<\/tbody>\n<\/table>\n<p>\u00a0<\/p>\n<p>\u00a0<\/p>\n<p><strong>F\u00cdSICO-QU\u00cdMICA<\/strong><\/p>\n<p>\u00a0<\/p>\n<p><strong>Aprovados<\/strong><\/p>\n<table width=\"529\">\n<tbody>\n<tr>\n<td width=\"327\">\n<p><strong>Candidato<\/strong><\/p>\n<\/td>\n<td width=\"97\">\n<p><strong>Nota<\/strong><\/p>\n<\/td>\n<td width=\"105\">\n<p><strong>Classifica\u00e7\u00e3o<\/strong><\/p>\n<\/td>\n<\/tr>\n<tr>\n<td width=\"327\">\n<p>KELLY SCHNEIDER MOREIRA<\/p>\n<\/td>\n<td width=\"97\">\n<p><strong>8,01<\/strong><\/p>\n<\/td>\n<td width=\"105\">\n<p>1\u00ba lugar<\/p>\n<\/td>\n<\/tr>\n<tr>\n<td width=\"327\">\n<p>LIA MALLMANN MATTIAZZI<\/p>\n<\/td>\n<td width=\"97\">\n<p><strong>6,37<\/strong><\/p>\n<\/td>\n<td width=\"105\">\n<p>2\u00ba lugar<\/p>\n<\/td>\n<\/tr>\n<tr>\n<td width=\"327\">\n<p>CAROLINE MACHADO SEBEM DA SILVA<\/p>\n<\/td>\n<td width=\"97\">\n<p><strong>5,67<\/strong><\/p>\n<\/td>\n<td width=\"105\">\n<p>3\u00ba lugar<\/p>\n<\/td>\n<\/tr>\n<\/tbody>\n<\/table>\n<p>\u00a0<\/p>\n<p>\u00a0<\/p>\n<p><strong>Suplentes<\/strong><\/p>\n<p>Nenhum candidato ficou como suplente, pois sobraram vagas nesta \u00e1rea para este n\u00edvel.<\/p>\n<p>\u00a0<\/p>\n<p><strong>Demais candidatos n\u00e3o classificados<\/strong><\/p>\n<p><strong>\u00a0<\/strong><\/p>\n<table width=\"424\">\n<tbody>\n<tr>\n<td width=\"327\">\n<p><strong>Candidato<\/strong><\/p>\n<\/td>\n<td width=\"97\">\n<p><strong>Nota<\/strong><\/p>\n<\/td>\n<\/tr>\n<tr>\n<td width=\"327\">\n<p>LUCILENE ALINE DA ROSA<\/p>\n<\/td>\n<td width=\"97\">\n<p>1,3<\/p>\n<\/td>\n<\/tr>\n<tr>\n<td width=\"327\">\n<p>PAULO VITOR CARDOSO FIGUEIREDO<\/p>\n<\/td>\n<td width=\"97\">\n<p>1,2<\/p>\n<\/td>\n<\/tr>\n<tr>\n<td width=\"327\">\n<p>ANTHONI LOPES FERRARI<\/p>\n<\/td>\n<td width=\"97\">\n<p>NC<\/p>\n<\/td>\n<\/tr>\n<\/tbody>\n<\/table>\n<p>\u00a0<\/p>\n<p>\u00a0<\/p>\n<p>\u00a0<\/p>\n<p><strong><em>Confirma\u00e7\u00e3o da vaga<\/em><\/strong><\/p>\n<p>De acordo com o EDITAL N\u00ba EDITAL N\u00ba 027, DE 28 DE SETEMBRO DE 2018:<\/p>\n<p>\u00a0<\/p>\n<p>Confirma\u00e7\u00e3o da Vaga: proceder conforme item 3, p\u00e1gina 4<\/p>\n<ol start=\"3\">\n<li><strong>PARA SOLICITA\u00c7\u00c3O DE CONFIRMA\u00c7\u00c3O DA VAGA, ENTREGA OU POSTAGEM DA DOCUMENTA\u00c7\u00c3O DOS CANDIDATOS CLASSIFICADOS<\/strong><\/li>\n<\/ol>\n<p>\u00a0<\/p>\n<p>Solicita\u00e7\u00e3o de Matr\u00edcula: proceder conforme item, p\u00e1gina 5<\/p>\n<ol start=\"4\">\n<li><strong>PER\u00cdODO DE SOLICITA\u00c7\u00c3O DE MATR\u00cdCULA NO PORTAL DO ALUNO<\/strong><\/li>\n<\/ol>\n<p>\u00a0<\/p>\n<p>\u00c9 responsabilidade do aluno conferir no Portal do Aluno, ap\u00f3s o processamento pelo CPD, se as solicita\u00e7\u00f5es foram aceitas pelo sistema.<\/p>\n<p>\u00a0<\/p>\n<p><strong>Informa\u00e7\u00f5es Adicionais Mestrado<\/strong><\/p>\n<p><strong>C\u00f3digo do Curso: 970<\/strong><\/p>\n<p>\u00a0<\/p>\n<p>Durante o mestrado o aluno dever\u00e1 cursar no m\u00ednimo 18 (dezoito) cr\u00e9ditos, dos quais 12 (doze) correspondentes a disciplinas obrigat\u00f3rias (no m\u00ednimo, 03 cr\u00e9ditos em outra \u00e1rea de concentra\u00e7\u00e3o), 04 (quatro) a disciplinas eletivas e 02 (dois) a disciplina de Semin\u00e1rios I. A rela\u00e7\u00e3o das disciplinas do Programa est\u00e3o dispon\u00edveis em ufsm.br\/ppgq &#8211; Disciplinas &#8211; Disciplinas(2017 e depois).<\/p>\n<p>\u00a0<\/p>\n<p>No semestre que o aluno n\u00e3o tiver nenhuma disciplina do curr\u00edculo para cursar dever\u00e1 se matricular em EDT 00N \u2013 Elabora\u00e7\u00e3o Disserta\u00e7\u00e3o\/Tese para manter o v\u00ednculo com a UFSM.<\/p>\n<p>O aluno dever\u00e1, primeiramente, assistir a disciplina QMC 966 \u2013 Semin\u00e1rios I, com presen\u00e7a m\u00ednima de 75% sem solicitar matr\u00edcula desta disciplina no Portal do Aluno. A seguir, em qualquer semestre posterior, o aluno far\u00e1 a matr\u00edcula na disciplina e apresentar\u00e1 o seu semin\u00e1rio.<\/p>\n<p>\u00a0<\/p>\n<p>O atendimento aos alunos na Secretaria do PPGQu\u00edmica (esclarecimento de d\u00favidas, pedidos de declara\u00e7\u00f5es, atestados, etc &#8230;) \u00e9 realizado somente no turno da manh\u00e3.<\/p>\n<p>\u00a0<\/p>\n<p>A ficha Identifica\u00e7\u00e3o do Aluno (com\u00a0<strong>ou sem*<\/strong>\u00a0a assinatura do Orientador) dever\u00e1 ser preenchida e entregue na Coordena\u00e7\u00e3o, impreterivelmente, at\u00e9 o dia 22\/02\/2019.\u00a0 Esta ficha, em Word (sem a assinatura do Orientador), tamb\u00e9m dever\u00e1 ser enviada por e-mail para o endere\u00e7o\u00a0<a href=\"mailto:ademir.s.sartori@ufsm.br\">ademir.s.sartori@ufsm.br<\/a>\u00a0at\u00e9 o dia 22\/02\/2019 e encontra-se dispon\u00edvel para download em\u00a0<a href=\"http:\/\/www.ufsm.br\/ppgq\">www.ufsm.br\/ppgq<\/a>\u00a0no \u00edcone Alunos &#8211; Formul\u00e1rios.<\/p>\n<p>* Obs.: O aluno que entregar a ficha de Identifica\u00e7\u00e3o sem constar o nome e assinatura do(a) Orientador(a) n\u00e3o concorrer\u00e1 a bolsa.<\/p>\n<p>\u00a0<\/p>\n<p>Plano de estudos. No in\u00edcio do 1\u00ba semestre (at\u00e9 25\/03\/2019) os alunos dever\u00e3o acessar o Portal do Aluno abrir o plano de estudos, preencher e tramit\u00e1-lo para seu orientador.<\/p>\n<p>Os alunos somente poder\u00e3o realizar suas matr\u00edculas no semestre seguinte se tiverem preenchidos e aprovados seus planos de estudos on-line. Tutorial dispon\u00edvel em\u00a0<a href=\"http:\/\/www.ufsm.br\/pppg\">www.ufsm.br\/pppg<\/a>\u00a0 &#8211; Alunos &#8211; Formul\u00e1rios.<\/p>\n<p>\u00a0<\/p>\n<p>No decorrer do Curso, de acordo com a Resolu\u00e7\u00e3o 003\/10 *, o aluno de Mestrado da UFSM dever\u00e1 realizar o Teste de Sufici\u00eancia em L\u00edngua Inglesa. Para tanto o aluno dever\u00e1 fazer sua inscri\u00e7\u00e3o via web (<a href=\"http:\/\/www.ufsm.br\/\">www.ufsm.br<\/a>). O per\u00edodo para inscri\u00e7\u00e3o no 1\u00ba semestre 2019, de acordo com o Calend\u00e1rio Acad\u00eamico da UFSM, ser\u00e1 de &#8211; ainda n\u00e3o definido &#8211; ver Calend\u00e1rio Acad\u00eamico 2019. O teste ser\u00e1 no dia &#8211; ainda n\u00e3o definido &#8211; ver Calend\u00e1rio Acad\u00eamico 2019.<\/p>\n<p>* I \u2013 Os alunos brasileiros e estrangeiros oriundos de pa\u00edses de l\u00edngua portuguesa poder\u00e3o escolher entre as l\u00ednguas estrangeiras oferecidas a cada edi\u00e7\u00e3o do teste. (Para o PPGQ, de acordo com o Regulamento, os alunos devem obrigatoriamente se inscrever em l\u00edngua inglesa).<\/p>\n<p>II \u2013 Os demais alunos estrangeiros dever\u00e3o submeter-se ao teste em l\u00edngua portuguesa.<\/p>\n<p>O regulamento do PPGQ encontra-se dispon\u00edvel no site\u00a0<a href=\"http:\/\/www.ufsm.br\/ppgq\">www.ufsm.br\/ppgq<\/a>\u00a0em O Programa<\/p>\n<p>\u00a0<\/p>\n<p>O calend\u00e1rio estudantil 2019 estar\u00e1 dispon\u00edvel nos site\u00a0<a href=\"http:\/\/www.ufsm.br\/\">www.ufsm.br<\/a>\u00a0(no Portal do Aluno) e\u00a0<a href=\"http:\/\/www.ufsm.br\/ppgq\">www.ufsm.br\/ppgq<\/a>.<\/p>\n<p>\u00a0<\/p>\n<p>* Eventuais mudan\u00e7as de datas (se houver) ser\u00e3o disponibilizadas no site da UFSM (www.ufsm.br) em Alunos &#8211; calend\u00e1rio letivo<\/p>\n","protected":false},"excerpt":{"rendered":"<p>QU\u00cdMICA ANAL\u00cdTICA \u00a0 Aprovados Candidato Nota Classifica\u00e7\u00e3o ANA CAROLINE VEDOVATO RUBIN 5,92 1\u00ba lugar IAGO GON\u00c7ALVES PEREIRA 5,88 2\u00ba lugar GUSTAVO ROSSATO BITENCOURT 5,55 3\u00ba lugar RAFAELA FONTOURA NUNES 5,46 4\u00ba lugar CRISTIAN RAFAEL ANDRIOLLI 5,03 5\u00ba lugar \u00a0 Suplentes Nenhum candidato ficou como suplente, pois sobraram vagas nesta \u00e1rea para este n\u00edvel. \u00a0 Demais [&hellip;]<\/p>\n","protected":false},"author":115,"featured_media":0,"parent":0,"menu_order":0,"comment_status":"closed","ping_status":"closed","template":"","meta":{"footnotes":""},"categories":[],"tags":[],"class_list":["post-370","page","type-page","status-publish","hentry"],"acf":[],"_links":{"self":[{"href":"https:\/\/www.ufsm.br\/cursos\/pos-graduacao\/santa-maria\/ppgq\/wp-json\/wp\/v2\/pages\/370","targetHints":{"allow":["GET"]}}],"collection":[{"href":"https:\/\/www.ufsm.br\/cursos\/pos-graduacao\/santa-maria\/ppgq\/wp-json\/wp\/v2\/pages"}],"about":[{"href":"https:\/\/www.ufsm.br\/cursos\/pos-graduacao\/santa-maria\/ppgq\/wp-json\/wp\/v2\/types\/page"}],"author":[{"embeddable":true,"href":"https:\/\/www.ufsm.br\/cursos\/pos-graduacao\/santa-maria\/ppgq\/wp-json\/wp\/v2\/users\/115"}],"replies":[{"embeddable":true,"href":"https:\/\/www.ufsm.br\/cursos\/pos-graduacao\/santa-maria\/ppgq\/wp-json\/wp\/v2\/comments?post=370"}],"version-history":[{"count":0,"href":"https:\/\/www.ufsm.br\/cursos\/pos-graduacao\/santa-maria\/ppgq\/wp-json\/wp\/v2\/pages\/370\/revisions"}],"wp:attachment":[{"href":"https:\/\/www.ufsm.br\/cursos\/pos-graduacao\/santa-maria\/ppgq\/wp-json\/wp\/v2\/media?parent=370"}],"wp:term":[{"taxonomy":"category","embeddable":true,"href":"https:\/\/www.ufsm.br\/cursos\/pos-graduacao\/santa-maria\/ppgq\/wp-json\/wp\/v2\/categories?post=370"},{"taxonomy":"post_tag","embeddable":true,"href":"https:\/\/www.ufsm.br\/cursos\/pos-graduacao\/santa-maria\/ppgq\/wp-json\/wp\/v2\/tags?post=370"}],"curies":[{"name":"wp","href":"https:\/\/api.w.org\/{rel}","templated":true}]}}