{"id":389,"date":"2019-01-17T09:42:59","date_gmt":"2019-01-17T11:42:59","guid":{"rendered":"https:\/\/www.ufsm.br\/cursos\/pos-graduacao\/santa-maria\/ppgq\/?page_id=389"},"modified":"2019-01-17T09:43:02","modified_gmt":"2019-01-17T11:43:02","slug":"aprovados-doutorado-selecao-realizada-em-23-06-2014","status":"publish","type":"page","link":"https:\/\/www.ufsm.br\/cursos\/pos-graduacao\/santa-maria\/ppgq\/aprovados-doutorado-selecao-realizada-em-23-06-2014","title":{"rendered":"Aprovados doutorado sele\u00e7\u00e3o realizada em 23\/06\/2014"},"content":{"rendered":"\n<h1>\u00c1REA DE QU\u00cdMICA ANAL\u00cdTICA<\/h1>\n<div align=\"center\">\n<table border=\"1\" width=\"102%\" cellpadding=\"0\">\n<thead>\n<tr>\n<td width=\"44%\">\n<p>Nome Completo<\/p>\n<\/td>\n<td width=\"17%\">\n<p align=\"center\">N\u00b0 de Inscri\u00e7\u00e3o<\/p>\n<\/td>\n<td valign=\"top\" width=\"14%\">\n<p align=\"center\">Nota<\/p>\n<\/td>\n<td width=\"21%\">\n<p align=\"center\">Situa\u00e7\u00e3o<\/p>\n<\/td>\n<\/tr>\n<\/thead>\n<tbody>\n<tr>\n<td valign=\"top\" width=\"44%\">\n<p>FRANCISCO CUNHA DA ROSA<\/p>\n<\/td>\n<td valign=\"top\" width=\"17%\">\n<p align=\"center\">4898<\/p>\n<\/td>\n<td valign=\"top\" width=\"14%\">\n<p align=\"center\">8,55<\/p>\n<\/td>\n<td valign=\"top\" width=\"21%\">\n<p align=\"center\">Aprovado<\/p>\n<\/td>\n<\/tr>\n<tr>\n<td valign=\"top\" width=\"44%\">\n<p>JANICE ZULMA FRANCESQUETT<\/p>\n<\/td>\n<td valign=\"top\" width=\"17%\">\n<p align=\"center\">5361<\/p>\n<\/td>\n<td valign=\"top\" width=\"14%\">\n<p align=\"center\">7,03<\/p>\n<\/td>\n<td valign=\"top\" width=\"21%\">\n<p align=\"center\">Aprovado<\/p>\n<\/td>\n<\/tr>\n<\/tbody>\n<\/table>\n<\/div>\n<h1>\u00c1REA DE QU\u00cdMICA ORG\u00c2NICA<\/h1>\n<table border=\"1\" width=\"102%\" cellpadding=\"0\">\n<thead>\n<tr>\n<td width=\"47%\">\n<p>Nome Completo<\/p>\n<\/td>\n<td width=\"17%\">\n<p>N\u00b0 de Inscri\u00e7\u00e3o<\/p>\n<\/td>\n<td valign=\"top\" width=\"15%\">\n<p>Nota<\/p>\n<\/td>\n<td width=\"17%\">\n<p>Situa\u00e7\u00e3o<\/p>\n<\/td>\n<\/tr>\n<\/thead>\n<tbody>\n<tr>\n<td valign=\"top\" width=\"47%\">\n<p>GABRIELE DO CARMO<\/p>\n<\/td>\n<td valign=\"top\" width=\"17%\">\n<p>6105<\/p>\n<\/td>\n<td valign=\"top\" width=\"15%\">\n<p>7,0<\/p>\n<\/td>\n<td valign=\"top\" width=\"17%\">\n<p>Aprovada<\/p>\n<\/td>\n<\/tr>\n<tr>\n<td valign=\"top\" width=\"47%\">\n<p>KELI MAIARA WUST<\/p>\n<\/td>\n<td valign=\"top\" width=\"17%\">\n<p>5792<\/p>\n<\/td>\n<td valign=\"top\" width=\"15%\">\n<p>9,1<\/p>\n<\/td>\n<td valign=\"top\" width=\"17%\">\n<p>Aprovada<\/p>\n<\/td>\n<\/tr>\n<tr>\n<td valign=\"top\" width=\"47%\">\n<p>MARIELE BORKOWSKI RODRIGUES<\/p>\n<\/td>\n<td valign=\"top\" width=\"17%\">\n<p>5754<\/p>\n<\/td>\n<td valign=\"top\" width=\"15%\">\n<p>8,7<\/p>\n<\/td>\n<td valign=\"top\" width=\"17%\">\n<p>Aprovada<\/p>\n<\/td>\n<\/tr>\n<tr>\n<td valign=\"top\" width=\"47%\">\n<p>PAULO ROBERTO DOS SANTOS SALBEGO<\/p>\n<\/td>\n<td valign=\"top\" width=\"17%\">\n<p>6412<\/p>\n<\/td>\n<td valign=\"top\" width=\"15%\">\n<p>7,4<\/p>\n<\/td>\n<td valign=\"top\" width=\"17%\">\n<p>Aprovado<\/p>\n<\/td>\n<\/tr>\n<tr>\n<td valign=\"top\" width=\"47%\">\n<p>RAFAEL SANTOS DA SILVA<\/p>\n<\/td>\n<td valign=\"top\" width=\"17%\">\n<p>6300<\/p>\n<\/td>\n<td valign=\"top\" width=\"15%\">\n<p>9,2<\/p>\n<\/td>\n<td valign=\"top\" width=\"17%\">\n<p>Aprovado<\/p>\n<\/td>\n<\/tr>\n<tr>\n<td valign=\"top\" width=\"47%\">\n<p>TAINARA PAULUS CALHEIRO<\/p>\n<\/td>\n<td valign=\"top\" width=\"17%\">\n<p>5493<\/p>\n<\/td>\n<td valign=\"top\" width=\"15%\">\n<p>7,0<\/p>\n<\/td>\n<td valign=\"top\" width=\"17%\">\n<p>Aprovada<\/p>\n<\/td>\n<\/tr>\n<\/tbody>\n<\/table>\n<p>\u00a0<\/p>\n<h1>\u00c1REA DE QU\u00cdMICA INORG\u00c2NICA<\/h1>\n<table border=\"1\" width=\"100%\" cellpadding=\"0\">\n<thead>\n<tr>\n<td width=\"46%\">\n<p>Nome Completo<\/p>\n<\/td>\n<td width=\"18%\">\n<p>N\u00b0 de Inscri\u00e7\u00e3o<\/p>\n<\/td>\n<td valign=\"top\" width=\"15%\">\n<p>Nota<\/p>\n<\/td>\n<td width=\"18%\">\n<p>Situa\u00e7\u00e3o<\/p>\n<\/td>\n<\/tr>\n<\/thead>\n<tbody>\n<tr>\n<td valign=\"top\" width=\"46%\">\n<p>CIBELE MENSCH CANABARRO<\/p>\n<\/td>\n<td valign=\"top\" width=\"18%\">\n<p>5480<\/p>\n<\/td>\n<td valign=\"top\" width=\"15%\">\n<p>7,05<\/p>\n<\/td>\n<td valign=\"top\" width=\"18%\">\n<p>Aprovada<\/p>\n<\/td>\n<\/tr>\n<tr>\n<td valign=\"top\" width=\"46%\">\n<p>DARCSON VIEIRA DE FREITAS<\/p>\n<\/td>\n<td valign=\"top\" width=\"18%\">\n<p>5439<\/p>\n<\/td>\n<td valign=\"top\" width=\"15%\">\n<p>7,0<\/p>\n<\/td>\n<td valign=\"top\" width=\"18%\">\n<p>Aprovado<\/p>\n<\/td>\n<\/tr>\n<tr>\n<td valign=\"top\" width=\"46%\">\n<p>FABR\u00cdCIO BUBLITZ<\/p>\n<\/td>\n<td valign=\"top\" width=\"18%\">\n<p>5522<\/p>\n<\/td>\n<td valign=\"top\" width=\"15%\">\n<p>8,0<\/p>\n<\/td>\n<td valign=\"top\" width=\"18%\">\n<p>Aprovado<\/p>\n<\/td>\n<\/tr>\n<tr>\n<td valign=\"top\" width=\"46%\">\n<p>THOMAZ ARRUDA WIOPPIOLD<\/p>\n<\/td>\n<td valign=\"top\" width=\"18%\">\n<p>5396<\/p>\n<\/td>\n<td valign=\"top\" width=\"15%\">\n<p>8,05<\/p>\n<\/td>\n<td valign=\"top\" width=\"18%\">\n<p>Aprovado<\/p>\n<\/td>\n<\/tr>\n<tr>\n<td valign=\"top\" width=\"46%\">\n<p>TIAGO BESSEGA<\/p>\n<\/td>\n<td valign=\"top\" width=\"18%\">\n<p>5991<\/p>\n<\/td>\n<td valign=\"top\" width=\"15%\">\n<p>8,1<\/p>\n<\/td>\n<td valign=\"top\" width=\"18%\">\n<p>Aprovado<\/p>\n<\/td>\n<\/tr>\n<\/tbody>\n<\/table>\n<p>\u00a0<\/p>\n<p>Confirma\u00e7\u00e3o da vaga<\/p>\n<p>De acordo com o EDITAL N\u00ba 018\/PRPGP\/UFSM:<\/p>\n<p>TODOS OS CANDIDATOS CLASSIFICADOS NESTE EDITAL DEVER\u00c3O REALIZAR AS ETAPAS\u00a0ABAIXO:<\/p>\n<p>1 PER\u00cdODO PARA SOLICITA\u00c7\u00c3O DE CONFIRMA\u00c7\u00c3O DA VAGA, ENTREGA OU POSTAGEM DA DOCUMENTA\u00c7\u00c3O DOS CANDIDATOS CLASSIFICADOS: ser\u00e1 realizada no per\u00edodo de 23 a 25 de julho de 2014.<\/p>\n<p>1.1 O candidato dever\u00e1 realizar a solicita\u00e7\u00e3o de confirma\u00e7\u00e3o da vaga atrav\u00e9s do endere\u00e7o eletr\u00f4nico www.ufsm.br\/derca, utilizando o n\u00famero de inscri\u00e7\u00e3o gerado no comprovante de inscri\u00e7\u00e3o como login e a data de nascimento (formato DDMMAAAA) como senha, conferindo, completando e, se necess\u00e1rio, corrigindo os dados apresentados. Confirmar as informa\u00e7\u00f5es, imprimir e assinar o comprovante de solicita\u00e7\u00e3o de confirma\u00e7\u00e3o da vaga.<\/p>\n<p>1.2 A documenta\u00e7\u00e3o dever\u00e1 ser enviada no per\u00edodo de 23 a 25 de julho de 2014, pelo Correio (sedex) com data e carimbo de postagem ou entregue, no hor\u00e1rio das 8h30min \u00e0s 11h30min e das 13h30min \u00e0s 16h30min, no endere\u00e7o:<\/p>\n<p>Universidade Federal de Santa Maria<\/p>\n<p>Departamento de Registro e Controle Acad\u00eamico \u2013 DERCA<\/p>\n<p>Av. Roraima, n. 1000<\/p>\n<p>Pr\u00e9dio da Administra\u00e7\u00e3o Central, 3\u00b0 andar, sala 336<\/p>\n<p>Campus da UFSM, Bairro Camobi<\/p>\n<p>CEP 97105-900<\/p>\n<p>Santa Maria\/RS<\/p>\n<p>No espa\u00e7o do remetente dever\u00e1 obrigatoriamente constar as seguintes informa\u00e7\u00f5es:<\/p>\n<p>Nome completo do candidato classificado<\/p>\n<p>Curso de P\u00f3s-gradua\u00e7\u00e3o em:<\/p>\n<p>N\u00edvel do Curso: (Doutorado, Mestrado ou Especializa\u00e7\u00e3o);<\/p>\n<p>Endere\u00e7o completo: rua ou avenida, n\u00famero, complemento, bairro, cidade, estado e CEP<\/p>\n<p>Documentos necess\u00e1rios para todos os candidatos classificados:<\/p>\n<p>Candidato brasileiro:<\/p>\n<p>a) uma fotografia recente 3&#215;4 ou 5&#215;7 (escanear e inserir no sistema de solicita\u00e7\u00e3o de confirma\u00e7\u00e3o da<\/p>\n<p>vaga, via internet no site: http:\/\/www.ufsm.br\/derca;<\/p>\n<p>b) c\u00f3pia da C\u00e9dula de Identidade Civil ou Militar (com validade indeterminada);<\/p>\n<p>c) c\u00f3pia do CPF;<\/p>\n<p>d) c\u00f3pia do T\u00edtulo Eleitoral (bem leg\u00edvel);<\/p>\n<p>e) c\u00f3pia da comprova\u00e7\u00e3o da situa\u00e7\u00e3o militar (para os homens);<\/p>\n<p>f) c\u00f3pia da Certid\u00e3o de Nascimento ou Casamento (bem leg\u00edvel);<\/p>\n<p>g) para candidatos classificados no Mestrado ou Especializa\u00e7\u00e3o: c\u00f3pia do Diploma de Gradua\u00e7\u00e3o ou<\/p>\n<p>Curso Superior ou de acordo com o edital espec\u00edfico ou, na aus\u00eancia destes, Atestado de Prov\u00e1vel<\/p>\n<p>Formando ou Certificado de Conclus\u00e3o do Curso para o primeiro semestre de 2014;<\/p>\n<p>h) para candidatos classificados no Doutorado: c\u00f3pia do Diploma de Mestrado de acordo com o edital<\/p>\n<p>especifico ou c\u00f3pia da ata de defesa de disserta\u00e7\u00e3o ou Atestado da Coordena\u00e7\u00e3o do respectivo Curso de<\/p>\n<p>Mestrado informando a data da Defesa da Disserta\u00e7\u00e3o;<\/p>\n<p>i) Comprovante de solicita\u00e7\u00e3o de confirma\u00e7\u00e3o da vaga, impresso e assinado;<\/p>\n<p>Candidato estrangeiro:<\/p>\n<p>a) uma fotografia recente 3&#215;4 ou 5&#215;7 (escanear e inserir no sistema de solicita\u00e7\u00e3o de confirma\u00e7\u00e3o da<\/p>\n<p>vaga, via internet no site: http:\/\/www.ufsm.br\/derca;<\/p>\n<p>b) c\u00f3pia do Passaporte;<\/p>\n<p>c) Visto tempor\u00e1rio e registro junto \u00e0 Pol\u00edcia Federal;<\/p>\n<p>d) Comprovante de solicita\u00e7\u00e3o de confirma\u00e7\u00e3o da vaga, impresso e assinado;<\/p>\n<p>e) C\u00f3pia do Diploma de Gradua\u00e7\u00e3o ou Curso Superior para candidatos classificados no Mestrado ou<\/p>\n<p>Especializa\u00e7\u00e3o, e c\u00f3pia do Diploma de Mestrado para candidatos classificados no Doutorado;<\/p>\n<p>1.3 Chamada de suplentes:<\/p>\n<p>1.3.1 O Candidato classificado para o Mestrado e Especializa\u00e7\u00e3o que n\u00e3o solicitar a Confirmar a vaga no<\/p>\n<p>per\u00edodo de 23 a 25 de julho de 2014 e n\u00e3o enviar a documenta\u00e7\u00e3o de acordo com o item 4.4, deste<\/p>\n<p>Edital, perder\u00e1 a vaga. O Departamento de Registro e Controle Acad\u00eamico &#8211; DERCA divulgar\u00e1 no dia 01<\/p>\n<p>de agosto de 2014, atrav\u00e9s de Edital e no site http:\/\/www.ufsm.br \u2013 EDITAIS, a rela\u00e7\u00e3o dos candidatos<\/p>\n<p>chamados na condi\u00e7\u00e3o de suplentes, de acordo com o Curso.<\/p>\n<p>1.3.2 O candidato classificado para o Doutorado que solicitou a confirma\u00e7\u00e3o da vaga no per\u00edodo de 23 a<\/p>\n<p>25 de julho de 2014, atendeu o item 4.4 deste Edital e desistir da vaga, dever\u00e1 entregar na Coordena\u00e7\u00e3o<\/p>\n<p>do Curso uma declara\u00e7\u00e3o de desist\u00eancia da vaga. Com isso o DERCA convocar\u00e1 o candidato classificado<\/p>\n<p>como suplente de acordo com o resultado final do Curso.<\/p>\n<p>2 PER\u00cdODO DE SOLICITA\u00c7\u00c3O DE MATR\u00cdCULA, VIA WEB, DOS CANDIDATOS CLASSIFICADOS:<\/p>\n<p>ser\u00e1 realizada nos dias 07 e 08 de agosto de 2014, usando login e senha que corresponder\u00e3o,<\/p>\n<p>respectivamente, ao n\u00famero de matr\u00edcula (fornecido pela Secretaria do Programa de P\u00f3s-Gradua\u00e7\u00e3o) e<\/p>\n<p>data de nascimento (formato DDMMAAAA).<\/p>\n<p>2.1 O candidato classificado para o Mestrado ou Especializa\u00e7\u00e3o e que apresentar, na confirma\u00e7\u00e3o da<\/p>\n<p>vaga, Atestado de Prov\u00e1vel Formando, para o primeiro semestre de 2014, dever\u00e1 entregar, no DERCA e<\/p>\n<p>at\u00e9 a matr\u00edcula, a Certid\u00e3o ou Certificado de Conclus\u00e3o do Curso e, para o Doutorado, a ata de defesa de<\/p>\n<p>Disserta\u00e7\u00e3o ou declara\u00e7\u00e3o do Coordenador do Curso informando a data de defesa da Disserta\u00e7\u00e3o.<\/p>\n<p>2.1.1 O Diploma de Gradua\u00e7\u00e3o ou Curso Superior para candidato classificado nos Cursos em n\u00edveis de<\/p>\n<p>Mestrado e Especializa\u00e7\u00e3o e Diploma de Mestrado para candidato classificado nos Cursos em n\u00edvel de<\/p>\n<p>Doutorado, dever\u00e3o ser entregues no DERCA at\u00e9 o t\u00e9rmino das aulas do segundo semestre de 2014,<\/p>\n<p>conforme o Calend\u00e1rio Acad\u00eamico da UFSM.<\/p>\n<p>2.2 Chamada de suplentes: o Candidato classificado para o Mestrado e Especializa\u00e7\u00e3o que n\u00e3o realizar a<\/p>\n<p>matr\u00edcula nos dias 07 e 08 de agosto de 2014, perder\u00e1 a vaga. O Departamento de Registro e Controle<\/p>\n<p>Acad\u00eamico &#8211; DERCA divulgar\u00e1 no dia 15 de agosto de 2014, atrav\u00e9s de Edital e no site http:\/\/www.ufsm.br<\/p>\n<p>\u2013 EDITAIS, a rela\u00e7\u00e3o dos candidatos chamados na condi\u00e7\u00e3o de suplentes, de acordo com o Curso.<\/p>\n<p>2.3 A Chamada de suplentes para o Doutorado, independente do in\u00edcio das aulas, somente ser\u00e1 realizada<\/p>\n<p>quando o candidato classificado n\u00e3o realizar a matr\u00edcula nos dias 07 e 08 de agosto de 2014 e entregar<\/p>\n<p>uma declara\u00e7\u00e3o de desist\u00eancia da vaga, junto \u00e0 Coordena\u00e7\u00e3o. Para o n\u00edvel<\/p>\n<p>3 IN\u00cdCIO DAS AULAS: 11 de agosto de 2014.<\/p>\n<p>\u00a0<\/p>\n<p>Informa\u00e7\u00f5es Adicionais Doutorado:<\/p>\n<p>\u00a0<\/p>\n<p>C\u00f3digo do Curso: 907<\/p>\n<p>Durante o doutorado o aluno dever\u00e1 realizar um m\u00ednimo 36 cr\u00e9ditos, dos quais 30 cr\u00e9ditos em disciplinas e 06 em semin\u00e1rio. O aluno poder\u00e1 aproveitar 18 cr\u00e9ditos\u00a0feitos durante o mestrado na UFSM ou fora dela e tamb\u00e9m poder\u00e1 solicitar o aproveitamento da l\u00edngua inglesa feita no mestrado.<\/p>\n<p>Para tal j\u00e1 dever\u00e1 solicitar a dispensa quando for preencher o Plano de Estudos &#8211; tutorial dispon\u00edvel em www.ufsm.br\/pppg\u00a0\u00a0&#8211; Informa\u00e7\u00f5es Gerais &#8211; Formul\u00e1rios.<\/p>\n<p>A solicita\u00e7\u00e3o de matr\u00edcula deve ser efetuada atrav\u00e9s do site www.ufsm.br no Portal do Aluno no per\u00edodo\u00a007 e 08\/08\/14\u00a0usando login e senha que corresponder\u00e3o, respectivamente, ao n\u00famero de matr\u00edcula (fornecido pela Secretaria do Programa de P\u00f3s-Gradua\u00e7\u00e3o) e data de nascimento (formato DDMMAAAA).<\/p>\n<p>O n\u00ba de matr\u00edcula ser\u00e1 divulgado no site\u00a0<a href=\"http:\/\/www.ufsm.br\/ppgq\">www.ufsm.br\/ppgq<\/a>\u00a0em Atualidades.<\/p>\n<p>11 a 15\/08\/14\u00a0&#8211;\u00a0Ajustes de matr\u00edculas, pelos alunos, junto \u00e0 Coordena\u00e7\u00e3o do curso (se necess\u00e1rio).<\/p>\n<p>No semestre que o aluno n\u00e3o tiver nenhuma disciplina do curr\u00edculo para cursar dever\u00e1 se matricular em EDD 00X \u2013 Elabora\u00e7\u00e3o Defesa Doutorado para manter o v\u00ednculo com a UFSM.<\/p>\n<p>O atendimento aos alunos na Secretaria do PPGQu\u00edmica (esclarecimento de d\u00favidas, retirada de guia de matr\u00edcula, atestados, etc &#8230;) \u00e9 realizado\u00a0somente\u00a0no turno da manh\u00e3.<\/p>\n<p>A ficha Identifica\u00e7\u00e3o do Aluno (com\u00a0ou sem*\u00a0a assinatura do Orientador) dever\u00e1 ser preenchida e entregue na Coordena\u00e7\u00e3o, impreterivelmente, at\u00e9 o dia\u00a004\/08\/2014.\u00a0\u00a0Esta ficha, em Word, (sem a assinatura do Orientador) tamb\u00e9m dever\u00e1 ser enviada por e-mail para o endere\u00e7o\u00a0<a href=\"mailto:assartor@base.ufsm.br\">assartor@base.ufsm.br<\/a>\u00a0at\u00e9 o dia04\/08\/2014\u00a0e encontra-se dispon\u00edvel para download em<a href=\"http:\/\/www.ufsm.br\/ppgq\">www.ufsm.br\/ppgq<\/a>\u00a0no \u00edcone Formul\u00e1rios.<\/p>\n<p>* Obs.: O aluno que entregar a ficha de Identifica\u00e7\u00e3o sem constar o nome do(a) Orientador(a) n\u00e3o concorrer\u00e1 a bolsa.<\/p>\n<p>Plano de estudos. No in\u00edcio do segundo semestre\u00a0(at\u00e9 27\/08\/2014)os alunos dever\u00e3o acessar o Portal do Aluno abrir o plano de estudos, preencher e tramit\u00e1-lo para seu orientador.<\/p>\n<p>Os alunos somente poder\u00e3o realizar suas matr\u00edculas no semestre seguinte se tiverem preenchidos e aprovados seus planos de estudos on-line. Tutorial dispon\u00edvel em www.ufsm.br\/pppg\u00a0\u00a0&#8211; Informa\u00e7\u00f5es Gerais &#8211; Formul\u00e1rios.<\/p>\n<p>No decorrer do Curso, de acordo com a Resolu\u00e7\u00e3o 003\/10, o aluno de Doutorado da UFSM dever\u00e1 realizar um Teste de Sufici\u00eancia em L\u00edngua Estrangeira. Para tanto o aluno dever\u00e1 fazer sua inscri\u00e7\u00e3o via web (<a href=\"http:\/\/www.ufsm.br\/\">www.ufsm.br<\/a>).\u00a0\u00a0O per\u00edodo para inscri\u00e7\u00e3o no 2\u00ba semestre\u00a02014\u00a0ser\u00e1 de\u00a011\/08 a 11\/09\/14. O teste ser\u00e1 no dia\u00a010\/10\/2014.\u00a0\u00a0O aluno dever\u00e1 comprovar sufici\u00eancia em duas l\u00ednguas estrangeiras sendo que uma delas pode ser aproveitada do mestrado.<\/p>\n<p>11\/08\/14\u00a0\u2013 In\u00edcio das aulas do 2\u00ba semestre letivo de 2014 para cursos presenciais e a dist\u00e2ncia (Gradua\u00e7\u00e3o e P\u00f3s-Gradua\u00e7\u00e3o).<\/p>\n<p>O calend\u00e1rio estudantil 2014 encontra-se dispon\u00edvel no site\u00a0<a href=\"http:\/\/www.ufsm.br\/\">www.ufsm.br<\/a>\u00a0e\u00a0<a href=\"http:\/\/www.ufsm.br\/ppgq\">www.ufsm.br\/ppgq<\/a><\/p>\n<p>O regimento do PPGQ encontra-se dispon\u00edvel no site www.ufsm.br\/ppgq<\/p>\n<p>* Eventuais mudan\u00e7as de datas (se houver) ser\u00e3o disponibilizadas no site da UFSM (www.ufsm.br) em Documentos Oficiais &#8211; calend\u00e1rio letivo<\/p>\n<p>\u00a0<\/p>\n","protected":false},"excerpt":{"rendered":"<p>\u00c1REA DE QU\u00cdMICA ANAL\u00cdTICA Nome Completo N\u00b0 de Inscri\u00e7\u00e3o Nota Situa\u00e7\u00e3o FRANCISCO CUNHA DA ROSA 4898 8,55 Aprovado JANICE ZULMA FRANCESQUETT 5361 7,03 Aprovado \u00c1REA DE QU\u00cdMICA ORG\u00c2NICA Nome Completo N\u00b0 de Inscri\u00e7\u00e3o Nota Situa\u00e7\u00e3o GABRIELE DO CARMO 6105 7,0 Aprovada KELI MAIARA WUST 5792 9,1 Aprovada MARIELE BORKOWSKI RODRIGUES 5754 8,7 Aprovada PAULO ROBERTO [&hellip;]<\/p>\n","protected":false},"author":115,"featured_media":0,"parent":0,"menu_order":0,"comment_status":"closed","ping_status":"closed","template":"","meta":{"footnotes":""},"categories":[],"tags":[],"class_list":["post-389","page","type-page","status-publish","hentry"],"acf":[],"_links":{"self":[{"href":"https:\/\/www.ufsm.br\/cursos\/pos-graduacao\/santa-maria\/ppgq\/wp-json\/wp\/v2\/pages\/389","targetHints":{"allow":["GET"]}}],"collection":[{"href":"https:\/\/www.ufsm.br\/cursos\/pos-graduacao\/santa-maria\/ppgq\/wp-json\/wp\/v2\/pages"}],"about":[{"href":"https:\/\/www.ufsm.br\/cursos\/pos-graduacao\/santa-maria\/ppgq\/wp-json\/wp\/v2\/types\/page"}],"author":[{"embeddable":true,"href":"https:\/\/www.ufsm.br\/cursos\/pos-graduacao\/santa-maria\/ppgq\/wp-json\/wp\/v2\/users\/115"}],"replies":[{"embeddable":true,"href":"https:\/\/www.ufsm.br\/cursos\/pos-graduacao\/santa-maria\/ppgq\/wp-json\/wp\/v2\/comments?post=389"}],"version-history":[{"count":0,"href":"https:\/\/www.ufsm.br\/cursos\/pos-graduacao\/santa-maria\/ppgq\/wp-json\/wp\/v2\/pages\/389\/revisions"}],"wp:attachment":[{"href":"https:\/\/www.ufsm.br\/cursos\/pos-graduacao\/santa-maria\/ppgq\/wp-json\/wp\/v2\/media?parent=389"}],"wp:term":[{"taxonomy":"category","embeddable":true,"href":"https:\/\/www.ufsm.br\/cursos\/pos-graduacao\/santa-maria\/ppgq\/wp-json\/wp\/v2\/categories?post=389"},{"taxonomy":"post_tag","embeddable":true,"href":"https:\/\/www.ufsm.br\/cursos\/pos-graduacao\/santa-maria\/ppgq\/wp-json\/wp\/v2\/tags?post=389"}],"curies":[{"name":"wp","href":"https:\/\/api.w.org\/{rel}","templated":true}]}}