{"id":481,"date":"2019-01-21T08:57:54","date_gmt":"2019-01-21T10:57:54","guid":{"rendered":"https:\/\/www.ufsm.br\/cursos\/pos-graduacao\/santa-maria\/ppgq\/?page_id=481"},"modified":"2019-01-21T08:57:56","modified_gmt":"2019-01-21T10:57:56","slug":"palestras-2017","status":"publish","type":"page","link":"https:\/\/www.ufsm.br\/cursos\/pos-graduacao\/santa-maria\/ppgq\/palestras-2017","title":{"rendered":"Palestras 2017"},"content":{"rendered":"\n<header class=\"article-header clearfix\">\n<h2 class=\"article-title\">Palestras 2017: Determinaci\u00f3n de residuos de plaguicidas en agua superficial en la regi\u00f3n de Chapala y Rio Autlan<\/h2>\n<\/header>\n<aside class=\"article-aside clearfix\">\n<dl class=\"article-info  muted\"><\/dl>\n<div class=\"btn-group pull-right\">\u00a0<\/div>\n<\/aside>\n<section class=\"article-intro clearfix\">\n<p>Prof. Dr. Alejandro Peregrina Lucano, coordenador do Laborat\u00f3rio de Farmacocin\u00e9tica Aplicada da Universidad de Guadalajara (UdG-M\u00e9xico)<\/p>\n<p>Local: Anfiteatro B2<\/p>\n<p>Hora e Data: 10h30 , sexta-feira 22 de setembro de 2017<\/p>\n<\/section>\n<header class=\"article-header clearfix\">\n<h2 class=\"article-title\">Palestras 2017: Determinaci\u00f3n de residuos de antibi\u00f3ticos y hormonas en agua de consumo de la ciudad de Guadalajara por LC-MS\/MS<\/h2>\n<\/header>\n<aside class=\"article-aside clearfix\">\n<dl class=\"article-info  muted\"><\/dl>\n<div class=\"btn-group pull-right\">\u00a0<\/div>\n<\/aside>\n<section class=\"article-intro clearfix\">\n<p>Prof. Dr. Alejandro Peregrina Lucano, coordenador do Laborat\u00f3rio de Farmacocin\u00e9tica Aplicada da Universidad de Guadalajara (UdG-M\u00e9xico)<\/p>\n<p>Local: Anfiteatro B1<\/p>\n<p>Hora e Data: 14h30, quinta-feira, 21 de setembro de 2017<\/p>\n<\/section>\n<p>\u00a0<\/p>\n<header class=\"article-header clearfix\">\n<h2 class=\"article-title\">T\u00edtulo: Quality control in analytical testing laboratories<\/h2>\n<\/header>\n<aside class=\"article-aside clearfix\">\n<dl class=\"article-info  muted\"><\/dl>\n<div class=\"btn-group pull-right\">\u00a0<\/div>\n<\/aside>\n<section class=\"article-intro clearfix\">\n<p>Dra. Paramee Kumkrong, Institute for National Measurement Standards, National Research Council Canada, Ottawa, Canada<\/p>\n<p>Local: CEPETRO, Pr\u00e9dio 67A<\/p>\n<p>Hora e Data: 14:40 h, segunda-feira, 17 de julho de 2016<\/p>\n<\/section>\n<p>\u00a0<\/p>\n<div>\n<div><header class=\"article-header clearfix\">\n<h2 class=\"article-title\">Palestra MSc. Luiz Rinaldo Bizaio<\/h2>\n<\/header><\/div>\n<div>\n<aside class=\"article-aside clearfix\">\n<dl class=\"article-info  muted\"><\/dl>\n<div class=\"btn-group pull-right\">\u00a0<\/div>\n<\/aside>\n<\/div>\n<\/div>\n<section class=\"article-content clearfix\">\n<p>Palestrante: MSc. Luiz Rinaldo Bizaio<br \/>Bizaio Com\u00e9rcio de Instrumentos de Medida Ltda<br \/>Local: Audit\u00f3rio do Pr\u00e9dio 67<br \/>Hora e Data: 09h30 &#8211; 12h00, 08 de junho de 2017<br \/>T\u00edtulo: Inova\u00e7\u00f5es Tecnol\u00f3gicas e Aplica\u00e7\u00f5es da T\u00e9cnica de LIBS \/ LA-ICPMS<\/p>\n<p><a href=\"https:\/\/www.ufsm.br\/cursos\/pos-graduacao\/santa-maria\/ppgq\/wp-content\/uploads\/sites\/509\/2019\/01\/Bizaio.docx\">Resumo<\/a><\/p>\n<\/section>\n<div>\n<div><header class=\"article-header clearfix\">\n<h2 class=\"article-title\">Palestra com Ronaldo Souza, Gerente FLIR Systems Brasil e Alexandre Kroeff, AK Automa\u00e7\u00e3o Industrial<\/h2>\n<\/header><\/div>\n<div>\n<aside class=\"article-aside clearfix\">\n<div class=\"btn-group pull-right\">\u00a0<\/div>\n<\/aside>\n<\/div>\n<\/div>\n<section class=\"article-content clearfix\">\n<p>Local: Anfiteatro C, Pr\u00e9dio 18<\/p>\n<p>Data: 07\/06\/2017<\/p>\n<p>&#8211; 14:30 h Palestra:<strong>\u00a0&#8220;Aplica\u00e7\u00f5es da termografia no infravermelho empregando drones&#8221;<\/strong><\/p>\n<p>&#8211; 15:30 h Demonstra\u00e7\u00e3o pr\u00e1tica: &#8220;<strong>V\u00f4o experimental do drone para captura de imagens na universidade&#8221;<\/strong><\/p>\n<p>\u00a0Drones T\u00e9rmicos Radiom\u00e9tricos tem aplica\u00e7\u00f5es na mais diversas \u00e1reas:<\/p>\n<p><em>&#8211; Inspe\u00e7\u00f5es de utilidade:<\/em>\u00a0medi\u00e7\u00e3o de temperatura e gera\u00e7\u00e3o de relat\u00f3rios em subesta\u00e7\u00f5es, linhas de transmiss\u00e3o e distribui\u00e7\u00e3o;<br \/><em>&#8211; Pain\u00e9is solares:<\/em>\u00a0Com uma vis\u00e3o ampla identifica rapidamente pontos defeituosos;<br \/><em>&#8211; Agricultura:<\/em>\u00a0mapeia a distribui\u00e7\u00e3o de umidade de uma regi\u00e3o;<br \/><em>&#8211; Engenharia Civil:<\/em>\u00a0inspe\u00e7\u00e3o de telhados e lajes para identifica\u00e7\u00e3o de infiltra\u00e7\u00f5es;<br \/><em>&#8211; Salvamento \/ Bombeiros:<\/em>\u00a0Vis\u00e3o atrav\u00e9s de fuma\u00e7a ou \u00e0 noite, enviando resposta terrestre objetiva;<br \/><em>&#8211; Seguran\u00e7a:<\/em>\u00a0monitora\u00e7\u00e3o de per\u00edmetro de forma eficiente e de baixo custo;<br \/><em>&#8211; Inspe\u00e7\u00e3o Industrial:<\/em>\u00a0Monitora\u00e7\u00e3o de tubula\u00e7\u00f5es a\u00e9reas, v\u00e1lvulas, purgas, flares, etc.<\/p>\n<p>Maiores informa\u00e7\u00f5es:<\/p>\n<p>Prof. Juliano S. Barin<br \/>Depto. de Tecnologia e Ci\u00eancia dos Alimentos\/UFSM<br \/>55 3220 8364\/8254<\/p>\n<\/section>\n<div>\n<div><header class=\"article-header clearfix\">\n<h2 class=\"article-title\">Semin\u00e1rio sobre excel\u00eancia em pesquisa em Qu\u00edmica traz nomes internacionais \u00e0 UFSM<\/h2>\n<p class=\"article-title\">NA SEGUNDA-FEIRA<\/p>\n<\/header><\/div>\n<\/div>\n<section class=\"article-content clearfix\">\n<p>Ocorrer\u00e1 na UFSM, no dia 10 de abril, \u00e0s 14h, no Departamento de Qu\u00edmica (DQ\/CCNE) da UFSM, o semin\u00e1rio sobre excel\u00eancia em pesquisa na \u00e1rea de Qu\u00edmica, com o tema\u00a0&#8220;<em>Royal Society of Chemistry Seminar at UFSM &#8211; Aiming at excellence in Chemistry<\/em>&#8220;.<\/p>\n<p>O evento traz, pela primeira vez para a UFSM, um grupo de membros do corpo editorial da revista cient\u00edfica \u201c<em>Journal of Analytical Atomic Spectrometry \u2013 JAAS<\/em>\u201d, que abordar\u00e3o diversos assuntos relacionados aos requisitos necess\u00e1rios para publica\u00e7\u00e3o em peri\u00f3dicos editados pela\u00a0<em>Royal Society of Chemistry (RSC)<\/em>, bem como suas respectivas pesquisas.<br \/>A RSC \u00e9 editora de mais de 40 peri\u00f3dicos na \u00e1rea de Qu\u00edmica, com grande abrang\u00eancia em diversas especialidades. Dentre esses pode-se destacar o pr\u00f3prio JAAS (FI: 3,379), al\u00e9m de alguns dos peri\u00f3dicos com elevado fator de impacto (FI):\u00a0Chemical Society Reviews (FI: 34,09),\u00a0Energy &amp; Environmental Science (FI: 25,427),\u00a0Natural Product Reports (FI: 10,986),\u00a0Chemical Science (FI: 9,144),\u00a0Journal of Material Chemistry A (FI: 8,262),\u00a0Green Chemistry (FI: 8,506),\u00a0Nanoscale (FI: 7,76),\u00a0Chemical Communications (FI: 6,567).<br \/>O evento ser\u00e1 realizado no Audit\u00f3rio Multiweb (pr\u00e9dio 67) e contar\u00e1 com palestra dos pesquisadores Mart\u00edn Resano (Universidade de Zaragoza, Espanha), J\u00f6rg Feldmann (Universidade de Aberdeen, Esc\u00f3cia), Eva Krupp (Universidade de Aberdeen, Esc\u00f3cia) e \u00c9rico M. M. Flores (UFSM, Diretor T\u00e9cnico-Cient\u00edfico da Fapergs).\u00a0<br \/>A participa\u00e7\u00e3o no evento \u00e9 gratuita, por\u00e9m as vagas s\u00e3o limitadas.\u00a0As inscri\u00e7\u00f5es podem ser feitas atrav\u00e9s do e-mail\u00a0<a href=\"mailto:ufsm.laqia@gmail.com\">ufsm.laqia@gmail.com<\/a>, informando nome completo e Departamento ou Programa de P\u00f3s-Gradua\u00e7\u00e3o de\u00a0origem.<\/p>\n<div>\n<div><header class=\"article-header clearfix\">\n<h2 class=\"article-title\">Palestra &#8211; Prof. Dr. Nuno Maulide<\/h2>\n<\/header><\/div>\n<\/div>\n<section class=\"article-content clearfix\">\n<p>T\u00edtulo: Organic synthesis with rearrangements: adventures in total synthesis<br \/><br \/>Prof. Dr. Nuno Maulide<\/p>\n<p>Department of Organic Chemistry, University of Vienna, Austria<br \/>http:\/\/organicsynthesis.univie.ac.at\/home\/<br \/>Local: Anfiteatro B1<br \/>Hora e Data: \u00e0s 14 hs, quinta-feira, 16 de fevereiro de 2017<br \/><br \/>Abstract:\u00a0<br \/>The last decade brought about a pressing need for new, efficient and clean strategies for the chemical synthesis of biorelevant compounds. Our group has studied the use of various molecular rearrangements and atom-economical transformations as particularly appealing means towards the streamlined synthesis of complex small molecule targets.<br \/><br \/><em><strong>OBS: A PALESTRA SER\u00c1 APRESENTADA EM PORTUGU\u00caS<\/strong><\/em><\/p>\n<\/section>\n<div>\n<div><header class=\"article-header clearfix\">\n<h2 class=\"article-title\">Palestra Prof. Dr. Jiri Dedina<\/h2>\n<p class=\"article-title\">Prof. Dr. Jiri Dedina<\/p>\n<\/header><\/div>\n<\/div>\n<section class=\"article-content clearfix\">\n<p>Institute of Analytical Chemistry of the Czech Academy Sciences, Praga &#8211; Rep\u00fablica Tcheca<br \/>Local: CEPETRO, Pr\u00e9dio 67A\u00a0<br \/>Hora e Data: 14:00 h, 03 de fevereiro de 2017<br \/>T\u00edtulo: Recent advances in hydride generation for atomic absorption spectrometry: atomizer optimization by two-photon absorption laser-induced fluorescence<\/p>\n<p><a href=\"https:\/\/www.ufsm.br\/cursos\/pos-graduacao\/santa-maria\/ppgq\/wp-content\/uploads\/sites\/509\/2019\/01\/Jiri-Dedina-fevereiro2017.docx\">Resumo<\/a><\/p>\n<\/section>\n<\/section>\n","protected":false},"excerpt":{"rendered":"<p>Palestras 2017: Determinaci\u00f3n de residuos de plaguicidas en agua superficial en la regi\u00f3n de Chapala y Rio Autlan \u00a0 Prof. Dr. Alejandro Peregrina Lucano, coordenador do Laborat\u00f3rio de Farmacocin\u00e9tica Aplicada da Universidad de Guadalajara (UdG-M\u00e9xico) Local: Anfiteatro B2 Hora e Data: 10h30 , sexta-feira 22 de setembro de 2017 Palestras 2017: Determinaci\u00f3n de residuos de [&hellip;]<\/p>\n","protected":false},"author":115,"featured_media":0,"parent":0,"menu_order":0,"comment_status":"closed","ping_status":"closed","template":"","meta":{"footnotes":""},"categories":[],"tags":[],"class_list":["post-481","page","type-page","status-publish","hentry"],"acf":[],"_links":{"self":[{"href":"https:\/\/www.ufsm.br\/cursos\/pos-graduacao\/santa-maria\/ppgq\/wp-json\/wp\/v2\/pages\/481","targetHints":{"allow":["GET"]}}],"collection":[{"href":"https:\/\/www.ufsm.br\/cursos\/pos-graduacao\/santa-maria\/ppgq\/wp-json\/wp\/v2\/pages"}],"about":[{"href":"https:\/\/www.ufsm.br\/cursos\/pos-graduacao\/santa-maria\/ppgq\/wp-json\/wp\/v2\/types\/page"}],"author":[{"embeddable":true,"href":"https:\/\/www.ufsm.br\/cursos\/pos-graduacao\/santa-maria\/ppgq\/wp-json\/wp\/v2\/users\/115"}],"replies":[{"embeddable":true,"href":"https:\/\/www.ufsm.br\/cursos\/pos-graduacao\/santa-maria\/ppgq\/wp-json\/wp\/v2\/comments?post=481"}],"version-history":[{"count":0,"href":"https:\/\/www.ufsm.br\/cursos\/pos-graduacao\/santa-maria\/ppgq\/wp-json\/wp\/v2\/pages\/481\/revisions"}],"wp:attachment":[{"href":"https:\/\/www.ufsm.br\/cursos\/pos-graduacao\/santa-maria\/ppgq\/wp-json\/wp\/v2\/media?parent=481"}],"wp:term":[{"taxonomy":"category","embeddable":true,"href":"https:\/\/www.ufsm.br\/cursos\/pos-graduacao\/santa-maria\/ppgq\/wp-json\/wp\/v2\/categories?post=481"},{"taxonomy":"post_tag","embeddable":true,"href":"https:\/\/www.ufsm.br\/cursos\/pos-graduacao\/santa-maria\/ppgq\/wp-json\/wp\/v2\/tags?post=481"}],"curies":[{"name":"wp","href":"https:\/\/api.w.org\/{rel}","templated":true}]}}