{"id":934,"date":"2020-01-30T08:13:14","date_gmt":"2020-01-30T11:13:14","guid":{"rendered":"https:\/\/www.ufsm.br\/cursos\/pos-graduacao\/santa-maria\/ppgq\/?page_id=934"},"modified":"2025-05-15T10:42:07","modified_gmt":"2025-05-15T13:42:07","slug":"comissao-de-selecao","status":"publish","type":"page","link":"https:\/\/www.ufsm.br\/cursos\/pos-graduacao\/santa-maria\/ppgq\/comissao-de-selecao","title":{"rendered":"Comiss\u00e3o de Sele\u00e7\u00e3o"},"content":{"rendered":"\t\t<div data-elementor-type=\"wp-page\" data-elementor-id=\"934\" class=\"elementor elementor-934\">\n\t\t\t\t\t\t<section class=\"elementor-section elementor-top-section elementor-element elementor-element-42df6f86 elementor-section-boxed elementor-section-height-default elementor-section-height-default\" data-id=\"42df6f86\" data-element_type=\"section\">\n\t\t\t\t\t\t<div class=\"elementor-container elementor-column-gap-default\">\n\t\t\t\t\t<div class=\"elementor-column elementor-col-100 elementor-top-column elementor-element elementor-element-340bd2f4\" data-id=\"340bd2f4\" data-element_type=\"column\">\n\t\t\t<div class=\"elementor-widget-wrap elementor-element-populated\">\n\t\t\t\t\t\t<div class=\"elementor-element elementor-element-4548e9a3 elementor-widget elementor-widget-text-editor\" data-id=\"4548e9a3\" data-element_type=\"widget\" data-widget_type=\"text-editor.default\">\n\t\t\t\t<div class=\"elementor-widget-container\">\n\t\t\t\t\t\t\t<p>A Comiss\u00e3o de Sele\u00e7\u00e3o do PPGQu\u00edmica \u00e9 composta pelos professores:<\/p>\n<p>Nome: Caroline Raquel Bender<br \/>Cargo: Representante Qu\u00edmica Org\u00e2nica<br \/>Telefone: 55 3220 8756<br \/><br \/>Nome: Cezar Augusto Bizzi<br \/>Cargo: Representante Qu\u00edmica Anal\u00edtica<br \/>Telefone: 55 3220 8802<\/p>\n<p>Nome: Marcelo Barcellos da Rosa<br \/>Cargo: Representante F\u00edsico-Qu\u00edmica<br \/>Telefone: 55 3220 8066<\/p>\n<p>Nome: Carolina Ferreira de Matos Jauris<br \/>Cargo: Representante Qu\u00edmica Inorg\u00e2nica<br \/>Telefone: 55 3220 8079<\/p>\n<p><!-- \/wp:tadv\/classic-paragraph --><\/p>\t\t\t\t\t\t<\/div>\n\t\t\t\t<\/div>\n\t\t\t\t\t<\/div>\n\t\t<\/div>\n\t\t\t\t\t<\/div>\n\t\t<\/section>\n\t\t\t\t<\/div>\n\t\t","protected":false},"excerpt":{"rendered":"<p>A Comiss\u00e3o de Sele\u00e7\u00e3o do PPGQu\u00edmica \u00e9 composta pelos professores: Nome: Caroline Raquel BenderCargo: Representante Qu\u00edmica Org\u00e2nicaTelefone: 55 3220 8756 Nome: Cezar Augusto BizziCargo: Representante Qu\u00edmica Anal\u00edticaTelefone: 55 3220 8802 Nome: Marcelo Barcellos da RosaCargo: Representante F\u00edsico-Qu\u00edmicaTelefone: 55 3220 8066 Nome: Carolina Ferreira de Matos JaurisCargo: Representante Qu\u00edmica Inorg\u00e2nicaTelefone: 55 3220 8079<\/p>\n","protected":false},"author":759,"featured_media":0,"parent":0,"menu_order":0,"comment_status":"closed","ping_status":"closed","template":"","meta":{"footnotes":""},"categories":[],"tags":[],"class_list":["post-934","page","type-page","status-publish","hentry"],"acf":[],"_links":{"self":[{"href":"https:\/\/www.ufsm.br\/cursos\/pos-graduacao\/santa-maria\/ppgq\/wp-json\/wp\/v2\/pages\/934","targetHints":{"allow":["GET"]}}],"collection":[{"href":"https:\/\/www.ufsm.br\/cursos\/pos-graduacao\/santa-maria\/ppgq\/wp-json\/wp\/v2\/pages"}],"about":[{"href":"https:\/\/www.ufsm.br\/cursos\/pos-graduacao\/santa-maria\/ppgq\/wp-json\/wp\/v2\/types\/page"}],"author":[{"embeddable":true,"href":"https:\/\/www.ufsm.br\/cursos\/pos-graduacao\/santa-maria\/ppgq\/wp-json\/wp\/v2\/users\/759"}],"replies":[{"embeddable":true,"href":"https:\/\/www.ufsm.br\/cursos\/pos-graduacao\/santa-maria\/ppgq\/wp-json\/wp\/v2\/comments?post=934"}],"version-history":[{"count":0,"href":"https:\/\/www.ufsm.br\/cursos\/pos-graduacao\/santa-maria\/ppgq\/wp-json\/wp\/v2\/pages\/934\/revisions"}],"wp:attachment":[{"href":"https:\/\/www.ufsm.br\/cursos\/pos-graduacao\/santa-maria\/ppgq\/wp-json\/wp\/v2\/media?parent=934"}],"wp:term":[{"taxonomy":"category","embeddable":true,"href":"https:\/\/www.ufsm.br\/cursos\/pos-graduacao\/santa-maria\/ppgq\/wp-json\/wp\/v2\/categories?post=934"},{"taxonomy":"post_tag","embeddable":true,"href":"https:\/\/www.ufsm.br\/cursos\/pos-graduacao\/santa-maria\/ppgq\/wp-json\/wp\/v2\/tags?post=934"}],"curies":[{"name":"wp","href":"https:\/\/api.w.org\/{rel}","templated":true}]}}