{"id":1019,"date":"2021-10-05T12:55:37","date_gmt":"2021-10-05T15:55:37","guid":{"rendered":"https:\/\/www.ufsm.br\/cursos\/pos-graduacao\/santa-maria\/ppgri\/?page_id=1019"},"modified":"2023-06-27T15:45:43","modified_gmt":"2023-06-27T18:45:43","slug":"apoio-a-atividades-cientificas-e-de-formacao","status":"publish","type":"page","link":"https:\/\/www.ufsm.br\/cursos\/pos-graduacao\/santa-maria\/ppgri\/apoio-a-atividades-cientificas-e-de-formacao","title":{"rendered":"Apoio a Atividades Cient\u00edficas e de Forma\u00e7\u00e3o"},"content":{"rendered":"\n<p>Docentes, discentes e t\u00e9cnicos-administrativos em educa\u00e7\u00e3o vinculados ao PPGRI podem solicitar apoio financeiro para pagamento de despesas vinculadas a atividades cient\u00edficas e de forma\u00e7\u00e3o relacionadas a sua atua\u00e7\u00e3o no Programa. As modalidades de fomento, contudo, devem estar submetidas \u00e0s <a href=\"https:\/\/www.ufsm.br\/cursos\/pos-graduacao\/santa-maria\/ppgri\/orcamento\/\">formas de execu\u00e7\u00e3o or\u00e7ament\u00e1ria das fontes de recursos do Programa<\/a> e necessitam obedecer normas e prazos para o disp\u00eandio de recursos na administra\u00e7\u00e3o p\u00fablica federal, em geral, e na UFSM, em particular.\u00a0<\/p>\n<p><em><strong>Obs<\/strong>: Apenas os recursos provenientes do or\u00e7amento do CCSH podem ser dispendidos em pagamento de taxa de inscri\u00e7\u00e3o para participa\u00e7\u00e3o em eventos a ocorrer em ano posterior ao da execu\u00e7\u00e3o or\u00e7ament\u00e1ria. Mesmo nesse caso, o pagamento da taxa de inscri\u00e7\u00e3o deve ocorrer no mesmo do exerc\u00edcio fiscal em que o recurso foi executado.<\/em><\/p>\n","protected":false},"excerpt":{"rendered":"<p>Docentes, discentes e t\u00e9cnicos-administrativos em educa\u00e7\u00e3o vinculados ao PPGRI podem solicitar apoio financeiro para pagamento de despesas vinculadas a atividades cient\u00edficas e de forma\u00e7\u00e3o relacionadas a sua atua\u00e7\u00e3o no Programa. As modalidades de fomento, contudo, devem estar submetidas \u00e0s formas de execu\u00e7\u00e3o or\u00e7ament\u00e1ria das fontes de recursos do Programa e necessitam obedecer normas e prazos [&hellip;]<\/p>\n","protected":false},"author":2325,"featured_media":0,"parent":0,"menu_order":0,"comment_status":"closed","ping_status":"closed","template":"","meta":{"footnotes":""},"categories":[],"tags":[],"class_list":["post-1019","page","type-page","status-publish","hentry"],"acf":[],"_links":{"self":[{"href":"https:\/\/www.ufsm.br\/cursos\/pos-graduacao\/santa-maria\/ppgri\/wp-json\/wp\/v2\/pages\/1019","targetHints":{"allow":["GET"]}}],"collection":[{"href":"https:\/\/www.ufsm.br\/cursos\/pos-graduacao\/santa-maria\/ppgri\/wp-json\/wp\/v2\/pages"}],"about":[{"href":"https:\/\/www.ufsm.br\/cursos\/pos-graduacao\/santa-maria\/ppgri\/wp-json\/wp\/v2\/types\/page"}],"author":[{"embeddable":true,"href":"https:\/\/www.ufsm.br\/cursos\/pos-graduacao\/santa-maria\/ppgri\/wp-json\/wp\/v2\/users\/2325"}],"replies":[{"embeddable":true,"href":"https:\/\/www.ufsm.br\/cursos\/pos-graduacao\/santa-maria\/ppgri\/wp-json\/wp\/v2\/comments?post=1019"}],"version-history":[{"count":0,"href":"https:\/\/www.ufsm.br\/cursos\/pos-graduacao\/santa-maria\/ppgri\/wp-json\/wp\/v2\/pages\/1019\/revisions"}],"wp:attachment":[{"href":"https:\/\/www.ufsm.br\/cursos\/pos-graduacao\/santa-maria\/ppgri\/wp-json\/wp\/v2\/media?parent=1019"}],"wp:term":[{"taxonomy":"category","embeddable":true,"href":"https:\/\/www.ufsm.br\/cursos\/pos-graduacao\/santa-maria\/ppgri\/wp-json\/wp\/v2\/categories?post=1019"},{"taxonomy":"post_tag","embeddable":true,"href":"https:\/\/www.ufsm.br\/cursos\/pos-graduacao\/santa-maria\/ppgri\/wp-json\/wp\/v2\/tags?post=1019"}],"curies":[{"name":"wp","href":"https:\/\/api.w.org\/{rel}","templated":true}]}}