{"id":160,"date":"2019-02-18T12:13:11","date_gmt":"2019-02-18T15:13:11","guid":{"rendered":"https:\/\/www.ufsm.br\/cursos\/pos-graduacao\/santa-maria\/ppgri\/?page_id=160"},"modified":"2024-10-01T13:17:44","modified_gmt":"2024-10-01T16:17:44","slug":"apresentacao","status":"publish","type":"page","link":"https:\/\/www.ufsm.br\/cursos\/pos-graduacao\/santa-maria\/ppgri\/apresentacao","title":{"rendered":"Apresenta\u00e7\u00e3o e Normativas"},"content":{"rendered":"\n<h4><strong>Apresenta\u00e7\u00e3o<\/strong><\/h4>\n<hr \/>\n<p style=\"text-align: justify\">O objetivo principal do curso \u00e9 construir suporte te\u00f3rico, metodol\u00f3gico e pr\u00e1tico para fortalecer a produ\u00e7\u00e3o de conhecimentos relevantes sobre as Rela\u00e7\u00f5es Internacionais, com destaque \u00e0 Pol\u00edtica Internacional, especificamente a Institui\u00e7\u00f5es e Desenvolvimento; a Pol\u00edtica e Sociedade Internacional; e a Seguran\u00e7a, Estrat\u00e9gia e Defesa, de forma a provocar a constru\u00e7\u00e3o de saberes transformadores da sociedade e dar-lhes explica\u00e7\u00e3o a partir de uma base cr\u00edtica e construtiva.<\/p>\n<p style=\"text-align: justify\">Al\u00e9m disso, em virtude da posi\u00e7\u00e3o privilegiada de Santa Maria como parte do eixo integrador do Conesul e a sua relev\u00e2ncia como base militar estrat\u00e9gica para o Brasil, a estrutura curricular do curso buscar\u00e1 destacar a voca\u00e7\u00e3o da regi\u00e3o e as potencialidades de aprendizado sobre tem\u00e1ticas vinculadas a tais vantagens competitivas. A perspectiva austral da proposta direciona-se igualmente para a consolida\u00e7\u00e3o de pesquisa sobre outras regi\u00f5es em desenvolvimento, tamb\u00e9m na forma de projetos de pesquisa integrados e coopera\u00e7\u00e3o internacional. Tal direcionamento n\u00e3o elimina v\u00ednculos com centros consolidados na \u00e1rea de Rela\u00e7\u00f5es Internacionais, de forma a alavancar a qualifica\u00e7\u00e3o e a internacionaliza\u00e7\u00e3o da produ\u00e7\u00e3o cient\u00edfica vinculada o Programa.<\/p>\n<p style=\"text-align: justify\">Pretende-se contribuir para a forma\u00e7\u00e3o de profissionais que possuam capacidade de compreender e intervir nos debates internacionais contempor\u00e2neos, na elabora\u00e7\u00e3o e constru\u00e7\u00e3o de pol\u00edticas em diversas \u00e1reas que demandem a sua participa\u00e7\u00e3o, na iniciativa privada ou p\u00fablica, em atividades de pesquisador, professor, assessor ou consultor. Vislumbra-se que os egressos do curso se insiram em posi\u00e7\u00f5es de destaque na carreira acad\u00eamica, por meio da continuidade de sua forma\u00e7\u00e3o em centros de excel\u00eancia; em \u00f3rg\u00e3os relevantes do setor p\u00fablico; em institui\u00e7\u00f5es de pesquisa\/thinks tanks de proje\u00e7\u00e3o nacional e internacional; e na gest\u00e3o de projetos de consider\u00e1vel envergadura em organiza\u00e7\u00f5es internacionais. A forma\u00e7\u00e3o espec\u00edfica contribuir\u00e1 para a interpreta\u00e7\u00e3o da linguagem das rela\u00e7\u00f5es internacionais, a compreens\u00e3o do fen\u00f4meno internacional e a an\u00e1lise prospectiva de cen\u00e1rios futuros, com capacidade para interferir na sua consecu\u00e7\u00e3o, mormente nas linhas de pesquisa vinculadas ao Programa.\u00a0<\/p>\n","protected":false},"excerpt":{"rendered":"<p>Apresenta\u00e7\u00e3o O objetivo principal do curso \u00e9 construir suporte te\u00f3rico, metodol\u00f3gico e pr\u00e1tico para fortalecer a produ\u00e7\u00e3o de conhecimentos relevantes sobre as Rela\u00e7\u00f5es Internacionais, com destaque \u00e0 Pol\u00edtica Internacional, especificamente a Institui\u00e7\u00f5es e Desenvolvimento; a Pol\u00edtica e Sociedade Internacional; e a Seguran\u00e7a, Estrat\u00e9gia e Defesa, de forma a provocar a constru\u00e7\u00e3o de saberes transformadores da [&hellip;]<\/p>\n","protected":false},"author":118,"featured_media":0,"parent":0,"menu_order":0,"comment_status":"closed","ping_status":"closed","template":"","meta":{"footnotes":""},"categories":[],"tags":[],"class_list":["post-160","page","type-page","status-publish","hentry"],"acf":[],"_links":{"self":[{"href":"https:\/\/www.ufsm.br\/cursos\/pos-graduacao\/santa-maria\/ppgri\/wp-json\/wp\/v2\/pages\/160","targetHints":{"allow":["GET"]}}],"collection":[{"href":"https:\/\/www.ufsm.br\/cursos\/pos-graduacao\/santa-maria\/ppgri\/wp-json\/wp\/v2\/pages"}],"about":[{"href":"https:\/\/www.ufsm.br\/cursos\/pos-graduacao\/santa-maria\/ppgri\/wp-json\/wp\/v2\/types\/page"}],"author":[{"embeddable":true,"href":"https:\/\/www.ufsm.br\/cursos\/pos-graduacao\/santa-maria\/ppgri\/wp-json\/wp\/v2\/users\/118"}],"replies":[{"embeddable":true,"href":"https:\/\/www.ufsm.br\/cursos\/pos-graduacao\/santa-maria\/ppgri\/wp-json\/wp\/v2\/comments?post=160"}],"version-history":[{"count":0,"href":"https:\/\/www.ufsm.br\/cursos\/pos-graduacao\/santa-maria\/ppgri\/wp-json\/wp\/v2\/pages\/160\/revisions"}],"wp:attachment":[{"href":"https:\/\/www.ufsm.br\/cursos\/pos-graduacao\/santa-maria\/ppgri\/wp-json\/wp\/v2\/media?parent=160"}],"wp:term":[{"taxonomy":"category","embeddable":true,"href":"https:\/\/www.ufsm.br\/cursos\/pos-graduacao\/santa-maria\/ppgri\/wp-json\/wp\/v2\/categories?post=160"},{"taxonomy":"post_tag","embeddable":true,"href":"https:\/\/www.ufsm.br\/cursos\/pos-graduacao\/santa-maria\/ppgri\/wp-json\/wp\/v2\/tags?post=160"}],"curies":[{"name":"wp","href":"https:\/\/api.w.org\/{rel}","templated":true}]}}