{"id":2206,"date":"2024-08-01T09:08:57","date_gmt":"2024-08-01T12:08:57","guid":{"rendered":"https:\/\/www.ufsm.br\/cursos\/pos-graduacao\/santa-maria\/ppgri\/?page_id=2206"},"modified":"2025-04-11T15:27:04","modified_gmt":"2025-04-11T18:27:04","slug":"projetos-de-extensao-do-ppgri","status":"publish","type":"page","link":"https:\/\/www.ufsm.br\/cursos\/pos-graduacao\/santa-maria\/ppgri\/projetos-de-extensao-do-ppgri","title":{"rendered":"Projetos de Extens\u00e3o do PPGRI"},"content":{"rendered":"\n<table style=\"width: 100%;border-style: solid;border-color: #170202;height: 6938px\">\n<tbody>\n<tr style=\"height: 229px\">\n<td style=\"text-align: center;border-style: solid;border-color: #1a0303;background-color: #c1eaf5;width: 19.41%;height: 229px\" width=\"200\">\n<h2><strong><img decoding=\"async\" class=\"aligncenter wp-image-2205 size-thumbnail\" src=\"https:\/\/www.ufsm.br\/app\/uploads\/sites\/497\/2024\/08\/PPGRI-Fundo-Transparente-150x150.png\" alt=\"\" width=\"150\" height=\"150\" srcset=\"https:\/\/www.ufsm.br\/app\/uploads\/sites\/497\/2024\/08\/PPGRI-Fundo-Transparente-150x150.png 150w, https:\/\/www.ufsm.br\/app\/uploads\/sites\/497\/2024\/08\/PPGRI-Fundo-Transparente-300x300.png 300w, https:\/\/www.ufsm.br\/app\/uploads\/sites\/497\/2024\/08\/PPGRI-Fundo-Transparente.png 500w\" sizes=\"(max-width: 150px) 100vw, 150px\" \/><\/strong>Linha de Pesquisa<\/h2>\n<\/td>\n<td style=\"text-align: center;border-style: solid;border-color: #1a0303;background-color: #c1eaf5;width: 79.9689%;height: 229px\" width=\"507\">\n<h1>Projeto por Docente<\/h1>\n<\/td>\n<\/tr>\n<tr style=\"height: 1871px\">\n<td style=\"width: 19.41%;border-style: solid;border-color: #170202;background-color: #bfe3d4;height: 3745px\" rowspan=\"3\" width=\"200\">\n<h2 style=\"text-align: center\">INSTITUI\u00c7\u00d5ES E DESENVOLVIMENTO<\/h2>\n<\/td>\n<td style=\"width: 79.9689%;text-align: justify;border-style: solid;border-color: #140202;background-color: #f5f0f0;height: 1871px\" width=\"507\">\n<p><strong>Coordenador: ADEMAR POZZATTI JUNIOR<\/strong><\/p>\n<p><strong>\u00a0<\/strong><\/p>\n<p><strong>Projeto: <u>Ateli\u00ea de Pesquisa em Direito Internacional<\/u><\/strong><\/p>\n<p><strong>\u00a0<\/strong><\/p>\n<p><strong>Resumo:<\/strong> O Projeto de Extens\u00e3o Ateli\u00ea de Pesquisa em Direito Internacional parte da constata\u00e7\u00e3o de que a consci\u00eancia popular do direito internacional apresenta s\u00e9rias defici\u00eancias e que o campo de pesquisa acad\u00eamica em Direito Internacional (DI) n\u00e3o consegue absorver os espa\u00e7os, escalas e processos pelos quais o direito internacional opera quotidianamente em n\u00edvel local. Com isso em mente, o Ateli\u00ea de Pesquisa em Direito Internacional visa fomentar na forma\u00e7\u00e3o universit\u00e1ria dos estudantes das diversas institui\u00e7\u00f5es de ensino superior de Santa Maria e no imagin\u00e1rio\/pr\u00e1tica dos movimentos sociais\/sociedades locais estudos que reflitam sobre o campo de produ\u00e7\u00e3o acad\u00eamica em DI. O objetivo do Projeto \u00e9 fomentar o desenvolvimento de pesquisas cient\u00edficas no campo do DI nas diversas institui\u00e7\u00f5es de ensino superior de Santa Maria e pretender ser tamb\u00e9m um espa\u00e7o de troca com organiza\u00e7\u00f5es n\u00e3o-governamentais de direitos humanos e de movimentos sociais locais. Para tanto, o Ateli\u00ea de Pesquisa em Direito Internacional faz uso das metodologias cient\u00edficas interdisciplinares, envolvendo pesquisas jur\u00eddicas, pol\u00edticas e sociais, a partir de diversos referenciais te\u00f3ricos e metodol\u00f3gicos. O Projeto pretende promover a cada ano um Ateli\u00ea de Pesquisa em Direito Internacional para levar os conhecimentos acerca dos temas e t\u00e9cnicas de pesquisa para as sete institui\u00e7\u00f5es de ensino superior de Santa Maria e com isso fomentar tamb\u00e9m o interesse nos Programas de P\u00f3s-Gradua\u00e7\u00e3o em Direito e em Rela\u00e7\u00f5es Internacionais da UFSM.<\/p>\n<p>\u00a0<\/p>\n<p><strong>Projeto: <u>Ciclo de Debates em Direito Internacional<\/u><\/strong><\/p>\n<p><strong>\u00a0<\/strong><\/p>\n<p><strong>Resumo:<\/strong> O Projeto de Extens\u00e3o Ciclo de Debates em Direito Internacional visa introduzir na forma\u00e7\u00e3o universit\u00e1ria dos estudantes e no imagin\u00e1rio e na pr\u00e1tica dos movimentos sociais e da sociedade civil local estudos recentes acerca do direito internacional que inovem te\u00f3rico, material e metodologicamente a apresenta\u00e7\u00e3o da disciplina, de modo a apresent\u00e1-la de maneira mais conectada com as realidades locais, distanciando-se da consci\u00eancia popular que a vincula aos privil\u00e9gios das elites globais. Para tanto, Projeto de Extens\u00e3o Ciclo de Debates em Direito Internacional faz uso das metodologias pedag\u00f3gicas populares para tornar a vis\u00e3o do leigo em um conhecimento cr\u00edtico e reflexivo. O projeto pretende realizar um Ciclo de debates em Direito Internacional a cada semestre, onde ser\u00e3o discutidas obras previamente escolhidas para incentivar uma reflex\u00e3o cr\u00edtica acerca da disciplina, de modo a debater temas como direitos humanos, tribunais internacionais, o papel dos movimentos sociais na constru\u00e7\u00e3o do direito internacional, entre outras quest\u00f5es relevantes da \u00e1rea. Os encontros buscam estimular o senso cr\u00edtico e fomentar os atores envolvidos a consci\u00eancia da inter-rela\u00e7\u00e3o entre as esferas normativas nacionais e internacional e a percep\u00e7\u00e3o das consequ\u00eancias locais das pr\u00e1ticas globais. A atividade tem como p\u00fablico alvo a comunidade da UFSM e seu entorno, bem como os professores de ensino m\u00e9dio de Santa Maria e ser\u00e1 hibrida, presencial e remota, para aumentar o seu alcance.<\/p>\n<p>\u00a0<\/p>\n<p><strong>Projeto: <u>Cine Direitos Humanos<\/u><\/strong><\/p>\n<p><strong>\u00a0<\/strong><\/p>\n<p><strong>Resumo:<\/strong> O Projeto de Extens\u00e3o Cine Direitos Humanos parte da constata\u00e7\u00e3o que a consci\u00eancia popular do direito internacional dos direitos humanos e das rela\u00e7\u00f5es internacionais apresentam s\u00e9rias defici\u00eancias, sendo vinculados aos privil\u00e9gios das elites globais, que transitam entre diferentes l\u00ednguas e culturas, n\u00e3o tendo nenhuma rela\u00e7\u00e3o com a sua realidade local. Com isso em mente, o uso pedag\u00f3gico do cinema \u00e9 instrumento capaz de tornar a vis\u00e3o limitada do leigo em constru\u00e7\u00e3o de conhecimento cr\u00edtico e reflexivo capaz de situar a sua posicionalidade estrutural e as condi\u00e7\u00f5es de possibilidade de ag\u00eancia para as mudan\u00e7as que se pretende. Dessa forma, o Cine Direitos Humanos pretende promover sess\u00f5es p\u00fablicas de cinema em escolas p\u00fablicas, seguidas de debates sobre direitos humanos, para estimular a percep\u00e7\u00e3o das consequ\u00eancias locais do direito internacional e as possibilidades de uso desse instrumental para a promo\u00e7\u00e3o da justi\u00e7a social. As atividades do Cine Direitos Humanos t\u00eam como p\u00fablico-alvo estudantes e professora\/es de escolas p\u00fablicas de ensino fundamental e m\u00e9dio localizadas em Santa Maria, bem como a comunidade e movimentos sociais do entorno das escolas parceiras. O Cine Direitos Humanos ser\u00e1 realizado anualmente e conduzir\u00e1 seus trabalhos em tr\u00eas etapas: (1) encontros preparat\u00f3rios com a\/os estudantes envolvida\/os para formar pessoas aptas a compreender a educa\u00e7\u00e3o popular atrav\u00e9s da arte; (2) realiza\u00e7\u00e3o de sess\u00f5es p\u00fablicas de filmes relacionados a tem\u00e1tica de direitos humanos e os debates dos mesmos; e (3) encontros para reflex\u00e3o dos participantes, buscando avaliar as atividades e questionar se elas cumpriram sua proposta.<\/p>\n<\/td>\n<\/tr>\n<tr style=\"height: 1151px\">\n<td style=\"width: 79.9689%;text-align: justify;border-style: solid;border-color: #140202;background-color: #f5f0f0;height: 1151px\" width=\"507\">\n<p><strong>Coordenador: JOSE RENATO FERRAZ DA SILVEIRA<\/strong><\/p>\n<p><strong>Projeto: <u>Paralelo 33<\/u><\/strong><\/p>\n<p><strong>Resumo:<\/strong> O projeto de extens\u00e3o, Paralelo 33, vinculado aos Cursos de Gradua\u00e7\u00e3o e P\u00f3s-Gradua\u00e7\u00e3o em Rela\u00e7\u00f5es Internacionais da UFSM, procura valer-se de recursos l\u00fadicos e da abordagem interdisciplinar das Rela\u00e7\u00f5es Internacionais para debater tem\u00e1ticas relacionadas ao Sul Global, fomentando o interesse da sociedade para o desenvolvimento do conhecimento plural e o debate coletivo e procurando auxiliar na constru\u00e7\u00e3o de empatia e capacidade cr\u00edtica. Trata-se de programa de r\u00e1dio (UNIFM e R\u00e1dio Universidade AM), replicado em podcast on-line, com periodicidade regular. O projeto envolver\u00e1 a promo\u00e7\u00e3o de debates sobre temas de cultura, sociedade, economia e pol\u00edtica sobre o Sul Global, mediante o uso de recursos l\u00fadicos (m\u00fasica, cinema, literatura e outras artes) e a colabora\u00e7\u00e3o de professores e especialistas convidados. No Paralelo 33 pretende-se fomentar di\u00e1logos amplos entre acad\u00eamicos e a sociedade sobre tem\u00e1ticas acerca dessas regi\u00f5es, por meio de debates, m\u00fasicas e entrevistas. As atividades envolver\u00e3o amplamente a comunidade na qual a UFSM est\u00e1 inserida, caracterizada pela presen\u00e7a significativa de imigrantes e descendentes de regi\u00f5es do Sul Global (Am\u00e9rica Latina, \u00c1frica, Oriente M\u00e9dio e Sul-Sudeste Asi\u00e1tico). A comunidade local ser\u00e1 agente no processo e incentivada a participar ativamente das atividades a serem promovidas pelo projeto.<\/p>\n<\/td>\n<\/tr>\n<tr style=\"height: 723px\">\n<td style=\"width: 79.9689%;text-align: justify;border-style: solid;border-color: #140202;background-color: #f5f0f0;height: 723px\" width=\"507\">\n<p><strong>Coordenador: <\/strong><strong>JOSE LUIZ DE MOURA FILHO<\/strong><\/p>\n<p><strong>\u00a0<\/strong><\/p>\n<p><strong>Projeto: <u>A fronteira &#8211; antirracista e diversa<\/u><\/strong><\/p>\n<p><strong>\u00a0<\/strong><\/p>\n<p><strong>Resumo:<\/strong> A a\u00e7\u00e3o tem por objeto a efetiva\u00e7\u00e3o de Pol\u00edticas P\u00fablicas de Promo\u00e7\u00e3o da Igualdade Racial, por meio da capacita\u00e7\u00e3o\/qualifica\u00e7\u00e3o de lideran\u00e7as comunit\u00e1rias locais, brasileiras e uruguaias, precedida da atualiza\u00e7\u00e3o de um diagn\u00f3stico acerca das condi\u00e7\u00f5es de vida das mesmas neste espa\u00e7o transfronteiri\u00e7o. Constru\u00edda juntamente com outras Institui\u00e7\u00f5es de Ensino Superior &#8211; IESs da fronteira entre estes pa\u00edses, a partir da experi\u00eancia desenvolvida em 2020\/2021, financiada pelo ODH\/UFSM, denominada Corredores Culturais I e II, estas com foco em duas comunidades quilombolas e uma ind\u00edgena, situadas no munic\u00edpio de Acegu\u00e1\/RS, tem por objetivo contribuir para a constru\u00e7\u00e3o de um espa\u00e7o acad\u00e9mico-comunit\u00e1rio de coopera\u00e7\u00e3o e refer\u00eancia binacional da fronteira Brasil\/Uruguai que promova a gera\u00e7\u00e3o de iniciativas e ferramentas de prote\u00e7\u00e3o dos direitos humanos das comunidades afrodescendentes, ind\u00edgenas e outros que sofrem racismo e discrimina\u00e7\u00e3o \u00e9tnico-racial, com vistas a melhorar as suas condi\u00e7\u00f5es de vida, utilizando-se, basicamente, Etnografia, como Metodologia de Abordagem e da Investiga\u00e7\u00e3o Participativa, Cartografia Social e Sistematiza\u00e7\u00e3o como M\u00e9todos de Procedimento. As atividades se desenvolver\u00e3o, inicialmente, apenas nos territ\u00f3rios do munic\u00edpio de Ros\u00e1rio do Sul\/RS\/BR e Villa Ansina\/Tacuaremb\u00f3\/UY, com foco nas popula\u00e7\u00f5es negras, em 2022, e, ap\u00f3s, se estender\u00e3o a toda zona de fronteira Brasil\/Uruguai, at\u00e9 2024, cujo Relat\u00f3rio ser\u00e1 levado \u00e0 Assembleia Geral das Na\u00e7\u00f5es Unidas \u2013 ONU, ap\u00f3s o encerramento da D\u00e9cada Internacional do Afrodescendente (2015\/2024), a partir do que se espera contribuir para a avalia\u00e7\u00e3o das Pol\u00edticas de Igualdade Racial nesta regi\u00e3o, bem como sua replica\u00e7\u00e3o \u2013 caso pertinente &#8211; em outros territ\u00f3rios espacial, cultural e socioeconomicamente semelhantes.<\/p>\n<p>\u00a0<\/p>\n<p><strong>Projeto: <\/strong><strong>Diplomacia Universit\u00e1ria &#8211; Casa das Na\u00e7\u00f5es<\/strong><\/p>\n<p>\u00a0<\/p>\n<p><span style=\"font-weight: 400\"><strong> Resumo: <\/strong>A Casa das Na\u00e7\u00f5es tem por objeto constituir-se em um espa\u00e7o f\u00edsico &#8211; de refer\u00eancia regional para comunidades estrangeiras, \u00e0 escala, inicialmente do MERCOSUL &#8211; para sediar representa\u00e7\u00f5es diplom\u00e1ticas de car\u00e1ter honor\u00e1rio, escrit\u00f3rios de organismos internacionais e mesmo de Organiza\u00e7\u00f5es N\u00e3o Governamentais \u2013 ONGs, estas \u00faltimas com atua\u00e7\u00e3o mundialmente reconhecida, especialmente na \u00e1rea dos Direitos Humanos, e aquelas primeiras de pa\u00edses pobres\/em desenvolvimento. Visa, assim, promover, planejar e executar a\u00e7\u00f5es orientadas ao acesso \u00e0 justi\u00e7a social, por meio do reconhecimento e concretiza\u00e7\u00e3o de direitos fundamentais (individuais e coletivos) de minorias, com vistas a uma pr\u00e1tica extensionista diversa da tradicional, n\u00e3o assistencialista. Tais objetivos dever\u00e3o ser atingidos por meio da Resid\u00eancia, que envolve n\u00e3o apenas a perman\u00eancia mais efetiva de seus participantes nos espa\u00e7os\/equipamentos p\u00fablicos e comunit\u00e1rios como, tamb\u00e9m, a participa\u00e7\u00e3o de profissionais egressos &#8211; da UFSM e de outras IESs &#8211; com vistas \u00e0 orienta\u00e7\u00e3o dos estudantes das mais diversas \u00e1reas do conhecimento, para a presta\u00e7\u00e3o de servi\u00e7os \u00e0s comunidades tradicionais\/estrangeiras. Do ponto de vista te\u00f3rico, tendo em vista que o Programa Nacional de Direitos Humanos 3\/PNDH-3 continua em vigor, seus Eixos Orientadores servir\u00e3o de referencial, contribuindo, assim, para a constru\u00e7\u00e3o de um pol\u00edtica de curriculariza\u00e7\u00e3o da Extens\u00e3o na UFSM, por meio da elabora\u00e7\u00e3o de novos PPCs, inclusive. Da mesma forma, os 17 Objetivos de Desenvolvimento Sustent\u00e1vel do Mil\u00eanio \u2013 ODSs ser\u00e3o observados enquanto normativa internacional de consenso em mat\u00e9ria socioambiental, ambas tem\u00e1ticas com natureza transversal, indispens\u00e1veis \u00e0 forma\u00e7\u00e3o profissional e \u00e0 constru\u00e7\u00e3o do conhecimento, tarefas a que a Universidade do s\u00e9culo XXI n\u00e3o mais pode ignorar, j\u00e1 que al\u00e9m de p\u00fablica, gratuidade e de qualidade, se pretende em socialmente referenciada.<\/span><\/p>\n<p>\u00a0<\/p>\n<p>\u00a0<\/p>\n<\/td>\n<\/tr>\n<tr style=\"height: 399px\">\n<td style=\"width: 19.41%;border-style: solid;border-color: #1a0202;background-color: #b4c2ae;height: 1910px\" rowspan=\"3\" width=\"200\">\n<h2 style=\"text-align: center\">POL\u00cdTICA E SOCIEDADE INTERNACIONAL<\/h2>\n<\/td>\n<td style=\"width: 79.9689%;text-align: justify;border-style: solid;border-color: #140303;background-color: #f7f0f0;height: 399px\" width=\"507\">\n<p><strong>Coordenador: <\/strong><strong>FLAVIO AUGUSTO LIRA NASCIMENTO<\/strong><\/p>\n<p><strong>\u00a0<\/strong><\/p>\n<p><strong>Projeto: <u>Escala Global (N\u00facleo P\u00f3s-Gradua\u00e7\u00e3o)<\/u><\/strong><\/p>\n<p><strong>\u00a0<\/strong><\/p>\n<p><strong>Resumo:<\/strong> O Escala Global \u00e9 um projeto que tem como meta divulgar assuntos de Rela\u00e7\u00f5es Internacionais de maneira acess\u00edvel e aprofundada atrav\u00e9s do YouTube e do Spotify. Periodicamente, temas s\u00e3o abordados de maneira explicativa (com pesquisa pr\u00e9via e\/ou participa\u00e7\u00e3o de especialistas entrevistados) e o material final \u00e9 editado e lan\u00e7ado para o p\u00fablico. O N\u00facleo P\u00f3s-Gradua\u00e7\u00e3o (NPG), lotado na UFSM, trabalhar\u00e1 diretamente com o N\u00facleo Gradua\u00e7\u00e3o (NG) do Escala Global, supervisionando os graduandos em suas pesquisas e auxiliando com a edi\u00e7\u00e3o dos v\u00eddeos atrav\u00e9s da plataforma Wondershare Filmora.<\/p>\n<\/td>\n<\/tr>\n<tr style=\"height: 723px\">\n<td style=\"width: 79.9689%;text-align: justify;border-style: solid;border-color: #140303;background-color: #f7f0f0;height: 723px\" width=\"507\">\n<p><strong>Coordenadora: <\/strong><strong>JOSELI FIORIN GOMES<\/strong><\/p>\n<p><strong>\u00a0<\/strong><\/p>\n<p><strong>Projeto: F5 Junior &#8211; Consultoria Internacional<\/strong><\/p>\n<p><strong>\u00a0<\/strong><\/p>\n<p><strong>Resumo:<\/strong> A F5 Junior &#8211; Consultoria Internacional \u00e9 uma empresa j\u00fanior que atua na \u00e1rea de estrat\u00e9gia e an\u00e1lise do Com\u00e9rcio Exterior com foco nos objetivos de desenvolvimento sustent\u00e1vel das Na\u00e7\u00f5es Unidas (ODS \/ ONU) e com projetos engajados na agenda 2030. Sem fins lucrativos, a empresa \u00e9 formada e gerida por estudantes universit\u00e1rios e busca por meio da viv\u00eancia empresarial auxiliar na forma\u00e7\u00e3o de l\u00edderes e profissionais comprometidos e capazes de transformar realidades. Sendo uma oportunidade de acesso \u00e0 viv\u00eancia empresarial dentro do ambiente da gradua\u00e7\u00e3o, a F5 se prop\u00f5e a auxiliar no desenvolvimento pessoal e profissional dos seus membros por meio de projetos na \u00e1rea de Consultoria Internacional com vi\u00e9s integrado aos ODS. O presente projeto de extens\u00e3o da F5 ter\u00e1 per\u00edodo de execu\u00e7\u00e3o de cinco anos, sendo marcado por trocas anuais da Diretoria Executiva. A empresa \u00e9 orientada pelo prof. Dr. G\u00fcnther Mros e visa a cultura de resultados por meio de tr\u00eas grandes pilares. O primeiro pilar \u00e9 sustentado pela busca do desenvolvimento dos indiv\u00edduos, com os prop\u00f3sitos de mudar realidades, fornecer capacita\u00e7\u00e3o e vencer desafios encontrados no cotidiano do ambiente de uma empresa j\u00fanior. O segundo pilar trata da atua\u00e7\u00e3o no desenvolvimento social, por meio de consultorias e capacita\u00e7\u00f5es oferecidos pelos alunos \u00e0 sociedade. Este ponto \u00e9 essencial para a exist\u00eancia da F5 Junior, uma vez que o preparo dos projetos e capacita\u00e7\u00f5es tende a se tornar uma forte ferramenta para o desenvolvimento profissional dos alunos e uma possibilidade acad\u00eamica de impactar na sociedade com os conhecimentos adquiridos em sala de aula. Por fim, como terceiro pilar, busca-se o impacto dentro da Universidade Federal de Santa Maria ao se possibilitar um ambiente sadio de implementa\u00e7\u00e3o das atividades de extens\u00e3o, unindo teoria e pr\u00e1tica.<\/p>\n<\/td>\n<\/tr>\n<tr style=\"height: 788px\">\n<td style=\"width: 79.9689%;text-align: justify;border-style: solid;border-color: #140303;background-color: #f7f0f0;height: 788px\" width=\"507\">\n<p><strong>Coordenadora: <\/strong><strong>MARIANA SELISTER GOMES<\/strong><\/p>\n<p><strong>\u00a0<\/strong><\/p>\n<p><strong>Projeto: <u>G\u00eanero, Interseccionalidade e Direitos Humanos &#8211; GIDH<\/u><\/strong><\/p>\n<p><strong>\u00a0<\/strong><\/p>\n<p><strong>Resumo:<\/strong> O Programa de Extens\u00e3o G\u00eanero, Interseccionalidade e Direitos Humanos (GIDH), desenvolvido pelo GEPACS\/UFSM, juntamente com seus parceiros externos (associa\u00e7\u00f5es da sociedade civil e movimentos sociais), visa, como objetivo geral, difundir e fortalecer as discuss\u00f5es cient\u00edficas e as lutas sociais acerca da Igualdade de G\u00eanero, da Interseccionalidade e dos Direitos Humanos na Universidade Federal de Santa Maria e em seu entorno social. Para isto, realizou as seguintes a\u00e7\u00f5es, ao longo de 2019: (1) cria\u00e7\u00e3o de um Grupo Gestor envolvendo 8 entidades (Comiss\u00e3o de Direitos Humanos da OAB-SM, Comiss\u00e3o de Igualdade Racial da OAB-SM, Comiss\u00e3o de Diversidade Sexual e G\u00eanero da OAB-SM, Coletivo Voe, Coletivo Dandaras, Coletivo Grita, Associa\u00e7\u00e3o M\u00e3es e Pais pela Democracia e Escola de Samba Mocidade Independente das Dores); (2) Workshops de divulga\u00e7\u00e3o e debate de pesquisas cient\u00edficas atuais e de a\u00e7\u00f5es de mobiliza\u00e7\u00e3o em torno das tem\u00e1ticas do projeto (total de seis); (3) Palestras informativas sobre as referidas tem\u00e1ticas, voltadas para a comunidade em geral (total de duas); (4) Cartilha informativa, constru\u00edda a partir do conte\u00fado das palestras, disponibilizada on-line; (5) Festival cultural e formativos em torno das tem\u00e1ticas, envolvendo manifesta\u00e7\u00f5es art\u00edsticas (teatro, dan\u00e7a, m\u00fasica), gastronomia, artesanato e rodas de conversa, voltado para a comunidade; (6) Aplica\u00e7\u00e3o de Question\u00e1rios ao p\u00fablico participante, a fim de avaliar o impacto e a import\u00e2ncia de Programas como este. Al\u00e9m disso, o GIDH busca difundir o conhecimento e as lutas em torno da Igualdade de G\u00eanero e dos Direitos Humanos atrav\u00e9s de participa\u00e7\u00f5es na m\u00eddia, como a entrevista concedida ao Programa C\u00e2mara Entrevista, da TV C\u00e2mara. A Metodologia de trabalho \u00e9 baseada na Gest\u00e3o Democr\u00e1tica Participativa, est\u00e1 ancorada no trip\u00e9 Ensino-Pesquisa-Extens\u00e3o e, orienta-se pelas diretrizes da Pesquisa-A\u00e7\u00e3o, do Conhecimento Situado e das Metodologias Feministas e Antirracistas.<\/p>\n<\/td>\n<\/tr>\n<tr style=\"height: 1054px\">\n<td style=\"width: 19.41%;border-style: solid;border-color: #120202;background-color: #21d98f;height: 1054px\" width=\"200\">\n<h2 style=\"text-align: center\">SEGURAN\u00c7A, ESTRAT\u00c9GIA E DEFESA<\/h2>\n<\/td>\n<td style=\"width: 79.9689%;border-style: solid;border-color: #120202;background-color: #faf5f5;height: 1054px\" width=\"507\">\n<p style=\"text-align: justify\"><strong>Coordenador: <\/strong><strong>IGOR CASTELLANO DA SILVA<\/strong><\/p>\n<p style=\"text-align: justify\">\u00a0<\/p>\n<p style=\"text-align: justify\"><strong>Projeto: <u>GAMEFICADOS: O Mundo Real nos Jogos Digitais<\/u><\/strong><\/p>\n<p style=\"text-align: justify\"><strong>\u00a0<\/strong><\/p>\n<p style=\"text-align: justify\"><strong>Resumo:<\/strong> O Programa de Extens\u00e3o \u201cGAMEFICADOS: O Mundo Real nos Jogos Digitais\u201d, vinculado ao Grupo de Estudos em Capacidade Estatal, Seguran\u00e7a e Defesa (GECAP), constitui-se como programa articulador de a\u00e7\u00f5es de extens\u00e3o (projetos, cursos, eventos, workshops, produtos), conectadas \u00e0 pesquisa e ao ensino. O Programa procura promover, por meio prioritariamente digital\/virtual, o debate social amplo, com suporte cient\u00edfico, sobre os processos de gamifica\u00e7\u00e3o do mundo real (jogos digitais presentes cada vez mais no nosso dia a dia da sociedade) e mundifica\u00e7\u00e3o dos jogos digitais (jogos digitais propagando conte\u00fados pol\u00edtico-sociais complexos e simulando din\u00e2micas reais). A miss\u00e3o principal \u00e9 construir pontes entre a Universidade e a sociedade de modo a contribuir para a compreens\u00e3o conjunta sobre a relev\u00e2ncia dos jogos digitais no mundo contempor\u00e2neo, como recurso de ensino-aprendizagem das Ci\u00eancias Sociais e Humanas (no contexto das Humanidades Digitais), e como forma amplamente difundida de representa\u00e7\u00e3o e veicula\u00e7\u00e3o de saberes hist\u00f3ricos e contempor\u00e2neos por meio de pr\u00e1ticas l\u00fadicas e interativas.<\/p>\n<p style=\"text-align: justify\">\u00a0<\/p>\n<p style=\"text-align: justify\"><strong>Projeto: <u>Semin\u00e1rios de Pesquisa &#8211; PPGRI\/UFSM<\/u><\/strong><\/p>\n<p style=\"text-align: justify\"><strong>\u00a0<\/strong><\/p>\n<p style=\"text-align: justify\"><strong>Resumo: <\/strong>O projeto de extens\u00e3o, vinculado ao Programa de P\u00f3s-Gradua\u00e7\u00e3o em Rela\u00e7\u00f5es Internacionais, procura promover e disseminar entre estudantes de gradua\u00e7\u00e3o e p\u00f3s-gradua\u00e7\u00e3o de Rela\u00e7\u00f5es Internacionais e \u00e1reas afins, bem como na comunidade local, nacional e internacional a suscetibilidade para o conhecimento e o debate de temas relacionados \u00e0s rela\u00e7\u00f5es internacionais contempor\u00e2neas. Os Semin\u00e1rios de Pesquisa t\u00eam os objetivos de debater socialmente o processo de desenvolvimento de pesquisas cient\u00edficas nas Rela\u00e7\u00f5es Internacionais e difundir resultados e reflex\u00f5es sobre tais pesquisas \u00e0 sociedade ampla, para al\u00e9m dos muros da Universidade. Os Semin\u00e1rios ocorrer\u00e3o mensalmente e ser\u00e3o transmitidos gratuitamente ao p\u00fablico amplo, pelo canal do PPGRI\/UFSM no YouTube. Ser\u00e3o emitidos certificados de participa\u00e7\u00e3o a todos que preencherem o formul\u00e1rio a ser disponibilizado via chat da transmiss\u00e3o no momento do evento. As atividades envolver\u00e3o amplamente a comunidade na qual a UFSM est\u00e1 inserida. A comunidade local ser\u00e1 agente no processo e incentivada a participar ativamente das atividades a serem promovidas pelo projeto.<\/p>\n<\/td>\n<\/tr>\n<\/tbody>\n<\/table>\n","protected":false},"excerpt":{"rendered":"<p>Linha de Pesquisa Projeto por Docente INSTITUI\u00c7\u00d5ES E DESENVOLVIMENTO Coordenador: ADEMAR POZZATTI JUNIOR \u00a0 Projeto: Ateli\u00ea de Pesquisa em Direito Internacional \u00a0 Resumo: O Projeto de Extens\u00e3o Ateli\u00ea de Pesquisa em Direito Internacional parte da constata\u00e7\u00e3o de que a consci\u00eancia popular do direito internacional apresenta s\u00e9rias defici\u00eancias e que o campo de pesquisa acad\u00eamica em [&hellip;]<\/p>\n","protected":false},"author":905,"featured_media":0,"parent":0,"menu_order":0,"comment_status":"closed","ping_status":"closed","template":"","meta":{"footnotes":""},"categories":[],"tags":[],"class_list":["post-2206","page","type-page","status-publish","hentry"],"acf":[],"_links":{"self":[{"href":"https:\/\/www.ufsm.br\/cursos\/pos-graduacao\/santa-maria\/ppgri\/wp-json\/wp\/v2\/pages\/2206","targetHints":{"allow":["GET"]}}],"collection":[{"href":"https:\/\/www.ufsm.br\/cursos\/pos-graduacao\/santa-maria\/ppgri\/wp-json\/wp\/v2\/pages"}],"about":[{"href":"https:\/\/www.ufsm.br\/cursos\/pos-graduacao\/santa-maria\/ppgri\/wp-json\/wp\/v2\/types\/page"}],"author":[{"embeddable":true,"href":"https:\/\/www.ufsm.br\/cursos\/pos-graduacao\/santa-maria\/ppgri\/wp-json\/wp\/v2\/users\/905"}],"replies":[{"embeddable":true,"href":"https:\/\/www.ufsm.br\/cursos\/pos-graduacao\/santa-maria\/ppgri\/wp-json\/wp\/v2\/comments?post=2206"}],"version-history":[{"count":0,"href":"https:\/\/www.ufsm.br\/cursos\/pos-graduacao\/santa-maria\/ppgri\/wp-json\/wp\/v2\/pages\/2206\/revisions"}],"wp:attachment":[{"href":"https:\/\/www.ufsm.br\/cursos\/pos-graduacao\/santa-maria\/ppgri\/wp-json\/wp\/v2\/media?parent=2206"}],"wp:term":[{"taxonomy":"category","embeddable":true,"href":"https:\/\/www.ufsm.br\/cursos\/pos-graduacao\/santa-maria\/ppgri\/wp-json\/wp\/v2\/categories?post=2206"},{"taxonomy":"post_tag","embeddable":true,"href":"https:\/\/www.ufsm.br\/cursos\/pos-graduacao\/santa-maria\/ppgri\/wp-json\/wp\/v2\/tags?post=2206"}],"curies":[{"name":"wp","href":"https:\/\/api.w.org\/{rel}","templated":true}]}}