{"id":173,"date":"2025-01-23T11:40:44","date_gmt":"2025-01-23T14:40:44","guid":{"rendered":"https:\/\/www.ufsm.br\/cursos\/pos-graduacao\/santa-maria\/ppgsc\/?page_id=173"},"modified":"2025-09-30T15:13:07","modified_gmt":"2025-09-30T18:13:07","slug":"docentes","status":"publish","type":"page","link":"https:\/\/www.ufsm.br\/cursos\/pos-graduacao\/santa-maria\/ppgsc\/docentes","title":{"rendered":"Docentes"},"content":{"rendered":"\t\t<div data-elementor-type=\"wp-page\" data-elementor-id=\"173\" class=\"elementor elementor-173\">\n\t\t\t\t\t\t<section class=\"elementor-section elementor-top-section elementor-element elementor-element-50d4a9c2 elementor-section-boxed elementor-section-height-default elementor-section-height-default\" data-id=\"50d4a9c2\" data-element_type=\"section\">\n\t\t\t\t\t\t<div class=\"elementor-container elementor-column-gap-default\">\n\t\t\t\t\t<div class=\"elementor-column elementor-col-100 elementor-top-column elementor-element elementor-element-30908f52\" data-id=\"30908f52\" data-element_type=\"column\">\n\t\t\t<div class=\"elementor-widget-wrap elementor-element-populated\">\n\t\t\t\t\t\t<div class=\"elementor-element elementor-element-6842f78b elementor-widget elementor-widget-text-editor\" data-id=\"6842f78b\" data-element_type=\"widget\" data-widget_type=\"text-editor.default\">\n\t\t\t\t<div class=\"elementor-widget-container\">\n\t\t\t\t\t\t\t<table style=\"border-collapse: collapse;width: 100%\"><tbody><tr style=\"background-color: #008ae5\"><td style=\"width: 41.874%;text-align: center\"><span style=\"font-size: 14pt\"><strong><span style=\"color: #ffffff\">Docente<\/span><\/strong><\/span><\/td><td style=\"width: 58.126%;text-align: center\"><span style=\"font-size: 14pt\"><strong><span style=\"color: #ffffff\">Informa\u00e7\u00f5es<\/span><\/strong><\/span><\/td><\/tr><tr><td style=\"width: 41.874%\"><p><strong>Ana Luiza Ferrer<\/strong><\/p><\/td><td style=\"width: 58.126%\"><ul><li><strong>Linha de pesquisa: Pol\u00edtica, Planejamento e Gest\u00e3o da Sa\u00fade<\/strong><\/li><li>Mais informa\u00e7\u00f5es aqui: <a href=\"https:\/\/ufsmpublica.ufsm.br\/docente\/17056\">https:\/\/ufsmpublica.ufsm.br\/docente\/17056<\/a><\/li><li><span style=\"font-weight: 400\">Link Lattes: <a href=\"http:\/\/lattes.cnpq.br\/2406009276436807\">http:\/\/lattes.cnpq.br\/2406009276436807<\/a><\/span><\/li><li>Email: <a href=\"mailto:ana-luiza-ferrer@ufsm.br\">ana-luiza-ferrer@ufsm.br<\/a><\/li><\/ul><\/td><\/tr><tr><td style=\"width: 41.874%\"><p><strong>Edi Franciele Ries<\/strong><\/p><\/td><td style=\"width: 58.126%\"><ul><li><strong>Linha de pesquisa: Epidemiologia<\/strong><\/li><li>Mais informa\u00e7\u00f5es aqui: <a href=\"https:\/\/ufsmpublica.ufsm.br\/docente\/15840\">https:\/\/ufsmpublica.ufsm.br\/docente\/15840<\/a><\/li><li><span style=\"font-weight: 400\">Link Lattes: <a href=\"http:\/\/lattes.cnpq.br\/5252782576561685\">http:\/\/lattes.cnpq.br\/5252782576561685<\/a><\/span><\/li><li><span style=\"font-weight: 400\">Email: <a href=\"mailto:edi.ries@ufsm.br\">edi.ries@ufsm.br<\/a><\/span><\/li><\/ul><\/td><\/tr><tr><td style=\"width: 41.874%\"><p><b>La\u00eds Mara Caetano da Silva<\/b><\/p><\/td><td style=\"width: 58.126%\"><ul><li><strong>Linha de pesquisa: Pol\u00edtica, Planejamento e Gest\u00e3o da Sa\u00fade<\/strong><\/li><li>Mais informa\u00e7\u00f5es aqui: <a href=\"https:\/\/ufsmpublica.ufsm.br\/docente\/18634\">https:\/\/ufsmpublica.ufsm.br\/docente\/18634<\/a><\/li><li><span style=\"font-weight: 400\">Link Lattes: <a href=\"http:\/\/lattes.cnpq.br\/3959038836778303\">http:\/\/lattes.cnpq.br\/3959038836778303\u00a0<\/a><\/span><\/li><li><span style=\"font-weight: 400\">Email: <a href=\"mailto:lais.silva@ufsm.br\">lais.silva@ufsm.br<\/a><\/span><\/li><\/ul><\/td><\/tr><tr><td style=\"width: 41.874%\"><p><b>Laura Ferreira Cortes<\/b><\/p><\/td><td style=\"width: 58.126%\"><ul><li><strong>Linha de pesquisa: Ci\u00eancias Sociais e Humanas em Sa\u00fade<\/strong><\/li><li>Mais informa\u00e7\u00f5es aqui: <a href=\"https:\/\/ufsmpublica.ufsm.br\/docente\/19281\">https:\/\/ufsmpublica.ufsm.br\/docente\/19281<\/a><\/li><li><span style=\"font-weight: 400\">Link Lattes: <a href=\"http:\/\/lattes.cnpq.br\/2538379515684954\">http:\/\/lattes.cnpq.br\/2538379515684954<\/a><\/span><\/li><li><span style=\"font-weight: 400\">Email:<\/span> <a href=\"mailto:laurafc@politecnico.ufsm.br\"><span style=\"font-weight: 400\">laurafc@politecnico.ufsm.br<\/span><\/a><\/li><\/ul><\/td><\/tr><tr><td style=\"width: 41.874%\"><p><b>Liane Beatriz Righi<\/b><\/p><\/td><td style=\"width: 58.126%\"><ul><li><strong>Linha de pesquisa: Pol\u00edtica, Planejamento e Gest\u00e3o da Sa\u00fade<\/strong><\/li><li>Mais informa\u00e7\u00f5es aqui: <a href=\"https:\/\/ufsmpublica.ufsm.br\/docente\/18127\">https:\/\/ufsmpublica.ufsm.br\/docente\/18127<\/a><\/li><li><span style=\"font-weight: 400\">Link Lattes: <a href=\"http:\/\/lattes.cnpq.br\/5575942071914661\">http:\/\/lattes.cnpq.br\/5575942071914661<\/a><\/span><\/li><li><span style=\"font-weight: 400\">Email: <a href=\"mailto:liane.righi@ufsm.br\">liane.righi@ufsm.br<\/a><\/span><\/li><\/ul><\/td><\/tr><tr><td style=\"width: 41.874%\"><p><b>Lisiane Boer Possa<\/b><\/p><\/td><td style=\"width: 58.126%\"><ul><li><strong>Linha de pesquisa: Ci\u00eancias Sociais e Humanas em Sa\u00fade<\/strong><\/li><li>Mais informa\u00e7\u00f5es aqui: <a href=\"https:\/\/ufsmpublica.ufsm.br\/docente\/23248\">https:\/\/ufsmpublica.ufsm.br\/docente\/23248<\/a><\/li><li><span style=\"font-weight: 400\">Link Lattes: <a href=\"http:\/\/lattes.cnpq.br\/0035376334365334\">http:\/\/lattes.cnpq.br\/0035376334365334<\/a><\/span><\/li><li><span style=\"font-weight: 400\">Email:<\/span> <a href=\"mailto:lisiane.possa@ufsm.br\"><span style=\"font-weight: 400\">lisiane.possa@ufsm.br<\/span><\/a><\/li><\/ul><\/td><\/tr><tr><td style=\"width: 41.874%\"><p><b>Lu\u00eds Ant\u00f4nio Sangioni<\/b><\/p><\/td><td style=\"width: 58.126%\"><ul><li><strong>Linha de pesquisa: Epidemiologia<\/strong><\/li><li>Mais informa\u00e7\u00f5es aqui: <a href=\"https:\/\/ufsmpublica.ufsm.br\/docente\/13401\">https:\/\/ufsmpublica.ufsm.br\/docente\/13401<\/a><\/li><li><span style=\"font-weight: 400\">Link Lattes: <a href=\"http:\/\/lattes.cnpq.br\/8056805667740451\">http:\/\/lattes.cnpq.br\/8056805667740451<\/a><\/span><\/li><li><span style=\"font-weight: 400\">Email: <a href=\"mailto:lasangioni@gmail.com\">lasangioni@gmail.com<\/a><\/span><\/li><\/ul><\/td><\/tr><tr><td style=\"width: 41.874%\"><p><b>Marinel Mor Dall&#8217;Agnol<\/b><\/p><\/td><td style=\"width: 58.126%\"><ul><li><strong>Linha de pesquisa: Epidemiologia<\/strong><\/li><li>Mais informa\u00e7\u00f5es aqui: <a href=\"https:\/\/ufsmpublica.ufsm.br\/docente\/13349\">https:\/\/ufsmpublica.ufsm.br\/docente\/13349<\/a><\/li><li><span style=\"font-weight: 400\">Link Lattes: <a href=\"http:\/\/lattes.cnpq.br\/6598269214237110\">http:\/\/lattes.cnpq.br\/6598269214237110<\/a><\/span><\/li><li>Email:\u00a0<a href=\"mailto:marinel@ufsm.br\">marinel@ufsm.br<\/a><\/li><\/ul><\/td><\/tr><tr><td style=\"width: 41.874%\"><p><b>Monalisa Dias de Siqueira<\/b><\/p><\/td><td style=\"width: 58.126%\"><ul><li><strong>Linha de pesquisa: Ci\u00eancias Sociais e Humanas em Sa\u00fade<\/strong><\/li><li>Mais informa\u00e7\u00f5es aqui: <a href=\"https:\/\/ufsmpublica.ufsm.br\/docente\/26055\">https:\/\/ufsmpublica.ufsm.br\/docente\/26055<\/a><\/li><li><span style=\"font-weight: 400\">Link Lattes: <a href=\"http:\/\/lattes.cnpq.br\/0994530332510835\">http:\/\/lattes.cnpq.br\/0994530332510835<\/a><\/span><\/li><li>Email: <a href=\"mailto:monalisa.siqueira@ufsm.br\">monalisa.siqueira@ufsm.br<\/a><\/li><\/ul><\/td><\/tr><tr><td style=\"width: 41.874%\"><p><b>Rosangela da Costa Lima<\/b><\/p><\/td><td style=\"width: 58.126%\"><ul><li><strong>Linha de pesquisa: Epidemiologia<\/strong><\/li><li>Mais informa\u00e7\u00f5es aqui: <a href=\"https:\/\/ufsmpublica.ufsm.br\/docente\/23745\">https:\/\/ufsmpublica.ufsm.br\/docente\/23745<\/a><\/li><li><span style=\"font-weight: 400\">Link Lattes: <a href=\"http:\/\/lattes.cnpq.br\/0333485081884742\">http:\/\/lattes.cnpq.br\/0333485081884742<\/a><\/span><\/li><li><span style=\"font-weight: 400\">Email: <a href=\"mailto:rosangela.lima@ufsm.br\">rosangela.lima@ufsm.br<\/a><\/span><\/li><\/ul><\/td><\/tr><tr><td style=\"width: 41.874%\"><p><b>T\u00e2nia Solange Bosi de Souza Magnago<\/b><\/p><\/td><td style=\"width: 58.126%\"><ul><li><strong>Linha de pesquisa: Epidemiologia<\/strong><\/li><li>Mais informa\u00e7\u00f5es aqui: <a href=\"https:\/\/ufsmpublica.ufsm.br\/docente\/13082\">https:\/\/ufsmpublica.ufsm.br\/docente\/13082<\/a><\/li><li><span style=\"font-weight: 400\">Link Lattes: <a href=\"http:\/\/lattes.cnpq.br\/3081145376769567\">http:\/\/lattes.cnpq.br\/3081145376769567<\/a><\/span><\/li><li><span style=\"font-weight: 400\">Email: <a href=\"mailto:tania.magnago@ufsm.br\">tania.magnago@ufsm.br<\/a><\/span><\/li><\/ul><\/td><\/tr><tr><td style=\"width: 41.874%\"><p><b>Teresinha Heck Weiller<\/b><\/p><\/td><td style=\"width: 58.126%\"><ul><li><strong>Linha de pesquisa: Pol\u00edtica, Planejamento e Gest\u00e3o da Sa\u00fade<\/strong><\/li><li>Mais informa\u00e7\u00f5es aqui: <a href=\"https:\/\/ufsmpublica.ufsm.br\/docente\/14521\">https:\/\/ufsmpublica.ufsm.br\/docente\/14521<\/a><\/li><li><span style=\"font-weight: 400\">Link Lattes: <a href=\"http:\/\/lattes.cnpq.br\/0317942323754383\">http:\/\/lattes.cnpq.br\/0317942323754383<\/a><\/span><\/li><li><span style=\"font-weight: 400\">Email: <a href=\"mailto:teresinha.weiller@ufsm.br\">teresinha.weiller@ufsm.br<\/a><\/span><\/li><\/ul><\/td><\/tr><tr><td style=\"width: 41.874%\"><p><b>Val\u00e9ria Maria Limberger Bayer<\/b><\/p><\/td><td style=\"width: 58.126%\"><ul><li><strong>Linha de pesquisa: Pol\u00edtica, Planejamento e Gest\u00e3o da Sa\u00fade<\/strong><\/li><li>Mais informa\u00e7\u00f5es aqui: <a href=\"https:\/\/ufsmpublica.ufsm.br\/docente\/15999\">https:\/\/ufsmpublica.ufsm.br\/docente\/15999<\/a><\/li><li><span style=\"font-weight: 400\">Link Lattes: <a href=\"http:\/\/lattes.cnpq.br\/0895907419152910\">http:\/\/lattes.cnpq.br\/0895907419152910<\/a><\/span><\/li><li><span style=\"font-weight: 400\">Email:<\/span> <a href=\"mailto:valeria.bayer@ufsm.br\"><span style=\"font-weight: 400\">valeria.bayer@ufsm.br<\/span><\/a><\/li><\/ul><\/td><\/tr><\/tbody><\/table>\t\t\t\t\t\t<\/div>\n\t\t\t\t<\/div>\n\t\t\t\t\t<\/div>\n\t\t<\/div>\n\t\t\t\t\t<\/div>\n\t\t<\/section>\n\t\t\t\t<\/div>\n\t\t","protected":false},"excerpt":{"rendered":"<p>Docente Informa\u00e7\u00f5es Ana Luiza Ferrer Linha de pesquisa: Pol\u00edtica, Planejamento e Gest\u00e3o da Sa\u00fade Mais informa\u00e7\u00f5es aqui: https:\/\/ufsmpublica.ufsm.br\/docente\/17056 Link Lattes: http:\/\/lattes.cnpq.br\/2406009276436807 Email: ana-luiza-ferrer@ufsm.br Edi Franciele Ries Linha de pesquisa: Epidemiologia Mais informa\u00e7\u00f5es aqui: https:\/\/ufsmpublica.ufsm.br\/docente\/15840 Link Lattes: http:\/\/lattes.cnpq.br\/5252782576561685 Email: edi.ries@ufsm.br La\u00eds Mara Caetano da Silva Linha de pesquisa: Pol\u00edtica, Planejamento e Gest\u00e3o da Sa\u00fade Mais informa\u00e7\u00f5es [&hellip;]<\/p>\n","protected":false},"author":990,"featured_media":0,"parent":0,"menu_order":0,"comment_status":"closed","ping_status":"closed","template":"","meta":{"footnotes":""},"categories":[18],"tags":[25,27,26],"class_list":["post-173","page","type-page","status-publish","hentry","category-paginas","tag-docentes","tag-orientadores","tag-professores"],"acf":[],"_links":{"self":[{"href":"https:\/\/www.ufsm.br\/cursos\/pos-graduacao\/santa-maria\/ppgsc\/wp-json\/wp\/v2\/pages\/173","targetHints":{"allow":["GET"]}}],"collection":[{"href":"https:\/\/www.ufsm.br\/cursos\/pos-graduacao\/santa-maria\/ppgsc\/wp-json\/wp\/v2\/pages"}],"about":[{"href":"https:\/\/www.ufsm.br\/cursos\/pos-graduacao\/santa-maria\/ppgsc\/wp-json\/wp\/v2\/types\/page"}],"author":[{"embeddable":true,"href":"https:\/\/www.ufsm.br\/cursos\/pos-graduacao\/santa-maria\/ppgsc\/wp-json\/wp\/v2\/users\/990"}],"replies":[{"embeddable":true,"href":"https:\/\/www.ufsm.br\/cursos\/pos-graduacao\/santa-maria\/ppgsc\/wp-json\/wp\/v2\/comments?post=173"}],"version-history":[{"count":0,"href":"https:\/\/www.ufsm.br\/cursos\/pos-graduacao\/santa-maria\/ppgsc\/wp-json\/wp\/v2\/pages\/173\/revisions"}],"wp:attachment":[{"href":"https:\/\/www.ufsm.br\/cursos\/pos-graduacao\/santa-maria\/ppgsc\/wp-json\/wp\/v2\/media?parent=173"}],"wp:term":[{"taxonomy":"category","embeddable":true,"href":"https:\/\/www.ufsm.br\/cursos\/pos-graduacao\/santa-maria\/ppgsc\/wp-json\/wp\/v2\/categories?post=173"},{"taxonomy":"post_tag","embeddable":true,"href":"https:\/\/www.ufsm.br\/cursos\/pos-graduacao\/santa-maria\/ppgsc\/wp-json\/wp\/v2\/tags?post=173"}],"curies":[{"name":"wp","href":"https:\/\/api.w.org\/{rel}","templated":true}]}}