{"id":216,"date":"2024-10-01T13:45:28","date_gmt":"2024-10-01T16:45:28","guid":{"rendered":"https:\/\/www.ufsm.br\/cursos\/pos-graduacao\/santa-maria\/ppgsspp\/?page_id=216"},"modified":"2025-04-22T12:36:00","modified_gmt":"2025-04-22T15:36:00","slug":"orientacoes-aos-discentes","status":"publish","type":"page","link":"https:\/\/www.ufsm.br\/cursos\/pos-graduacao\/santa-maria\/ppgsspp\/orientacoes-aos-discentes","title":{"rendered":"Orienta\u00e7\u00f5es aos Discentes"},"content":{"rendered":"\n<p>em edi\u00e7\u00e3o<\/p>\n<table style=\"height: 297px;width: 100%;border-collapse: collapse;border-style: solid;border-color: #0f0202\">\n<tbody>\n<tr style=\"height: 23px\">\n<td style=\"width: 49.8802%;height: 23px;border-style: solid;border-color: #0a0101;text-align: center;background-color: #b0f5c8\">\n<h2><strong>Procedimento \/ Solicita\u00e7\u00e3o<\/strong><\/h2>\n<\/td>\n<td style=\"width: 50%;height: 23px;border-style: solid;border-color: #0a0101;text-align: center;background-color: #b0f5c8\">\n<h2><strong>Como inicia a solicita\u00e7\u00e3o ou o processo?<\/strong><\/h2>\n<\/td>\n<\/tr>\n<tr style=\"height: 23px\">\n<td style=\"width: 49.8802%;height: 23px;border-style: solid;border-color: #0a0101\"><a href=\"https:\/\/www.ufsm.br\/cursos\/pos-graduacao\/santa-maria\/ppgsspp\/plano-de-estudos\">Planos de Estudos<\/a><\/td>\n<td style=\"width: 50%;height: 23px;border-style: solid;border-color: #0a0101\">Online, via\u00a0<a href=\"https:\/\/portal.ufsm.br\/estudantil\/\" target=\"_blank\" rel=\"noopener\">Portal Estudantil<\/a><\/td>\n<\/tr>\n<tr style=\"height: 23px\">\n<td style=\"width: 49.8802%;height: 23px;border-style: solid;border-color: #0a0101\"><a href=\"https:\/\/www.ufsm.br\/cursos\/pos-graduacao\/santa-maria\/ppgsspp\/docencia-orientada\">Doc\u00eancia Orientada<\/a><\/td>\n<td style=\"width: 50%;height: 23px;border-style: solid;border-color: #0a0101\">\u00a0Processo Eletr\u00f4nico PEN-SIE, via\u00a0<a href=\"https:\/\/portal.ufsm.br\/documentos\/mainMenu.html\" target=\"_blank\" rel=\"noopener\">Portal de Documentos<\/a><\/td>\n<\/tr>\n<tr style=\"height: 68px\">\n<td style=\"width: 49.8802%;height: 68px;border-style: solid;border-color: #0a0101\">\n<p><a href=\"https:\/\/www.ufsm.br\/cursos\/pos-graduacao\/santa-maria\/ppgsspp\/defesa-de-qualificacao-de-mestrado\">Defesa qualifica\u00e7\u00e3o Mestrado<\/a>;<\/p>\n<\/td>\n<td style=\"width: 50%;height: 68px;border-style: solid;border-color: #0a0101\">\u00a0Envio de e-mails para:\u00a0<a class=\"notranslate\" href=\"ppgsspp@ufsm.br\">ppgsspp@ufsm.br<\/a>\u00a0e\u00a0<a class=\"notranslate\" href=\"mailto:sipos.ccsh@ufsm.br\">sipos.ccsh@ufsm.br<\/a><\/td>\n<\/tr>\n<tr style=\"height: 23px\">\n<td style=\"width: 49.8802%;height: 23px;border-style: solid;border-color: #0a0101\"><a href=\"https:\/\/www.ufsm.br\/cursos\/pos-graduacao\/santa-maria\/ppgsspp?page_id=323\" target=\"_blank\" rel=\"noopener\">Prorroga\u00e7\u00e3o do Prazo da Qualifica\u00e7\u00e3o do Projeto<\/a><\/td>\n<td style=\"width: 50%;height: 23px;border-style: solid;border-color: #0a0101\">\u00a0Envio de e-mails para:\u00a0<a href=\"mailto:ppgsspp@ufsm.br\">ppgsspp@ufsm.br\u00a0<\/a>e\u00a0<a class=\"notranslate\" href=\"mailto:sipos.ccsh@ufsm.br\">sipos.ccsh@ufsm.br<\/a><\/td>\n<\/tr>\n<tr style=\"height: 23px\">\n<td style=\"width: 49.8802%;height: 23px;border-style: solid;border-color: #0a0101\"><a href=\"https:\/\/www.ufsm.br\/cursos\/pos-graduacao\/santa-maria\/ppgsspp\/defesa-final-e-ato-de-entrega-final-dissertacao-e-demais-documentos\">Defesa final e Ato de entrega Final disserta\u00e7\u00e3o e demais documentos<\/a><\/td>\n<td style=\"width: 50%;height: 23px;border-style: solid;border-color: #0a0101\">Processo Eletr\u00f4nico PEN-SIE, via\u00a0<a href=\"https:\/\/portal.ufsm.br\/documentos\/mainMenu.html\" target=\"_blank\" rel=\"noopener\">Portal de Documentos<\/a><\/td>\n<\/tr>\n<tr style=\"height: 68px\">\n<td style=\"width: 49.8802%;height: 68px;border-style: solid;border-color: #0a0101\">\n<p><strong><a href=\"https:\/\/www.ufsm.br\/cursos\/pos-graduacao\/santa-maria\/ppgsspp\/suficiencia-em-lingua-estrangeira\">Sufici\u00eancia em L\u00edngua Estrangeira<\/a><\/strong><\/p>\n<\/td>\n<td style=\"width: 50%;height: 68px;border-style: solid;border-color: #0a0101\">\u00a0<\/td>\n<\/tr>\n<tr style=\"height: 23px\">\n<td style=\"width: 49.8802%;height: 23px;border-style: solid;border-color: #0a0101\">\u00a0<\/td>\n<td style=\"width: 50%;height: 23px;border-style: solid;border-color: #0a0101\">\u00a0<\/td>\n<\/tr>\n<tr style=\"height: 23px\">\n<td style=\"width: 49.8802%;height: 23px;border-style: solid;border-color: #0a0101\">\u00a0<\/td>\n<td style=\"width: 50%;height: 23px;border-style: solid;border-color: #0a0101\">\u00a0<\/td>\n<\/tr>\n<\/tbody>\n<\/table>\n<p>\u00a0<\/p>\n\n\n\n<p><\/p>\n","protected":false},"excerpt":{"rendered":"<p>em edi\u00e7\u00e3o Procedimento \/ Solicita\u00e7\u00e3o Como inicia a solicita\u00e7\u00e3o ou o processo? Planos de Estudos Online, via\u00a0Portal Estudantil Doc\u00eancia Orientada \u00a0Processo Eletr\u00f4nico PEN-SIE, via\u00a0Portal de Documentos Defesa qualifica\u00e7\u00e3o Mestrado; \u00a0Envio de e-mails para:\u00a0ppgsspp@ufsm.br\u00a0e\u00a0sipos.ccsh@ufsm.br Prorroga\u00e7\u00e3o do Prazo da Qualifica\u00e7\u00e3o do Projeto \u00a0Envio de e-mails para:\u00a0ppgsspp@ufsm.br\u00a0e\u00a0sipos.ccsh@ufsm.br Defesa final e Ato de entrega Final disserta\u00e7\u00e3o e demais documentos [&hellip;]<\/p>\n","protected":false},"author":905,"featured_media":0,"parent":0,"menu_order":0,"comment_status":"closed","ping_status":"closed","template":"","meta":{"footnotes":""},"categories":[],"tags":[],"class_list":["post-216","page","type-page","status-publish","hentry"],"acf":[],"_links":{"self":[{"href":"https:\/\/www.ufsm.br\/cursos\/pos-graduacao\/santa-maria\/ppgsspp\/wp-json\/wp\/v2\/pages\/216","targetHints":{"allow":["GET"]}}],"collection":[{"href":"https:\/\/www.ufsm.br\/cursos\/pos-graduacao\/santa-maria\/ppgsspp\/wp-json\/wp\/v2\/pages"}],"about":[{"href":"https:\/\/www.ufsm.br\/cursos\/pos-graduacao\/santa-maria\/ppgsspp\/wp-json\/wp\/v2\/types\/page"}],"author":[{"embeddable":true,"href":"https:\/\/www.ufsm.br\/cursos\/pos-graduacao\/santa-maria\/ppgsspp\/wp-json\/wp\/v2\/users\/905"}],"replies":[{"embeddable":true,"href":"https:\/\/www.ufsm.br\/cursos\/pos-graduacao\/santa-maria\/ppgsspp\/wp-json\/wp\/v2\/comments?post=216"}],"version-history":[{"count":0,"href":"https:\/\/www.ufsm.br\/cursos\/pos-graduacao\/santa-maria\/ppgsspp\/wp-json\/wp\/v2\/pages\/216\/revisions"}],"wp:attachment":[{"href":"https:\/\/www.ufsm.br\/cursos\/pos-graduacao\/santa-maria\/ppgsspp\/wp-json\/wp\/v2\/media?parent=216"}],"wp:term":[{"taxonomy":"category","embeddable":true,"href":"https:\/\/www.ufsm.br\/cursos\/pos-graduacao\/santa-maria\/ppgsspp\/wp-json\/wp\/v2\/categories?post=216"},{"taxonomy":"post_tag","embeddable":true,"href":"https:\/\/www.ufsm.br\/cursos\/pos-graduacao\/santa-maria\/ppgsspp\/wp-json\/wp\/v2\/tags?post=216"}],"curies":[{"name":"wp","href":"https:\/\/api.w.org\/{rel}","templated":true}]}}