{"id":479,"date":"2026-03-10T15:19:55","date_gmt":"2026-03-10T18:19:55","guid":{"rendered":"https:\/\/www.ufsm.br\/cursos\/pos-graduacao\/santa-maria\/ppgsspp\/?page_id=479"},"modified":"2026-03-11T12:53:07","modified_gmt":"2026-03-11T15:53:07","slug":"atualizacao-lattes","status":"publish","type":"page","link":"https:\/\/www.ufsm.br\/cursos\/pos-graduacao\/santa-maria\/ppgsspp\/atualizacao-lattes","title":{"rendered":"Atualiza\u00e7\u00e3o Lattes"},"content":{"rendered":"\t\t<div data-elementor-type=\"wp-page\" data-elementor-id=\"479\" class=\"elementor elementor-479\">\n\t\t\t\t\t\t<section class=\"elementor-section elementor-top-section elementor-element elementor-element-282e4aa6 elementor-section-boxed elementor-section-height-default elementor-section-height-default\" data-id=\"282e4aa6\" data-element_type=\"section\">\n\t\t\t\t\t\t<div class=\"elementor-container elementor-column-gap-default\">\n\t\t\t\t\t<div class=\"elementor-column elementor-col-100 elementor-top-column elementor-element elementor-element-5d4a11b0\" data-id=\"5d4a11b0\" data-element_type=\"column\">\n\t\t\t<div class=\"elementor-widget-wrap elementor-element-populated\">\n\t\t\t\t\t\t<div class=\"elementor-element elementor-element-2da4ab9d elementor-widget elementor-widget-text-editor\" data-id=\"2da4ab9d\" data-element_type=\"widget\" data-widget_type=\"text-editor.default\">\n\t\t\t\t<div class=\"elementor-widget-container\">\n\t\t\t\t\t\t\t<!-- wp:tadv\/classic-paragraph -->\n<p><img fetchpriority=\"high\" decoding=\"async\" class=\"alignleft size-full wp-image-489\" src=\"https:\/\/www.ufsm.br\/app\/uploads\/sites\/924\/2026\/03\/Banner-atualize-seu-latte-periodo-ate-26-de-marco.jpg\" alt=\"\" width=\"1024\" height=\"270\" srcset=\"https:\/\/www.ufsm.br\/app\/uploads\/sites\/924\/2026\/03\/Banner-atualize-seu-latte-periodo-ate-26-de-marco.jpg 1024w, https:\/\/www.ufsm.br\/app\/uploads\/sites\/924\/2026\/03\/Banner-atualize-seu-latte-periodo-ate-26-de-marco-300x79.jpg 300w, https:\/\/www.ufsm.br\/app\/uploads\/sites\/924\/2026\/03\/Banner-atualize-seu-latte-periodo-ate-26-de-marco-768x203.jpg 768w\" sizes=\"(max-width: 1024px) 100vw, 1024px\" \/><\/p>\n<p>\u00a0<\/p>\n<p>\u00a0<\/p>\n<p>\u00a0<\/p>\n<p>\u00a0<\/p>\n<p>\u00a0<\/p>\n<p>\u00a0<\/p>\n<p>\u00a0<\/p>\n<h2><strong>O que Fazer?<\/strong><\/h2>\n<p>\u00a0<\/p>\n<ul>\n<li>\n<h5 style=\"text-align: justify\">Atualizem seus Lattes e ORCID o mais completo poss\u00edvel, pois a CAPES importar\u00e1 os dados Diretamente das plataformas Lattes e do ORCID.<\/h5>\n<\/li>\n<\/ul>\n<p>\u00a0<\/p>\n<ul>\n<li>\n<h5 style=\"text-align: justify\">O Lattes \u00e9 a principal fonte de informa\u00e7\u00f5es utilizada na Coleta CAPES, em 2026, conforme a Portaria n\u00ba 14 da CAPES, a coleta ser\u00e1 realizada de forma autom\u00e1tica pela Plataforma Sucupira, no dia 31\/03, utilizando os dados registrados nos curr\u00edculos lattes.<\/h5>\n<\/li>\n<\/ul>\n<p>\u00a0<\/p>\n<ul>\n<li>\n<h5 style=\"text-align: justify\">Portanto \u00e9 fundamental manter todas as informa\u00e7\u00f5es atualizadas, como publica\u00e7\u00f5es, projetos, orienta\u00e7\u00f5es, participa\u00e7\u00f5es em eventos e demais produ\u00e7\u00f5es\/atividades acad\u00eamicas.<\/h5>\n<\/li>\n<\/ul>\n<p>\u00a0<\/p>\n<ul>\n<li>\n<h5 style=\"text-align: justify\">Destacamos que com a nova vers\u00e3o da Plataforma Sucupira os docentes e discentes ter\u00e3o papel ativo, inclusive precisando entrar na plataforma sucupira para validar os seus dados.<\/h5>\n<\/li>\n<\/ul>\n<p>\u00a0<\/p>\n<ul>\n<li>\n<h5 style=\"text-align: justify\">Salientamos o papel\u00a0 essencial dos Docentes e Discentes do Programa neste processo, colaborando para o reconhecimento, avali\u00e7\u00e3o e aprimoramento do nosso PPG.<\/h5>\n<\/li>\n<\/ul>\n<p style=\"text-align: justify\">\u00a0<\/p>\n<ul style=\"text-align: justify\">\n<li>\n<h5>Mantenham seus e-mail de contato cadastrados corretamente na plataforma sucupira (pois a CAPES enviar\u00e1 e-mail referente \u00e0s respectivas produ\u00e7\u00f5es).<\/h5>\n<\/li>\n<\/ul>\n<p style=\"text-align: justify\">\u00a0<\/p>\n<ul style=\"text-align: justify\">\n<li>\n<h5>Ao receberem e-mails da CAPES refrente as produ\u00e7\u00f5es dever\u00e3o confirmar o mais breve poss\u00edvel a respectiva autoria das mesmas para que sejam computadas para o Programa.<\/h5>\n<\/li>\n<\/ul>\n<p style=\"text-align: justify\">\u00a0<\/p>\n<ul style=\"text-align: justify\">\n<li>\n<h5>Mantenham seus contatos de e-mail tamb\u00e9m atualizados na SADPOS, enviando um e-mail para avalia\u00e7\u00e3opos.ccsh@ufsm.br<\/h5>\n<\/li>\n<\/ul>\n<p style=\"text-align: justify\">\u00a0<\/p>\n<div>\n<div style=\"text-align: justify\">\n<p><strong>Quem deve Atualizar seu lattes:<\/strong><\/p>\n<\/div>\n<ul>\n<li style=\"text-align: justify\">P\u00f3s-graduandos matriculados em mestrado e doutorado, Professores (permanentes e colaboradores), Pesquisadores em est\u00e1gio p\u00f3s-doutoral, Coordenadores de programas de p\u00f3s-gradua\u00e7\u00e3o (PPGs).<\/li>\n<\/ul>\n<p>\u00a0<\/p>\n<h1 style=\"text-align: center\"><strong>Tipos de produ\u00e7\u00f5es \u2013\u00a0<\/strong><strong>D<\/strong><strong>ados para cada tipo de Produ\u00e7\u00e3o<\/strong><\/h1>\n<p>\u00a0<\/p>\n<table>\n<tbody>\n<tr>\n<td style=\"background-color: #b2d6ed\">\n<h4><strong>Produ\u00e7\u00e3o Bibliogr\u00e1fica \u2013 Autorias e Coautorias:<\/strong><\/h4>\n<\/td>\n<\/tr>\n<tr>\n<td width=\"600\">\n<ol>\n<li><strong>Dados Gerais\u00a0 (informar para cada produ\u00e7\u00e3o)<\/strong><\/li>\n<\/ol>\n<\/td>\n<\/tr>\n<tr>\n<td width=\"600\">\n<p>T\u00edtulo do:<\/p>\n<p>Artigo (\u00a0 )\u00a0\u00a0\u00a0\u00a0\u00a0 Livro (\u00a0\u00a0 )\u00a0\u00a0\u00a0\u00a0 Cap\u00edtulo (\u00a0\u00a0 )\u00a0\u00a0\u00a0 Trabalho em Anais (\u00a0\u00a0 ): \u00a0<\/p>\n<p>\u00a0<\/p>\n<\/td>\n<\/tr>\n<tr>\n<td width=\"600\">\n<p>Autor:<\/p>\n<\/td>\n<\/tr>\n<tr>\n<td width=\"600\">\n<p>*Coautores:<\/p>\n<\/td>\n<\/tr>\n<tr>\n<td width=\"600\">\n<p>\u00a0\u00a0 Idioma do artigo\/ livro \/ cap\u00edtulo: (\u00a0\u00a0 ) Portugu\u00eas\u00a0\u00a0\u00a0 (\u00a0\u00a0 ) Espanhol\u00a0\u00a0\u00a0\u00a0 (\u00a0\u00a0 ) Ingl\u00eas<\/p>\n<\/td>\n<\/tr>\n<tr>\n<td width=\"600\">\n<ol>\n<li>Contexto<\/li>\n<\/ol>\n<\/td>\n<\/tr>\n<tr>\n<td width=\"600\">\n<p>a) Nome do peri\u00f3dico (ISSN) ou ISBN:<\/p>\n<p>Volume:<\/p>\n<p>Ano:<\/p>\n<p>P\u00e1gina inicial:<\/p>\n<p>P\u00e1gina final:<\/p>\n<p>S\u00e9rie:<\/p>\n<p>Fasc\u00edculo:<\/p>\n<p>b) Nome do evento (anais, volume, ano e cidade).<\/p>\n<p>C) Livro ISBN, ISSN, organizadores, t\u00edtulo completo da obra \u2013 se for cap\u00edtulo, p\u00e1gina inicial e final).<\/p>\n<p>Nome da editora:<\/p>\n<p>Cidade da editora:<\/p>\n<p>Divulga\u00e7\u00e3o:<\/p>\n<p>URL:<\/p>\n<p>DOI:<\/p>\n<p>\u00a0<\/p>\n<\/td>\n<\/tr>\n<tr>\n<td width=\"600\">\n<p>Data e Local:<\/p>\n<\/td>\n<\/tr>\n<tr>\n<td width=\"600\">\n<p>Link (da revista, dos anais, do livro\u2026):\u00a0<\/p>\n<\/td>\n<\/tr>\n<tr>\n<td width=\"600\">\n<ol>\n<li>V\u00ednculo<\/li>\n<\/ol>\n<\/td>\n<\/tr>\n<tr>\n<td width=\"600\">\n<p>A Produ\u00e7\u00e3o \u00e9 vinculada a Trabalho de Conclus\u00e3o (DISSERTA\u00c7\u00c3O ou TESE) conclu\u00eddo?<\/p>\n<p>(\u00a0\u00a0 ) Sim\u00a0\u00a0\u00a0\u00a0 (\u00a0\u00a0 ) N\u00e3o<\/p>\n<\/td>\n<\/tr>\n<tr>\n<td width=\"600\">\n<p>Natureza: Trabalho Completo (\u00a0\u00a0\u00a0 )\u00a0\u00a0 Resumo (\u00a0\u00a0 )\u00a0\u00a0 Resumo Estendido (\u00a0 )<\/p>\n<\/td>\n<\/tr>\n<\/tbody>\n<\/table>\n<p>\u00a0<\/p>\n<table>\n<tbody>\n<tr>\n<td style=\"background-color: #b8daf5;width: 599px\" width=\"599\">\n<p><strong>T\u00e9cnica \u2013 Programa de R\u00e1dio ou TV \u2013\u00a0\u00a0 (informar para cada T\u00e9cnica)<\/strong><\/p>\n<\/td>\n<\/tr>\n<tr>\n<td width=\"599\">\n<p>T\u00edtulo:<\/p>\n<\/td>\n<\/tr>\n<tr>\n<td width=\"599\">\n<p>Autor:<\/p>\n<\/td>\n<\/tr>\n<tr>\n<td width=\"599\">\n<p>*Coautores:<\/p>\n<\/td>\n<\/tr>\n<tr>\n<td width=\"599\">\n<p>\u00a0\u00a0 Idioma: (\u00a0\u00a0 ) Portugu\u00eas (\u00a0\u00a0 ) Espanhol\u00a0\u00a0 (\u00a0\u00a0\u00a0 ) Ingl\u00eas<\/p>\n<\/td>\n<\/tr>\n<tr>\n<td width=\"599\">\n<ol>\n<li>Contexto<\/li>\n<\/ol>\n<\/td>\n<\/tr>\n<tr>\n<td width=\"599\">\n<p>Ano:<\/p>\n<p>Natureza (Ex. mesa redonda):<\/p>\n<p>Emissora (Ex. R\u00e1dio Universit\u00e1ria):<\/p>\n<p>Tema:<\/p>\n<p>Data:\u00a0\u00a0 \/\u00a0\u00a0\u00a0 \/<\/p>\n<p>Dura\u00e7\u00e3o:\u00a0\u00a0\u00a0 minutos<\/p>\n<p>Cidade:<\/p>\n<p>Pa\u00eds:<\/p>\n<p>Obs.:<\/p>\n<\/td>\n<\/tr>\n<tr>\n<td width=\"599\">\n<p>Link (do jornal ou revista ou emissora\u2026):\u00a0<\/p>\n<\/td>\n<\/tr>\n<tr>\n<td width=\"599\">\n<ol>\n<li>V\u00ednculo<\/li>\n<\/ol>\n<\/td>\n<\/tr>\n<tr>\n<td width=\"599\">\n<p>A Produ\u00e7\u00e3o \u00e9 vinculada a Trabalho de Conclus\u00e3o (DISSERTA\u00c7\u00c3O ou TESE) conclu\u00eddo?<\/p>\n<p>(\u00a0\u00a0 ) Sim\u00a0\u00a0\u00a0\u00a0 (\u00a0\u00a0\u00a0 ) N\u00e3o<\/p>\n<\/td>\n<\/tr>\n<\/tbody>\n<\/table>\n<p>\u00a0<\/p>\n<p>\u00a0<\/p>\n<table>\n<tbody>\n<tr>\n<td style=\"background-color: #aed5f2;width: 591px\" width=\"591\">\n<p><strong>T\u00e9cnica \u2013 Organiza\u00e7\u00e3o de Eventos \u2013 (informar para cada T\u00e9cnica)<\/strong><\/p>\n<\/td>\n<\/tr>\n<tr>\n<td width=\"591\">\n<p>T\u00edtulo:<\/p>\n<\/td>\n<\/tr>\n<tr>\n<td width=\"591\">\n<p>Autor:<\/p>\n<\/td>\n<\/tr>\n<tr>\n<td width=\"591\">\n<p>*Coautores:<\/p>\n<\/td>\n<\/tr>\n<tr>\n<td width=\"591\">\n<p>\u00a0\u00a0 Idioma: (\u00a0\u00a0 ) Portugu\u00eas\u00a0\u00a0 (\u00a0\u00a0 ) Espanhol\u00a0\u00a0 (\u00a0\u00a0 ) Ingl\u00eas<\/p>\n<\/td>\n<\/tr>\n<tr>\n<td width=\"591\">\n<ol>\n<li>Contexto<\/li>\n<\/ol>\n<\/td>\n<\/tr>\n<tr>\n<td width=\"591\">\n<p>Ano:<\/p>\n<p>Tipo (ex. outros)<\/p>\n<p>Natureza: (ex. curadoria)<\/p>\n<p>Institui\u00e7\u00e3o Promotora: (ex. UFSM):<\/p>\n<p>Dura\u00e7\u00e3o:<\/p>\n<p>Itinerante? (\u00a0\u00a0 ) Sim\u00a0\u00a0\u00a0\u00a0 (\u00a0\u00a0 ) N\u00e3o:<\/p>\n<p>Cat\u00e1logo? (\u00a0\u00a0\u00a0 ) Sim\u00a0\u00a0\u00a0\u00a0 (\u00a0\u00a0 ) N\u00e3o:<\/p>\n<p>Local do Evento:<\/p>\n<p>Cidade do Evento:<\/p>\n<p>Pa\u00eds:<\/p>\n<p>Divulga\u00e7\u00e3o:<\/p>\n<p>URL:<\/p>\n<p>Obs.:<\/p>\n<\/td>\n<\/tr>\n<tr>\n<td width=\"591\">\n<p>Link (do evento\u2026):\u00a0<\/p>\n<\/td>\n<\/tr>\n<tr>\n<td width=\"591\">\n<ol>\n<li>V\u00ednculo<\/li>\n<\/ol>\n<\/td>\n<\/tr>\n<tr>\n<td width=\"591\">\n<p>A Produ\u00e7\u00e3o \u00e9 vinculada a Trabalho de Conclus\u00e3o (DISSERTA\u00c7\u00c3O ou TESE) conclu\u00eddo?<\/p>\n<p>(\u00a0\u00a0 ) Sim\u00a0\u00a0\u00a0\u00a0 (\u00a0\u00a0\u00a0 ) N\u00e3o<\/p>\n<\/td>\n<\/tr>\n<\/tbody>\n<\/table>\n<p>\u00a0<\/p>\n<p>\u00a0<\/p>\n<table>\n<tbody>\n<tr>\n<td style=\"background-color: #b3d9f5;width: 591px\" width=\"591\">\n<p><strong>T\u00e9cnica \u2013\u00a0 Apresenta\u00e7\u00e3o de Trabalhos \u2013 (informar para cada T\u00e9cnica)<\/strong><\/p>\n<\/td>\n<\/tr>\n<tr>\n<td width=\"591\">\n<p>T\u00edtulo:<\/p>\n<\/td>\n<\/tr>\n<tr>\n<td width=\"591\">\n<p>Autor:<\/p>\n<\/td>\n<\/tr>\n<tr>\n<td width=\"591\">\n<p>*Coautores:<\/p>\n<\/td>\n<\/tr>\n<tr>\n<td width=\"591\">\n<p>\u00a0\u00a0 Idioma: (\u00a0\u00a0 ) Portugu\u00eas\u00a0 (\u00a0\u00a0 ) Espanhol\u00a0\u00a0 (\u00a0\u00a0 ) Ingl\u00eas<\/p>\n<\/td>\n<\/tr>\n<tr>\n<td width=\"591\">\n<ol>\n<li>Contexto<\/li>\n<\/ol>\n<\/td>\n<\/tr>\n<tr>\n<td width=\"591\">\n<p>Ano:<\/p>\n<p>Natureza: (Ex. Comunica\u00e7\u00e3o):<\/p>\n<p>Nome Evento:<\/p>\n<p>Institui\u00e7\u00e3o Promotora do Evento:<\/p>\n<p>Idioma:<\/p>\n<p>Local do Evento:<\/p>\n<p>Cidade:<\/p>\n<p>Pa\u00eds:<\/p>\n<p>Divulga\u00e7\u00e3o:<\/p>\n<p>URL:<\/p>\n<p>Obs.:<\/p>\n<\/td>\n<\/tr>\n<tr>\n<td width=\"591\">\n<p>Link (do evento\u2026):\u00a0<\/p>\n<\/td>\n<\/tr>\n<tr>\n<td width=\"591\">\n<ol>\n<li>V\u00ednculo<\/li>\n<\/ol>\n<\/td>\n<\/tr>\n<tr>\n<td width=\"591\">\n<p>A Produ\u00e7\u00e3o \u00e9 vinculada a Trabalho de Conclus\u00e3o (DISSERTA\u00c7\u00c3O ou TESE) conclu\u00eddo?<\/p>\n<p>(\u00a0\u00a0 ) Sim\u00a0\u00a0\u00a0\u00a0 (\u00a0\u00a0 ) N\u00e3o<\/p>\n<\/td>\n<\/tr>\n<\/tbody>\n<\/table>\n<p>\u00a0<\/p>\n<table>\n<tbody>\n<tr>\n<td style=\"background-color: #abd0f5;width: 591px\" width=\"591\">\n<p><strong>T\u00e9cnica \u2013\u00a0\u00a0 Trabalhos em Anais\u00a0 \u2013 (informar para cada Trabalho apresentado em Anais)<\/strong><\/p>\n<\/td>\n<\/tr>\n<tr>\n<td width=\"591\">\n<p>T\u00edtulo:<\/p>\n<\/td>\n<\/tr>\n<tr>\n<td width=\"591\">\n<p>Autor:<\/p>\n<\/td>\n<\/tr>\n<tr>\n<td width=\"591\">\n<p>*Coautores:<\/p>\n<\/td>\n<\/tr>\n<tr>\n<td width=\"591\">\n<p>\u00a0\u00a0 Idioma: (\u00a0\u00a0 ) Portugu\u00eas\u00a0\u00a0 (\u00a0\u00a0 ) Espanhol\u00a0\u00a0 (\u00a0\u00a0 ) Ingl\u00eas<\/p>\n<\/td>\n<\/tr>\n<tr>\n<td width=\"591\">\n<ol>\n<li>Contexto<\/li>\n<\/ol>\n<\/td>\n<\/tr>\n<tr>\n<td width=\"591\">\n<p>Ano:<\/p>\n<p>Natureza: (Ex. trabalho completo)<\/p>\n<p>Edi\u00e7\u00e3o \/ N\u00famero:<\/p>\n<p>Nome do Evento:<\/p>\n<p>ISBN:<\/p>\n<p>Pa\u00eds:<\/p>\n<p>T\u00edtulo dos Anais:<\/p>\n<p>Volume:<\/p>\n<p>Fasc\u00edculo:<\/p>\n<p>S\u00e9rie:<\/p>\n<p>N. \u00ba P\u00e1g. Inicial:<\/p>\n<p>N. \u00ba P\u00e1g. Final:<\/p>\n<p>Cidade do Evento:<\/p>\n<p>Idioma:<\/p>\n<p>Divulga\u00e7\u00e3o:<\/p>\n<p>URL:<\/p>\n<p>Obs.:<\/p>\n<\/td>\n<\/tr>\n<tr>\n<td width=\"591\">\n<p>Link (do evento\u2026):\u00a0<\/p>\n<\/td>\n<\/tr>\n<tr>\n<td width=\"591\">\n<ol>\n<li>V\u00ednculo<\/li>\n<\/ol>\n<\/td>\n<\/tr>\n<tr>\n<td width=\"591\">\n<p>A Produ\u00e7\u00e3o \u00e9 vinculada a Trabalho de Conclus\u00e3o (DISSERTA\u00c7\u00c3O ou TESE) conclu\u00eddo?<\/p>\n<p>(\u00a0\u00a0 ) Sim\u00a0\u00a0\u00a0\u00a0 (\u00a0\u00a0 ) N\u00e3o<\/p>\n<\/td>\n<\/tr>\n<\/tbody>\n<\/table>\n<p>\u00a0<\/p>\n<p>\u00a0<\/p>\n<p>\u00a0<\/p>\n<table>\n<tbody>\n<tr>\n<td style=\"background-color: #a3d6f0;width: 600px\" width=\"600\">\n<p><strong>T\u00e9cnica \u2013\u00a0\u00a0 Servi\u00e7os T\u00e9cnicos \u2013 (informar para cada T\u00e9cnica)<\/strong><\/p>\n<\/td>\n<\/tr>\n<tr>\n<td width=\"600\">\n<p>T\u00edtulo: \u00a0<\/p>\n<\/td>\n<\/tr>\n<tr>\n<td width=\"600\">\n<p>Autor:<\/p>\n<\/td>\n<\/tr>\n<tr>\n<td width=\"600\">\n<p>*Coautores:<\/p>\n<\/td>\n<\/tr>\n<tr>\n<td width=\"600\">\n<p>\u00a0\u00a0 Idioma: (\u00a0\u00a0 ) Portugu\u00eas\u00a0 (\u00a0\u00a0 ) Espanhol\u00a0\u00a0 (\u00a0\u00a0 ) Ingl\u00eas<\/p>\n<\/td>\n<\/tr>\n<tr>\n<td width=\"600\">\n<ol>\n<li>Contexto<\/li>\n<\/ol>\n<\/td>\n<\/tr>\n<tr>\n<td width=\"600\">\n<p>Ano:\u00a0<\/p>\n<p>Natureza: (Ex. parecer, assessoria etc.)<\/p>\n<p>Finalidade:<\/p>\n<p>Dura\u00e7\u00e3o:<\/p>\n<p>N. \u00ba p\u00e1gina:\u00a0<\/p>\n<p>Disponibilidade: (restrita, irrestrita)<\/p>\n<p>Institui\u00e7\u00e3o Financiadora:<\/p>\n<p>Cidade:<\/p>\n<p>Divulga\u00e7\u00e3o:<\/p>\n<p>URL:<\/p>\n<p>Obs.:<\/p>\n<\/td>\n<\/tr>\n<tr>\n<td width=\"600\">\n<p>Link (do evento\u2026):\u00a0<\/p>\n<\/td>\n<\/tr>\n<tr>\n<td width=\"600\">\n<ol>\n<li>V\u00ednculo<\/li>\n<\/ol>\n<\/td>\n<\/tr>\n<tr>\n<td width=\"600\">\n<p>A Produ\u00e7\u00e3o \u00e9 vinculada a Trabalho de Conclus\u00e3o (DISSERTA\u00c7\u00c3O ou TESE) conclu\u00eddo?<\/p>\n<p>(\u00a0\u00a0 ) Sim\u00a0\u00a0 (\u00a0\u00a0 ) N\u00e3o<\/p>\n<\/td>\n<\/tr>\n<\/tbody>\n<\/table>\n<p>\u00a0<\/p>\n<table>\n<tbody>\n<tr>\n<td style=\"background-color: #a8ddf0;width: 599px\" width=\"599\">\n<p><strong>T\u00e9cnica \u2013\u00a0\u00a0 outro tipo de produ\u00e7\u00e3o que achar relevante \u2013 (informar para cada T\u00e9cnica)<\/strong><\/p>\n<\/td>\n<\/tr>\n<tr>\n<td width=\"599\">\n<p>T\u00edtulo:<\/p>\n<\/td>\n<\/tr>\n<tr>\n<td width=\"599\">\n<p>Autor:<\/p>\n<\/td>\n<\/tr>\n<tr>\n<td width=\"599\">\n<p>*Coautores:<\/p>\n<\/td>\n<\/tr>\n<tr>\n<td width=\"599\">\n<p>\u00a0\u00a0 Idioma: (\u00a0\u00a0 ) Portugu\u00eas\u00a0\u00a0 (\u00a0\u00a0 ) Espanhol\u00a0\u00a0 (\u00a0\u00a0 ) Ingl\u00eas<\/p>\n<\/td>\n<\/tr>\n<tr>\n<td width=\"599\">\n<ol>\n<li>Contexto<\/li>\n<\/ol>\n<\/td>\n<\/tr>\n<tr>\n<td width=\"599\">\n<p>Ano:<\/p>\n<p>Natureza: (Ex. parecer, assessoria etc.)<\/p>\n<p>Finalidade:<\/p>\n<p>Dura\u00e7\u00e3o:<\/p>\n<p>N. \u00ba p\u00e1gina:<\/p>\n<p>Disponibilidade:<\/p>\n<p>Institui\u00e7\u00e3o Financiadora:<\/p>\n<p>Cidade:<\/p>\n<p>Divulga\u00e7\u00e3o:<\/p>\n<p>URL:<\/p>\n<p>Obs.:<\/p>\n<\/td>\n<\/tr>\n<tr>\n<td width=\"599\">\n<p>Link (do evento\u2026):\u00a0<\/p>\n<\/td>\n<\/tr>\n<tr>\n<td width=\"599\">\n<ol>\n<li>V\u00ednculo<\/li>\n<\/ol>\n<\/td>\n<\/tr>\n<tr>\n<td width=\"599\">\n<p>A Produ\u00e7\u00e3o \u00e9 vinculada a Trabalho de Conclus\u00e3o (DISSERTA\u00c7\u00c3O ou TESE) conclu\u00eddo?<\/p>\n<p>(\u00a0\u00a0 ) Sim\u00a0\u00a0\u00a0\u00a0 (\u00a0\u00a0 ) N\u00e3o<\/p>\n<\/td>\n<\/tr>\n<\/tbody>\n<\/table>\n<p>\u00a0<\/p>\n<\/div>\n<!-- \/wp:tadv\/classic-paragraph -->\t\t\t\t\t\t<\/div>\n\t\t\t\t<\/div>\n\t\t\t\t\t<\/div>\n\t\t<\/div>\n\t\t\t\t\t<\/div>\n\t\t<\/section>\n\t\t\t\t<\/div>\n\t\t","protected":false},"excerpt":{"rendered":"<p>\u00a0 \u00a0 \u00a0 \u00a0 \u00a0 \u00a0 \u00a0 O que Fazer? \u00a0 Atualizem seus Lattes e ORCID o mais completo poss\u00edvel, pois a CAPES importar\u00e1 os dados Diretamente das plataformas Lattes e do ORCID. \u00a0 O Lattes \u00e9 a principal fonte de informa\u00e7\u00f5es utilizada na Coleta CAPES, em 2026, conforme a Portaria n\u00ba 14 da CAPES, [&hellip;]<\/p>\n","protected":false},"author":905,"featured_media":0,"parent":0,"menu_order":0,"comment_status":"closed","ping_status":"closed","template":"","meta":{"footnotes":""},"categories":[],"tags":[],"class_list":["post-479","page","type-page","status-publish","hentry"],"acf":[],"_links":{"self":[{"href":"https:\/\/www.ufsm.br\/cursos\/pos-graduacao\/santa-maria\/ppgsspp\/wp-json\/wp\/v2\/pages\/479","targetHints":{"allow":["GET"]}}],"collection":[{"href":"https:\/\/www.ufsm.br\/cursos\/pos-graduacao\/santa-maria\/ppgsspp\/wp-json\/wp\/v2\/pages"}],"about":[{"href":"https:\/\/www.ufsm.br\/cursos\/pos-graduacao\/santa-maria\/ppgsspp\/wp-json\/wp\/v2\/types\/page"}],"author":[{"embeddable":true,"href":"https:\/\/www.ufsm.br\/cursos\/pos-graduacao\/santa-maria\/ppgsspp\/wp-json\/wp\/v2\/users\/905"}],"replies":[{"embeddable":true,"href":"https:\/\/www.ufsm.br\/cursos\/pos-graduacao\/santa-maria\/ppgsspp\/wp-json\/wp\/v2\/comments?post=479"}],"version-history":[{"count":0,"href":"https:\/\/www.ufsm.br\/cursos\/pos-graduacao\/santa-maria\/ppgsspp\/wp-json\/wp\/v2\/pages\/479\/revisions"}],"wp:attachment":[{"href":"https:\/\/www.ufsm.br\/cursos\/pos-graduacao\/santa-maria\/ppgsspp\/wp-json\/wp\/v2\/media?parent=479"}],"wp:term":[{"taxonomy":"category","embeddable":true,"href":"https:\/\/www.ufsm.br\/cursos\/pos-graduacao\/santa-maria\/ppgsspp\/wp-json\/wp\/v2\/categories?post=479"},{"taxonomy":"post_tag","embeddable":true,"href":"https:\/\/www.ufsm.br\/cursos\/pos-graduacao\/santa-maria\/ppgsspp\/wp-json\/wp\/v2\/tags?post=479"}],"curies":[{"name":"wp","href":"https:\/\/api.w.org\/{rel}","templated":true}]}}