{"id":156,"date":"2019-03-29T10:29:52","date_gmt":"2019-03-29T13:29:52","guid":{"rendered":"https:\/\/www.ufsm.br\/cursos\/pos-graduacao\/santa-maria\/pppg\/?page_id=156"},"modified":"2021-12-10T17:42:29","modified_gmt":"2021-12-10T20:42:29","slug":"colegiado-do-pppg","status":"publish","type":"page","link":"https:\/\/www.ufsm.br\/cursos\/pos-graduacao\/santa-maria\/pppg\/colegiado-do-pppg","title":{"rendered":"Colegiado do PPPG"},"content":{"rendered":"\t\t<div data-elementor-type=\"wp-page\" data-elementor-id=\"156\" class=\"elementor elementor-156\">\n\t\t\t\t\t\t<section class=\"elementor-section elementor-top-section elementor-element elementor-element-f94aa1d elementor-section-boxed elementor-section-height-default elementor-section-height-default\" data-id=\"f94aa1d\" data-element_type=\"section\">\n\t\t\t\t\t\t<div class=\"elementor-container elementor-column-gap-default\">\n\t\t\t\t\t<div class=\"elementor-column elementor-col-100 elementor-top-column elementor-element elementor-element-a66a3b1\" data-id=\"a66a3b1\" data-element_type=\"column\">\n\t\t\t<div class=\"elementor-widget-wrap elementor-element-populated\">\n\t\t\t\t\t\t<div class=\"elementor-element elementor-element-0afd66a elementor-widget elementor-widget-image\" data-id=\"0afd66a\" data-element_type=\"widget\" data-widget_type=\"image.default\">\n\t\t\t\t<div class=\"elementor-widget-container\">\n\t\t\t\t\t\t\t\t\t\t\t\t\t<img decoding=\"async\" src=\"https:\/\/www.ufsm.br\/app\/uploads\/sites\/542\/elementor\/thumbs\/PPPG-5-phbq9beeva3ujfwppddlyyseeichus3z3mj9xyavgw.jpg\" title=\"PPPG &#8211; (5)\" alt=\"PPPG - (5)\" loading=\"lazy\" \/>\t\t\t\t\t\t\t\t\t\t\t\t\t<\/div>\n\t\t\t\t<\/div>\n\t\t\t\t\t<\/div>\n\t\t<\/div>\n\t\t\t\t\t<\/div>\n\t\t<\/section>\n\t\t\t\t<section class=\"elementor-section elementor-top-section elementor-element elementor-element-407304a2 elementor-section-boxed elementor-section-height-default elementor-section-height-default\" data-id=\"407304a2\" data-element_type=\"section\">\n\t\t\t\t\t\t<div class=\"elementor-container elementor-column-gap-default\">\n\t\t\t\t\t<div class=\"elementor-column elementor-col-100 elementor-top-column elementor-element elementor-element-298ffad4\" data-id=\"298ffad4\" data-element_type=\"column\">\n\t\t\t<div class=\"elementor-widget-wrap elementor-element-populated\">\n\t\t\t\t\t\t<div class=\"elementor-element elementor-element-696cf54e elementor-widget elementor-widget-text-editor\" data-id=\"696cf54e\" data-element_type=\"widget\" data-widget_type=\"text-editor.default\">\n\t\t\t\t<div class=\"elementor-widget-container\">\n\t\t\t\t\t\t\t<!-- wp:tadv\/classic-paragraph -->\n<h5>Colegiado do Programa de P\u00f3s-Gradua\u00e7\u00e3o em Pol\u00edticas P\u00fablicas e Gest\u00e3o Educacional<\/h5>\n<h6><br \/>Profa. Leandra B\u00f4er Possa \u2013 (Coordenadora do PPPG &#8211; Presidente);<br \/><br \/>Profa. Elisiane Machado Lunardi \u2013 (Coordenadora Substituta do Prof. Joacir Marques da Costa \u2013 Coordenador da LP1 (Titular);<br \/><br \/>Profa. Marilene Gabriel Dalla Corte \u2013\u00a0 (Suplente do Coordenador da Profa. Ana Carla Hollweg Powaczuk \u2013\u00a0 (Coordenadora da LP2)<br \/><br \/>Profa. Maria Eliza Rosa Gama \u2013\u00a0 (Suplente da Coordenadora da LP2);<br \/><br \/>Profa. Andr\u00e9a Forgiarini Cecchin \u2013\u00a0 (Titular);<br \/><br \/>Profa. D\u00e9bora Teixeira de Mello \u2013 (Suplente);<br \/><br \/>Profa. Graziela Escandiel de Lima \u2013 (Titular);<br \/><br \/>Profa. Tatiane Negrini \u2013 (Suplente);<br \/><br \/>Profa. Taciana Camera Segat \u2013\u00a0 (Titular);<br \/><br \/>Profa. Lorena In\u00eas Peterini Marquezan \u2013\u00a0 (Suplente);<br \/><br \/>Acad\u00eamica Juvelina Freitas P\u00f4rto \u2013 (Titular);<br \/><br \/>Acad\u00eamica Bruna Linhatti de Oliveira \u2013 (Suplente);<br \/><br \/>Acad\u00eamico Diego Emanoel Veis Bentancourt \u2013 (Titular);<br \/><br \/>Acad\u00eamica Eliane Couto Bueno \u2013 (Suplente);<br \/><br \/>TAE Camile de Vargas \u2013 (Titular);<br \/><br \/>TAE Marcio Lamberti de Bittencourt \u2013\u00a0 (Suplente).<\/h6>\n<!-- \/wp:tadv\/classic-paragraph -->\t\t\t\t\t\t<\/div>\n\t\t\t\t<\/div>\n\t\t\t\t\t<\/div>\n\t\t<\/div>\n\t\t\t\t\t<\/div>\n\t\t<\/section>\n\t\t\t\t<\/div>\n\t\t","protected":false},"excerpt":{"rendered":"<p>Colegiado do Programa de P\u00f3s-Gradua\u00e7\u00e3o em Pol\u00edticas P\u00fablicas e Gest\u00e3o Educacional Profa. Leandra B\u00f4er Possa \u2013 (Coordenadora do PPPG &#8211; Presidente); Profa. Elisiane Machado Lunardi \u2013 (Coordenadora Substituta do Prof. Joacir Marques da Costa \u2013 Coordenador da LP1 (Titular); Profa. Marilene Gabriel Dalla Corte \u2013\u00a0 (Suplente do Coordenador da Profa. Ana Carla Hollweg Powaczuk \u2013\u00a0 [&hellip;]<\/p>\n","protected":false},"author":115,"featured_media":0,"parent":0,"menu_order":0,"comment_status":"closed","ping_status":"closed","template":"","meta":{"footnotes":""},"categories":[],"tags":[],"class_list":["post-156","page","type-page","status-publish","hentry"],"acf":[],"_links":{"self":[{"href":"https:\/\/www.ufsm.br\/cursos\/pos-graduacao\/santa-maria\/pppg\/wp-json\/wp\/v2\/pages\/156","targetHints":{"allow":["GET"]}}],"collection":[{"href":"https:\/\/www.ufsm.br\/cursos\/pos-graduacao\/santa-maria\/pppg\/wp-json\/wp\/v2\/pages"}],"about":[{"href":"https:\/\/www.ufsm.br\/cursos\/pos-graduacao\/santa-maria\/pppg\/wp-json\/wp\/v2\/types\/page"}],"author":[{"embeddable":true,"href":"https:\/\/www.ufsm.br\/cursos\/pos-graduacao\/santa-maria\/pppg\/wp-json\/wp\/v2\/users\/115"}],"replies":[{"embeddable":true,"href":"https:\/\/www.ufsm.br\/cursos\/pos-graduacao\/santa-maria\/pppg\/wp-json\/wp\/v2\/comments?post=156"}],"version-history":[{"count":0,"href":"https:\/\/www.ufsm.br\/cursos\/pos-graduacao\/santa-maria\/pppg\/wp-json\/wp\/v2\/pages\/156\/revisions"}],"wp:attachment":[{"href":"https:\/\/www.ufsm.br\/cursos\/pos-graduacao\/santa-maria\/pppg\/wp-json\/wp\/v2\/media?parent=156"}],"wp:term":[{"taxonomy":"category","embeddable":true,"href":"https:\/\/www.ufsm.br\/cursos\/pos-graduacao\/santa-maria\/pppg\/wp-json\/wp\/v2\/categories?post=156"},{"taxonomy":"post_tag","embeddable":true,"href":"https:\/\/www.ufsm.br\/cursos\/pos-graduacao\/santa-maria\/pppg\/wp-json\/wp\/v2\/tags?post=156"}],"curies":[{"name":"wp","href":"https:\/\/api.w.org\/{rel}","templated":true}]}}