{"id":162,"date":"2019-03-29T10:51:05","date_gmt":"2019-03-29T13:51:05","guid":{"rendered":"https:\/\/www.ufsm.br\/cursos\/pos-graduacao\/santa-maria\/pppg\/?page_id=162"},"modified":"2019-03-29T10:51:07","modified_gmt":"2019-03-29T13:51:07","slug":"organizacao-escolar-e-curricular","status":"publish","type":"page","link":"https:\/\/www.ufsm.br\/cursos\/pos-graduacao\/santa-maria\/pppg\/organizacao-escolar-e-curricular","title":{"rendered":"ORGANIZA\u00c7\u00c3O ESCOLAR E CURRICULAR"},"content":{"rendered":"\n<p><strong>DEPARTAMENTO:<\/strong>\u00a0ADE<\/p>\n<p><strong>CARGA HOR\u00c1RIA:<\/strong>\u00a045H<\/p>\n<p><strong>CR\u00c9DITOS:\u00a0<\/strong>03<\/p>\n<p><strong>EMENTA:<\/strong><\/p>\n<p>Os paradigmas curriculares e sua influ\u00eancia na organiza\u00e7\u00e3o escolar. A proposta pol\u00edtico pedag\u00f3gica como a unidade na diversidade do cotidiano escolar. Os profissionais da educa\u00e7\u00e3o como participantes na gest\u00e3o democr\u00e1tica.<\/p>\n<p><strong>\u00a0<\/strong><strong>OBJETIVO:<\/strong><\/p>\n<p>Estabelecer o di\u00e1logo entre a escola e o contexto social, pol\u00edtico e cultural, no sentido de [re]construir fundamentos te\u00f3ricos capazes de promover a rela\u00e7\u00e3o dial\u00e9tica entre a teoria e a pr\u00e1tica curricular, imprescind\u00edveis para a constru\u00e7\u00e3o e desenvolvimento da efetiva gest\u00e3o curricular.<\/p>\n<h3><strong>\u00a0<\/strong>PROGRAMA:<\/h3>\n<p>UNIDADE 1 \u2013 OS PARADIGMAS CURRICULARES E SUA INFLU\u00caNCIA NA ORGANIZA\u00c7\u00c3O ESCOLAR<\/p>\n<ul>\n<li>Dimens\u00f5es de curr\u00edculo<\/li>\n<li>Curr\u00edculo: conceitos e problemas principais<\/li>\n<li>Curr\u00edculo e cultura no contexto global<\/li>\n<\/ul>\n<p>UNIDADE 2 \u2013 A PROPOSTA POL\u00cdTICO-PEDAG\u00d3GICA COMO A UNIDADE NA DIVERSIDADE DO COTIDIANO ESCOLAR<\/p>\n<ul>\n<li>Disciplinaridade, interdisciplinaridade e transdisciplinaridade, os temas transversais do curr\u00edculo;<\/li>\n<\/ul>\n<p>2.2 Os conte\u00fados curriculares e os par\u00e2metros curriculares nacionais (PCNs)<\/p>\n<p>2.3 Projeto Pol\u00edtico Pedag\u00f3gico<\/p>\n<p>2.4 Regimento Escolar<\/p>\n<p>2.5 Plano de Estudos e Plano de Trabalho<\/p>\n<p>UNIDADE 3 \u2013 OS PROFISSIONAIS DA EDUCA\u00c7\u00c3O COMO PARTICIPANTES NA GEST\u00c3O DEMOCR\u00c1TICA<\/p>\n<p>3.1 O curr\u00edculo como ess\u00eancia do fen\u00f4meno educacional<\/p>\n<p>3.2 A gest\u00e3o democr\u00e1tica em suas dimens\u00f5es administrativa, financeira e pedag\u00f3gica: uma quest\u00e3o paradigm\u00e1tica<\/p>\n<p>3.3. Cotidiano escolar como espa\u00e7o de constru\u00e7\u00e3o de saberes<\/p>\n<h4><strong>Bibliografia B\u00e1sica<\/strong><\/h4>\n<p><strong>\u00a0<\/strong>ARROYO, Miguel.\u00a0<strong>Of\u00edcio<\/strong>\u00a0<strong>de<\/strong>\u00a0<strong>Mestre<\/strong>: imagens e auto-imagens. 5. ed. Rio de Janeiro: Vozes, 2002.<\/p>\n<p>DOMINGUES, J. L. Interesses humanos e curriculares. In:\u00a0<strong>Revista<\/strong>\u00a0<strong>Brasileira<\/strong>\u00a0de\u00a0<strong>Estudos Pedag\u00f3gicos.\u00a0<\/strong>Bras\u00edlia<strong>:\u00a0<\/strong>MEC\/INEP<strong>,\u00a0<\/strong>1986<strong>.<\/strong><\/p>\n<p>FREIRE, Paulo.\u00a0<strong>Educa\u00e7\u00e3o<\/strong>\u00a0<strong>na<\/strong>\u00a0<strong>cidade<\/strong>. 4. ed. S\u00e3o Paulo: Cortez, 2000.<\/p>\n<p>GIMENO SACRIST\u00c1N, Jos\u00e9 Gimeno; PEREZ GOMEZ. Compreender e transformar o ensino. 4. ed. Porto Alegre: Artes M\u00e9dicas, 2000.<\/p>\n<p>GIMENO SACRIST\u00c1N.\u00a0<strong>Educar<\/strong>\u00a0<strong>e<\/strong>\u00a0<strong>conviver<\/strong>\u00a0<strong>na<\/strong>\u00a0<strong>cultura<\/strong>\u00a0<strong>global<\/strong>: as exig\u00eancias a cidadania. Porto Alegre: Artmed, 2001.<\/p>\n<p>\u00a0<\/p>\n<p><strong>Bibliografia Complementar<\/strong><\/p>\n<p>LIB\u00c2NEO, Jos\u00e9 Carlos.\u00a0<strong>Organiza\u00e7\u00e3o<\/strong>\u00a0<strong>e<\/strong>\u00a0<strong>gest\u00e3o<\/strong>\u00a0<strong>da<\/strong>\u00a0<strong>escola<\/strong>: teoria e pr\u00e1tica. 4. ed. Goi\u00e2nia: Alternativa, 2001.<\/p>\n<p>MOREIRA, A. F.B.\u00a0<strong>Curr\u00edculo<\/strong>\u00a0<strong>e<\/strong>\u00a0<strong>programas<\/strong>\u00a0<strong>no<\/strong>\u00a0<strong>Brasil<\/strong>. Campinas: Papirus, 1990.<\/p>\n<p>SILVA, Tomaz Tadeu da.\u00a0<strong>Documentos<\/strong>\u00a0<strong>de<\/strong>\u00a0<strong>identidade<\/strong><em>:\u00a0<\/em>uma introdu\u00e7\u00e3o \u00e0s teorias do curr\u00edculo<em>.<\/em>\u00a02. ed. Belo Horizonte: Aut\u00eantica, 1999.<\/p>\n<p>SARTURI, Rosane Carneiro.\u00a0<strong>O<\/strong>\u00a0<strong>processo<\/strong>\u00a0<strong>da<\/strong>\u00a0<strong>constru\u00e7\u00e3o<\/strong>\u00a0<strong>curricular<\/strong>\u00a0<strong>na<\/strong>\u00a0<strong>Constituinte<\/strong>\u00a0<strong>Escolar<\/strong>: implica\u00e7\u00f5es e possibilidades. Porto Alegre: UFRGS, 2003. 402 f. Tese de Doutorado (Doutorado em Educa\u00e7\u00e3o). Programa P\u00f3s-gradua\u00e7\u00e3o em Educa\u00e7\u00e3o da Universidade Federal do Rio Grande do Sul, 2003.<\/p>\n<p>TORRES SANTOM\u00c9, Jurjo.\u00a0<strong>Globaliza\u00e7\u00e3o<\/strong>\u00a0<strong>e<\/strong>\u00a0<strong>interdisciplinaridade<\/strong>: o curr\u00edculo integrado. Porto Alegre: Artes M\u00e9dicas, 1998.<\/p>\n","protected":false},"excerpt":{"rendered":"<p>DEPARTAMENTO:\u00a0ADE CARGA HOR\u00c1RIA:\u00a045H CR\u00c9DITOS:\u00a003 EMENTA: Os paradigmas curriculares e sua influ\u00eancia na organiza\u00e7\u00e3o escolar. A proposta pol\u00edtico pedag\u00f3gica como a unidade na diversidade do cotidiano escolar. Os profissionais da educa\u00e7\u00e3o como participantes na gest\u00e3o democr\u00e1tica. \u00a0OBJETIVO: Estabelecer o di\u00e1logo entre a escola e o contexto social, pol\u00edtico e cultural, no sentido de [re]construir fundamentos te\u00f3ricos [&hellip;]<\/p>\n","protected":false},"author":115,"featured_media":0,"parent":0,"menu_order":0,"comment_status":"closed","ping_status":"closed","template":"","meta":{"footnotes":""},"categories":[],"tags":[],"class_list":["post-162","page","type-page","status-publish","hentry"],"acf":[],"_links":{"self":[{"href":"https:\/\/www.ufsm.br\/cursos\/pos-graduacao\/santa-maria\/pppg\/wp-json\/wp\/v2\/pages\/162","targetHints":{"allow":["GET"]}}],"collection":[{"href":"https:\/\/www.ufsm.br\/cursos\/pos-graduacao\/santa-maria\/pppg\/wp-json\/wp\/v2\/pages"}],"about":[{"href":"https:\/\/www.ufsm.br\/cursos\/pos-graduacao\/santa-maria\/pppg\/wp-json\/wp\/v2\/types\/page"}],"author":[{"embeddable":true,"href":"https:\/\/www.ufsm.br\/cursos\/pos-graduacao\/santa-maria\/pppg\/wp-json\/wp\/v2\/users\/115"}],"replies":[{"embeddable":true,"href":"https:\/\/www.ufsm.br\/cursos\/pos-graduacao\/santa-maria\/pppg\/wp-json\/wp\/v2\/comments?post=162"}],"version-history":[{"count":0,"href":"https:\/\/www.ufsm.br\/cursos\/pos-graduacao\/santa-maria\/pppg\/wp-json\/wp\/v2\/pages\/162\/revisions"}],"wp:attachment":[{"href":"https:\/\/www.ufsm.br\/cursos\/pos-graduacao\/santa-maria\/pppg\/wp-json\/wp\/v2\/media?parent=162"}],"wp:term":[{"taxonomy":"category","embeddable":true,"href":"https:\/\/www.ufsm.br\/cursos\/pos-graduacao\/santa-maria\/pppg\/wp-json\/wp\/v2\/categories?post=162"},{"taxonomy":"post_tag","embeddable":true,"href":"https:\/\/www.ufsm.br\/cursos\/pos-graduacao\/santa-maria\/pppg\/wp-json\/wp\/v2\/tags?post=162"}],"curies":[{"name":"wp","href":"https:\/\/api.w.org\/{rel}","templated":true}]}}