{"id":911,"date":"2016-03-17T18:39:41","date_gmt":"2016-03-17T18:39:41","guid":{"rendered":"http:\/\/w3.ufsm.br\/pppg\/?page_id=234"},"modified":"2016-03-17T18:39:41","modified_gmt":"2016-03-17T18:39:41","slug":"gestao-da-avaliacao-e-politicas-educacionais","status":"publish","type":"page","link":"https:\/\/www.ufsm.br\/cursos\/pos-graduacao\/santa-maria\/pppg\/gestao-da-avaliacao-e-politicas-educacionais","title":{"rendered":"Gest\u00e3o da Avalia\u00e7\u00e3o e Pol\u00edticas Educacionais"},"content":{"rendered":"<p><strong>N\u00edvel: <\/strong>Mestrado Profissional<\/p>\n<p><strong>Obrigat\u00f3ria: <\/strong>N\u00e3o<\/p>\n<p><strong>\u00c1rea(s) de Concentra\u00e7\u00e3o: <\/strong>Pol\u00edticas P\u00fablicas e Gest\u00e3o Educacional<\/p>\n<p><strong>Carga Hor\u00e1ria: <\/strong>60<\/p>\n<p><strong>Cr\u00e9ditos: <\/strong>4<\/p>\n<p><strong>Ementa:<\/strong> Processos avaliativos e gest\u00e3o da educa\u00e7\u00e3o: princ\u00edpios, finalidades, caracter\u00edsticas e estrat\u00e9gias. Abordagem hist\u00f3rica da avalia\u00e7\u00e3o no Brasil. Pol\u00edticas e processos de avalia\u00e7\u00e3o interna e externa em institui\u00e7\u00f5es e sistemas educacionais. A centralidade da avalia\u00e7\u00e3o em suas diferentes dimens\u00f5es: avalia\u00e7\u00e3o institucional, avalia\u00e7\u00e3o da aprendizagem, avalia\u00e7\u00e3o do trabalho administrativo-pedag\u00f3gico.<\/p>\n<p><strong>Bibliografia B\u00e1sica: <\/strong><\/p>\n<p>BRASIL. <strong>Sistema Nacional de Avalia\u00e7\u00e3o da Educa\u00e7\u00e3o B\u00e1sica. <\/strong>Portaria n\u00ba. 931, de mar\u00e7o de 2005. Dispon\u00edvel em: &lt;www.inep.gov.br\/download\/saeb\/2005\/portarias\/Portaria931_NovoSaeb.pdf&gt;. Acesso em maio de 2013.<\/p>\n<p>CASTRO, M. H. G. de. Sistemas de Avalia\u00e7\u00e3o da Educa\u00e7\u00e3o no Brasil: avan\u00e7os e novos desafios. <strong>S\u00e3o Paulo Perspectiva<\/strong>. S\u00e3o Paulo, v. 23, n. 1, p. 5-18, jan.\/jun. 2009. Dispon\u00edvel em: &lt;http:\/\/www.seade.gov.br\/produtos\/spp\/v23n01\/v23n01_01.pdf&gt;. Acesso em maio de 2013.<\/p>\n<p>FERNADES, Reynaldo. <strong>\u00cdndice de Desenvolvimento da Educa\u00e7\u00e3o B\u00e1sica (Ideb). <\/strong>Bras\u00edlia: MEC\/Inep, 2007.<\/p>\n<p>JANELA, Almerindo Afonso<strong>. Avalia\u00e7\u00e3o educacional: <\/strong>regula\u00e7\u00e3o e emancipa\u00e7\u00e3o: para uma sociologia das pol\u00edticas avaliativas contempor\u00e2neas. S\u00e3o Paulo, SP: Cortez, 2009.<\/p>\n<p>SILVA, I. F. O sistema nacional de avalia\u00e7\u00e3o: caracter\u00edsticas, dispositivos legais e resultados. <strong>Estudos de Avalia\u00e7\u00e3o Educacional. <\/strong>S\u00e3o Paulo, v. 21, n. 47, p. 427-448, set.\/dez. 2010. Dispon\u00edvel em: &lt;http:\/\/www.fcc.org.br\/pesquisa\/publicacoes\/eae\/arquivos\/1602\/1602.pdf&gt; Acesso em maio de 2013.<\/p>\n<p>SOUSA, Sandra M. Z\u00e1kia L. Avalia\u00e7\u00e3o nas pol\u00edticas educacionais atuais reitera desigualdades. Dossi\u00ea Educa\u00e7\u00e3o. <strong>Revista ADUSP<\/strong>. N\u00ba 46, janeiro 2010.<\/p>\n<p><strong>Bibliografia Complementar: <\/strong><\/p>\n<p>ALTMAN, Helena. Influ\u00eancias do Banco Mundial no projeto educacional brasileiro. In: <strong>Educa\u00e7\u00e3o e pesquisa<\/strong>. S\u00e3o Paulo, v. 28, n.1 p.77-89, jan.\/jun. 2002.<\/p>\n<p>BRASIL. <strong>Lei 10.861,<\/strong> de 14 de abril de 2004. Institui o Sistema Nacional de Avalia\u00e7\u00e3o da Educa\u00e7\u00e3o Superior &#8211; SINAES.<\/p>\n<p>BRASIL. SINAES. <strong>Sistema Nacional de Avalia\u00e7\u00e3o da Educa\u00e7\u00e3o<\/strong> <strong>Superior:<\/strong> da concep\u00e7\u00e3o \u00e0 regulamenta\u00e7\u00e3o. [Instituto Nacional de Estudos e Pesquisas Educacionais An\u00edsio Teixeira]. 2. ed. ampl. Bras\u00edlia: Instituto Nacional de Estudos e Pesquisas Educacionais An\u00edsio Teixeira, 2004.<\/p>\n<p>LIB\u00d3RIO, H.; COSTA, J. A. O impacto de avalia\u00e7\u00e3o externa de desenvolvimento organizacional de uma escola. <strong>Ensaio<\/strong>, n. 43, v.12, abr\/jun, 2004, pp. 696-710.<\/p>\n<p>LEITE, Denise.\u00a0 <strong>Reformas universit\u00e1rias. <\/strong>Avalia\u00e7\u00e3o Institucional participativa. Petr\u00f3polis: RJ: Vozes, 2005.<\/p>\n<p>LOCATELLI, Iza. <strong>Constru\u00e7\u00e3o de instrumentos para a avalia\u00e7\u00e3o de larga escala e indicadores de rendimento:<\/strong> o modelo Saeb. Estudos em Avalia\u00e7\u00e3o Educacional, S\u00e3o Paulo, n. 25, jan.\/jun. 2002.<\/p>\n","protected":false},"excerpt":{"rendered":"<p>N\u00edvel: Mestrado Profissional Obrigat\u00f3ria: N\u00e3o \u00c1rea(s) de Concentra\u00e7\u00e3o: Pol\u00edticas P\u00fablicas e Gest\u00e3o Educacional Carga Hor\u00e1ria: 60 Cr\u00e9ditos: 4 Ementa: Processos avaliativos e gest\u00e3o da educa\u00e7\u00e3o: princ\u00edpios, finalidades, caracter\u00edsticas e estrat\u00e9gias. Abordagem hist\u00f3rica da avalia\u00e7\u00e3o no Brasil. Pol\u00edticas e processos de avalia\u00e7\u00e3o interna e externa em institui\u00e7\u00f5es e sistemas educacionais. A centralidade da avalia\u00e7\u00e3o em suas [&hellip;]<\/p>\n","protected":false},"author":1,"featured_media":0,"parent":0,"menu_order":0,"comment_status":"closed","ping_status":"closed","template":"","meta":{"footnotes":""},"categories":[],"tags":[],"class_list":["post-911","page","type-page","status-publish","hentry"],"acf":[],"_links":{"self":[{"href":"https:\/\/www.ufsm.br\/cursos\/pos-graduacao\/santa-maria\/pppg\/wp-json\/wp\/v2\/pages\/911","targetHints":{"allow":["GET"]}}],"collection":[{"href":"https:\/\/www.ufsm.br\/cursos\/pos-graduacao\/santa-maria\/pppg\/wp-json\/wp\/v2\/pages"}],"about":[{"href":"https:\/\/www.ufsm.br\/cursos\/pos-graduacao\/santa-maria\/pppg\/wp-json\/wp\/v2\/types\/page"}],"author":[{"embeddable":true,"href":"https:\/\/www.ufsm.br\/cursos\/pos-graduacao\/santa-maria\/pppg\/wp-json\/wp\/v2\/users\/1"}],"replies":[{"embeddable":true,"href":"https:\/\/www.ufsm.br\/cursos\/pos-graduacao\/santa-maria\/pppg\/wp-json\/wp\/v2\/comments?post=911"}],"version-history":[{"count":0,"href":"https:\/\/www.ufsm.br\/cursos\/pos-graduacao\/santa-maria\/pppg\/wp-json\/wp\/v2\/pages\/911\/revisions"}],"wp:attachment":[{"href":"https:\/\/www.ufsm.br\/cursos\/pos-graduacao\/santa-maria\/pppg\/wp-json\/wp\/v2\/media?parent=911"}],"wp:term":[{"taxonomy":"category","embeddable":true,"href":"https:\/\/www.ufsm.br\/cursos\/pos-graduacao\/santa-maria\/pppg\/wp-json\/wp\/v2\/categories?post=911"},{"taxonomy":"post_tag","embeddable":true,"href":"https:\/\/www.ufsm.br\/cursos\/pos-graduacao\/santa-maria\/pppg\/wp-json\/wp\/v2\/tags?post=911"}],"curies":[{"name":"wp","href":"https:\/\/api.w.org\/{rel}","templated":true}]}}