{"id":915,"date":"2016-03-17T18:48:41","date_gmt":"2016-03-17T18:48:41","guid":{"rendered":"http:\/\/w3.ufsm.br\/pppg\/?page_id=246"},"modified":"2016-03-17T18:48:41","modified_gmt":"2016-03-17T18:48:41","slug":"aprendizagem-e-inclusao-escolar","status":"publish","type":"page","link":"https:\/\/www.ufsm.br\/cursos\/pos-graduacao\/santa-maria\/pppg\/aprendizagem-e-inclusao-escolar","title":{"rendered":"Aprendizagem e Inclus\u00e3o Escolar"},"content":{"rendered":"<p><strong>N\u00edvel: <\/strong>Mestrado Profissional<\/p>\n<p><strong>Obrigat\u00f3ria: <\/strong>N\u00e3o<\/p>\n<p><strong>\u00c1rea(s) de Concentra\u00e7\u00e3o: <\/strong>Pol\u00edticas P\u00fablicas e Gest\u00e3o Educacional<\/p>\n<p><strong>Carga Hor\u00e1ria: <\/strong>60<\/p>\n<p><strong>Cr\u00e9ditos: <\/strong>4<\/p>\n<p><strong>Ementa:<\/strong> Processos de aprendizagem. Problemas e transtornos de aprendizagem. Aprendizagem e pol\u00edtica educacional na perspectiva inclusiva. Gest\u00e3o escolar e aprendizagem na perspectiva inclusiva.<\/p>\n<p><strong>Bibliografia B\u00e1sica:<\/strong><\/p>\n<p>BAPTISTA, C. R. (Org.). <strong>Inclus\u00e3o e escolariza\u00e7\u00e3o:<\/strong> m\u00faltiplas perspectivas. Porto Alegre: Media\u00e7\u00e3o, 2006.<\/p>\n<p>BEYER, H. O. <strong>A educa\u00e7\u00e3o inclusiva:<\/strong> incompletudes escolares e perspectivas de a\u00e7\u00e3o. Cadernos de Educa\u00e7\u00e3o Especial. Santa Maria, n. 22, 2003. Dispon\u00edvel em: &lt;http:\/\/<a href=\"http:\/\/www.ufsm.br\/\">www.ufsm.br\/<\/a>ce\/revista\/ceesp\/2003\/02\/a3.htm&gt; Acesso em set de 2013.<\/p>\n<p>CIASCA, S. M. (Org.). <strong>Dist\u00farbios de aprendizagem<\/strong>: proposta de avalia\u00e7\u00e3o interdisciplinar. S\u00e3o Paulo: Casa do Psic\u00f3logo, 2003.<\/p>\n<p>FONSECA, V. <strong>Introdu\u00e7\u00e3o \u00e0s dificuldades de aprendizagem<\/strong>. 2.ed. Porto Alegre: Artes M\u00e9dicas, 1995.<\/p>\n<p>GARCIA, J. N. <strong>Manual de dificuldades de aprendizagem<\/strong>: linguagem, leitura, escrita e matem\u00e1tica. Porto Alegre: Artes M\u00e9dicas, 1998.<\/p>\n<p>STRIEDER, R.; ZIMMERMANN, L. G. <strong>A inclus\u00e3o escolar e os desafios da aprendizagem.<\/strong> 2010. Dispon\u00edvel em: &lt;http:\/\/www.utp.br\/cadernos_de_pesquisa\/pdfs\/cad_pesq10\/10_a_inclusao_cp10.pdf&gt; Acesso em set 2013.<\/p>\n<p>VALLE, T. G. M. do (Org.). <strong>Aprendizagem e desenvolvimento humano: <\/strong>avalia\u00e7\u00f5es e interven\u00e7\u00f5es. [online]. S\u00e3o Paulo: Cultura Acad\u00eamica, 2009. Dispon\u00edvel em: &lt;http:\/\/static.scielo.org\/scielobooks\/krj5p\/pdf\/valle-9788598605999.pdf&gt; Acesso em set. 2013.<\/p>\n<p><strong>Bibliografia Complementar:<\/strong><\/p>\n<p>BRASIL. <strong>Saberes e pr\u00e1ticas da inclus\u00e3o: <\/strong>avalia\u00e7\u00e3o para identifica\u00e7\u00e3o das necessidades educacionais especiais. 2. ed. Bras\u00edlia: MEC\/SEESP, 2006. Dispon\u00edvel em: &lt;http:\/\/portal.mec.gov.br\/seesp\/arquivos\/pdf\/avaliacao.pdf&gt; Acesso em set 2013.<\/p>\n<p>FELTRIN, A. E. <strong>Inclus\u00e3o social na escola:<\/strong> quando a pedagogia se encontra com a diferen\u00e7a. S\u00e3o Paulo: Paulinas, 2004.<\/p>\n<p>FREIRE, M. O sentido dram\u00e1tico da aprendizagem. In.: GROSSI, E. P; BORDIN, J. (Org.). <strong>Paix\u00e3o de aprender.<\/strong> Petr\u00f3polis: Vozes, 1996.<\/p>\n<p>MATURANA, H. <strong>Cogni\u00e7\u00e3o, ci\u00eancia e vida cotidiana.<\/strong> Belo Horizonte: Ed. UFMG, 2001.<\/p>\n<p>MATURANA, H.; VARELA, F. J. <strong>\u00c1rvore do conhecimento:<\/strong> as bases biol\u00f3gicas da compreens\u00e3o humana. S\u00e3o Paulo: Palas Athena, 1995.<\/p>\n<p>MARTINS, L. A. R. [et. al] (Org.). <strong>Inclus\u00e3o:<\/strong> compartilhando saberes. Petr\u00f3polis: Vozes, 2006.<\/p>\n","protected":false},"excerpt":{"rendered":"<p>N\u00edvel: Mestrado Profissional Obrigat\u00f3ria: N\u00e3o \u00c1rea(s) de Concentra\u00e7\u00e3o: Pol\u00edticas P\u00fablicas e Gest\u00e3o Educacional Carga Hor\u00e1ria: 60 Cr\u00e9ditos: 4 Ementa: Processos de aprendizagem. Problemas e transtornos de aprendizagem. Aprendizagem e pol\u00edtica educacional na perspectiva inclusiva. Gest\u00e3o escolar e aprendizagem na perspectiva inclusiva. Bibliografia B\u00e1sica: BAPTISTA, C. R. (Org.). Inclus\u00e3o e escolariza\u00e7\u00e3o: m\u00faltiplas perspectivas. Porto Alegre: Media\u00e7\u00e3o, [&hellip;]<\/p>\n","protected":false},"author":1,"featured_media":0,"parent":0,"menu_order":0,"comment_status":"closed","ping_status":"closed","template":"","meta":{"footnotes":""},"categories":[],"tags":[],"class_list":["post-915","page","type-page","status-publish","hentry"],"acf":[],"_links":{"self":[{"href":"https:\/\/www.ufsm.br\/cursos\/pos-graduacao\/santa-maria\/pppg\/wp-json\/wp\/v2\/pages\/915","targetHints":{"allow":["GET"]}}],"collection":[{"href":"https:\/\/www.ufsm.br\/cursos\/pos-graduacao\/santa-maria\/pppg\/wp-json\/wp\/v2\/pages"}],"about":[{"href":"https:\/\/www.ufsm.br\/cursos\/pos-graduacao\/santa-maria\/pppg\/wp-json\/wp\/v2\/types\/page"}],"author":[{"embeddable":true,"href":"https:\/\/www.ufsm.br\/cursos\/pos-graduacao\/santa-maria\/pppg\/wp-json\/wp\/v2\/users\/1"}],"replies":[{"embeddable":true,"href":"https:\/\/www.ufsm.br\/cursos\/pos-graduacao\/santa-maria\/pppg\/wp-json\/wp\/v2\/comments?post=915"}],"version-history":[{"count":0,"href":"https:\/\/www.ufsm.br\/cursos\/pos-graduacao\/santa-maria\/pppg\/wp-json\/wp\/v2\/pages\/915\/revisions"}],"wp:attachment":[{"href":"https:\/\/www.ufsm.br\/cursos\/pos-graduacao\/santa-maria\/pppg\/wp-json\/wp\/v2\/media?parent=915"}],"wp:term":[{"taxonomy":"category","embeddable":true,"href":"https:\/\/www.ufsm.br\/cursos\/pos-graduacao\/santa-maria\/pppg\/wp-json\/wp\/v2\/categories?post=915"},{"taxonomy":"post_tag","embeddable":true,"href":"https:\/\/www.ufsm.br\/cursos\/pos-graduacao\/santa-maria\/pppg\/wp-json\/wp\/v2\/tags?post=915"}],"curies":[{"name":"wp","href":"https:\/\/api.w.org\/{rel}","templated":true}]}}