{"id":919,"date":"2016-03-17T18:51:22","date_gmt":"2016-03-17T18:51:22","guid":{"rendered":"http:\/\/w3.ufsm.br\/pppg\/?page_id=258"},"modified":"2016-03-17T18:51:22","modified_gmt":"2016-03-17T18:51:22","slug":"perspectivas-epistemologicas-e-politicas-educacionais","status":"publish","type":"page","link":"https:\/\/www.ufsm.br\/cursos\/pos-graduacao\/santa-maria\/pppg\/perspectivas-epistemologicas-e-politicas-educacionais","title":{"rendered":"Perspectivas Epistemol\u00f3gicas e Pol\u00edticas Educacionais"},"content":{"rendered":"<p><strong>N\u00edvel: <\/strong>Mestrado Profissional<\/p>\n<p><strong>Obrigat\u00f3ria:<\/strong> N\u00e3o<\/p>\n<p><strong>\u00c1rea(s) de Concentra\u00e7\u00e3o:<\/strong><\/p>\n<p><strong>Carga Hor\u00e1ria:<\/strong> 60<\/p>\n<p><strong>Cr\u00e9ditos: <\/strong>4<\/p>\n<p><strong>Ementa:<\/strong> Posicionamento epistemol\u00f3gico. Perspectivas epistemol\u00f3gicas e inter-rela\u00e7\u00f5es com as pol\u00edticas educacionais nas redes e sistemas de ensino. Pesquisas em pol\u00edticas educacionais. Teorias epistemol\u00f3gicas e repercuss\u00f5es na pr\u00e1xis docente e cultura organizacional da escola.<\/p>\n<p><strong>Bibliografia B\u00e1sica:<\/strong><\/p>\n<p>AZEVEDO, J. M. L. Implica\u00e7\u00f5es da nova l\u00f3gica de a\u00e7\u00e3o do Estado para a educa\u00e7\u00e3o municipal. <strong>Educa\u00e7\u00e3o &amp; Sociedade<\/strong>. Campinas, v. 23, n. 80, p. 49-71, set. 2002.<\/p>\n<p>BARROSO, J. A investiga\u00e7\u00e3o sobre a regula\u00e7\u00e3o das pol\u00edticas p\u00fablicas de educa\u00e7\u00e3o em Portugal. In: BARROSO, J. (Org.). <strong>A regula\u00e7\u00e3o das pol\u00edticas p\u00fablicas de educa\u00e7\u00e3o:<\/strong> espa\u00e7os, din\u00e2micas e atores. Lisboa: Educa, 2006. p. 9-39.<\/p>\n<p>DOURADO, L. F.; PARO, V. H. (Org.). <strong>Pol\u00edticas P\u00fablicas e Educa\u00e7\u00e3o B\u00e1sica.<\/strong> S\u00e3o Paulo: Xam\u00e3, 2003.<\/p>\n<p>S\u00c1NCHEZ V\u00c1ZQUEZ, A.\u00a0 <strong>Filosofia da pr\u00e1xis.<\/strong> 2. ed. Rio de Janeiro, Paz e Terra, 1977.<\/p>\n<p>TELLO, C. Las epistemolog\u00edas de la pol\u00edtica educativa como enfoque y la vigilancia y el posicionamiento epistemol\u00f3gico del investigador. <strong>Pr\u00e1xis Educativa. <\/strong>Ponta GROSSA, v. 7, n. 1, p. 53-68, jan.\/jul, 2012.<\/p>\n<p>TELLO, C.; MAINARDES, J. La posici\u00f3n epistemol\u00f3gica de los investigadores en pol\u00edtica educativa: debates te\u00f3ricos en torno a las perspectivas neo-marxista, pluralista y posestructuralista. <strong>Archivos Anal\u00edticos de Pol\u00edticas Educativas<\/strong>. v. 20, n. 9, p. 1-37, 2012. Dispon\u00edvel em: &lt;http:\/\/epaa.asu.edu\/ojs\/article\/view\/988&gt; Acesso: 24 mar. 2012.<\/p>\n<p><strong>Bibliografia Complementar:<\/strong><\/p>\n<p>CURY, C. R. J. A educa\u00e7\u00e3o b\u00e1sica no Brasil. <strong>Educa\u00e7\u00e3o &amp; Sociedade<\/strong>. Campinas, v. 23, n. 80, p. 169-201, set. 2002.<\/p>\n<p>MAROY, C. Converg\u00eancias e diverg\u00eancias dos modos de regula\u00e7\u00e3o numa perspectiva europ\u00e9ia. In: BARROSO, J. (Org.). <strong>A regula\u00e7\u00e3o das pol\u00edticas p\u00fablicas de educa\u00e7\u00e3o:<\/strong> espa\u00e7os, din\u00e2micas e atores. Lisboa: Educa, 2006. p. 227-244.<\/p>\n<p>SANDER, B. A pesquisa sobre pol\u00edtica e gest\u00e3o da educa\u00e7\u00e3o no Brasil: tem\u00e1ticas, resultados e perspectivas. In: <strong>IV Congresso Luso Brasileiro de Pol\u00edtica e Administra\u00e7\u00e3o da Educa\u00e7\u00e3o<\/strong>. Portugal: Lisboa, 2007.<\/p>\n<p>TELLO, C. El objeto de estudio en ciencias sociales: entre la pregunta y la hip\u00f3tesis debates sobre las decisiones epistemol\u00f3gicas en un proyecto de investigaci\u00f3n. <strong>Cinta de Moebio<\/strong>. n. 42, p. 225-242, 2011. Dispon\u00edvel em: &lt;http:\/\/www.revistas.uchile.cl\/index.php\/CDM\/article\/viewArticle\/18162\/19020&gt; Acesso: 12 feb. 2012.<\/p>\n<p>TELLO, C.; GOROSTIAGA, J. La Cartograf\u00eda Social y el pluralismo como enfoque epistemol\u00f3gico para el an\u00e1lisis de pol\u00edticas educativas. In: Tello, C. (Org) <strong>Las epistemolog\u00edas de la pol\u00edtica educativa.<\/strong> Enfoques y Perspectivas para el an\u00e1lisis de Pol\u00edticas educativas. Mercado de Letras. Campinas. SP, 2013.<\/p>\n<p>TELLO, C. Notas anal\u00edticas sobre el enfoque de las epistemolog\u00edas de la pol\u00edtica educativa. En Conjectura: filosofia e educa\u00e7\u00e3o. In: <strong>Anais da ANPED Sul<\/strong>. Universidade de Caxias do Sul, 2012.<\/p>\n","protected":false},"excerpt":{"rendered":"<p>N\u00edvel: Mestrado Profissional Obrigat\u00f3ria: N\u00e3o \u00c1rea(s) de Concentra\u00e7\u00e3o: Carga Hor\u00e1ria: 60 Cr\u00e9ditos: 4 Ementa: Posicionamento epistemol\u00f3gico. Perspectivas epistemol\u00f3gicas e inter-rela\u00e7\u00f5es com as pol\u00edticas educacionais nas redes e sistemas de ensino. Pesquisas em pol\u00edticas educacionais. Teorias epistemol\u00f3gicas e repercuss\u00f5es na pr\u00e1xis docente e cultura organizacional da escola. Bibliografia B\u00e1sica: AZEVEDO, J. M. L. Implica\u00e7\u00f5es da nova [&hellip;]<\/p>\n","protected":false},"author":1,"featured_media":0,"parent":0,"menu_order":0,"comment_status":"closed","ping_status":"closed","template":"","meta":{"footnotes":""},"categories":[],"tags":[],"class_list":["post-919","page","type-page","status-publish","hentry"],"acf":[],"_links":{"self":[{"href":"https:\/\/www.ufsm.br\/cursos\/pos-graduacao\/santa-maria\/pppg\/wp-json\/wp\/v2\/pages\/919","targetHints":{"allow":["GET"]}}],"collection":[{"href":"https:\/\/www.ufsm.br\/cursos\/pos-graduacao\/santa-maria\/pppg\/wp-json\/wp\/v2\/pages"}],"about":[{"href":"https:\/\/www.ufsm.br\/cursos\/pos-graduacao\/santa-maria\/pppg\/wp-json\/wp\/v2\/types\/page"}],"author":[{"embeddable":true,"href":"https:\/\/www.ufsm.br\/cursos\/pos-graduacao\/santa-maria\/pppg\/wp-json\/wp\/v2\/users\/1"}],"replies":[{"embeddable":true,"href":"https:\/\/www.ufsm.br\/cursos\/pos-graduacao\/santa-maria\/pppg\/wp-json\/wp\/v2\/comments?post=919"}],"version-history":[{"count":0,"href":"https:\/\/www.ufsm.br\/cursos\/pos-graduacao\/santa-maria\/pppg\/wp-json\/wp\/v2\/pages\/919\/revisions"}],"wp:attachment":[{"href":"https:\/\/www.ufsm.br\/cursos\/pos-graduacao\/santa-maria\/pppg\/wp-json\/wp\/v2\/media?parent=919"}],"wp:term":[{"taxonomy":"category","embeddable":true,"href":"https:\/\/www.ufsm.br\/cursos\/pos-graduacao\/santa-maria\/pppg\/wp-json\/wp\/v2\/categories?post=919"},{"taxonomy":"post_tag","embeddable":true,"href":"https:\/\/www.ufsm.br\/cursos\/pos-graduacao\/santa-maria\/pppg\/wp-json\/wp\/v2\/tags?post=919"}],"curies":[{"name":"wp","href":"https:\/\/api.w.org\/{rel}","templated":true}]}}