{"id":920,"date":"2016-03-17T18:52:14","date_gmt":"2016-03-17T18:52:14","guid":{"rendered":"http:\/\/w3.ufsm.br\/pppg\/?page_id=261"},"modified":"2016-03-17T18:52:14","modified_gmt":"2016-03-17T18:52:14","slug":"qualidade-e-gestao-estrategica","status":"publish","type":"page","link":"https:\/\/www.ufsm.br\/cursos\/pos-graduacao\/santa-maria\/pppg\/qualidade-e-gestao-estrategica","title":{"rendered":"Qualidade e Gest\u00e3o Estrat\u00e9gica"},"content":{"rendered":"<p><strong>N\u00edvel: <\/strong>Mestrado Profissional<\/p>\n<p>Obrigat\u00f3ria: N\u00e3o<\/p>\n<p><strong>\u00c1rea(s) de Concentra\u00e7\u00e3o:<\/strong><\/p>\n<p>Carga Hor\u00e1ria: 60h<\/p>\n<p>Cr\u00e9ditos: 4<\/p>\n<p>Ementa: Qualidade da educa\u00e7\u00e3o e pol\u00edticas educacionais. Avalia\u00e7\u00e3o e indicadores de qualidade para a educa\u00e7\u00e3o b\u00e1sica. Gest\u00e3o estrat\u00e9gica: metodologias e planejamento estrat\u00e9gico para a qualidade dos contextos educacionais. Doc\u00eancia e qualidade da educa\u00e7\u00e3o.<\/p>\n<p><strong>Bibliografia B\u00e1sica:<\/strong><\/p>\n<p>BONAMINO, A.; FRANCO, C.; ALVES, F. Qualidade do ensino fundamental: pol\u00edticas, suas possibilidades, seus limites. <strong>Educa\u00e7\u00e3o &amp; Sociedade.<\/strong> Campinas, v. 28, n. 100, p. 989-1014, out. 2007. Dispon\u00edvel em: &lt;http:\/\/www.scielo.br\/pdf\/es\/v28n100\/a1728100.pdf&gt; Acesso em ago de 2013.<\/p>\n<p>DOURADO, L. F.;\u00a0 OLIVEIRA, J. F. de; SANTOS, C. de A<strong>. <em>\u00a0<\/em>A qualidade da educa\u00e7\u00e3o:<\/strong> conceitos e defini\u00e7\u00f5es. Bras\u00edlia-DF: MEC\/INEP, 2004. Dispon\u00edvel em: &lt;http:\/\/www.publicacoes.inep.gov.br\/arquivos\/%7BF84EADE4-B76E-49DB-8B35-D196B9568685%7D_DISCUSS%C3%83O%20N%C2%BA%2024.pdf&gt; Acesso em set de 2013.<\/p>\n<p>FREITAS, L. C. Qualidade negociada: avalia\u00e7\u00e3o e contra-regula\u00e7\u00e3o na escola p\u00fablica. In: <strong>Educa\u00e7\u00e3o e Sociedade.<\/strong> Campinas, vol. 26, n. 92, p. 911-933, Especial Out, 2005.<\/p>\n<p>DAVOK, D. F. Qualidade em Educa\u00e7\u00e3o. <strong>Avalia\u00e7\u00e3o.<\/strong> Campinas; Sorocaba, SP, v. 12, n. 3, p. 505-513, set. 2007. Dispon\u00edvel em: &lt;http:\/\/www.scielo.br\/pdf\/aval\/v12n3\/a07v12n3.pdf&gt; Acesso set de 2013.<\/p>\n<p>DEMO, P. <strong>Educa\u00e7\u00e3o e qualidade<\/strong>. S\u00e3o Paulo: Papirus, 2002.<\/p>\n<p><strong>OLIVEIRA, D. de P. R. Planejamento Estrat\u00e9gico \u2013 Conceitos, Metodologias e Pr\u00e1ticas. S\u00e3o Paulo: Atlas, 2004.<\/strong><\/p>\n<p>RIBEIRO, V. M.; RIBEIRO, V. M.; GUSM\u00c3O, J. B. de. Indicadores de qualidade para a mobiliza\u00e7\u00e3o da escola. In: <strong>Cadernos de Pesquisa.<\/strong> v. 35, n. 124, p. 227-251, jan.\/abr. 2005.<\/p>\n<p><strong>Bibliografia Complementar:<\/strong><\/p>\n<p>FREITAS. D. N. Avalia\u00e7\u00e3o da educa\u00e7\u00e3o b\u00e1sica e a\u00e7\u00e3o normativa federal. In: <strong>Cadernos de Pesquisa<\/strong>. S\u00e3o Paulo, v. 34, n. 123, p. 663-689, set.\/dez. 2004.<\/p>\n<p>MOROSINI, M. Qualidade da educa\u00e7\u00e3o universit\u00e1ria: isoformismo, diversidade e eq\u00fcidade. <strong>Interface<\/strong>: comunica\u00e7\u00e3o, sa\u00fade e educa\u00e7\u00e3o. v. 5. n. 9. Funda\u00e7\u00e3o UNI Butucatu, UNESP, 2001. Dispon\u00edvel em: &lt;http:\/\/www.scielo.br\/scielo.php?script=sci_arttext&amp;pid=S1414-32832001000200006&amp;nrm=iso&amp;tlng=pt&gt; Acesso em ago 2013.<\/p>\n<p>MOROSINI, M. C. (Orgs.). <strong>Inova\u00e7\u00e3o e qualidade na Universidade<\/strong> [online]. Porto Alegre: EDIPUCRS, 2008, p.287-302. Dispon\u00edvel em: &lt;http:\/\/www.pucrs.br\/edipucrs\/cases.pdf&gt; Acesso ago de 2013.<\/p>\n<p>OLIVEIRA, L. M. de. <strong>Qualidade<\/strong><strong> em educa\u00e7\u00e3o: <\/strong>um debate necess\u00e1rio. Passo Fundo: Universidade Educa\u00e7\u00e3o B\u00e1sica, 1997.<\/p>\n<p>OLIVEIRA, R. P. de; ARAUJO, G. C. de. <strong>Qualidade<\/strong><strong> do ensino:<\/strong> uma nova dimens\u00e3o da luta pelo direito a educa\u00e7\u00e3o. Dispon\u00edvel em: &lt;http:\/\/www.scielo.br\/pdf\/rbedu\/n28\/a02n28.pdf&gt; Acesso em set de 2013.<\/p>\n<p>RIBEIRO, V. M.; KALOUSTIAN, S. <strong>Indicadores da qualidade na educa\u00e7\u00e3o.<\/strong> Bras\u00edlia: Instituto Nacional de Estudos e Pesquisas Educacionais An\u00edsio Teixeira, 2005. Dispon\u00edvel em: &lt;http:\/\/portal.mec.gov.br\/seb\/arquivos\/pdf\/Consescol\/ce_indqua.pdf&gt; Acesso em ago de 2013.<\/p>\n<p>RIOS, T. A. <strong>Compreender e ensinar: <\/strong>por uma doc\u00eancia da melhor qualidade. S\u00e3o Paulo: Cortez Editora, 2006.<\/p>\n","protected":false},"excerpt":{"rendered":"<p>N\u00edvel: Mestrado Profissional Obrigat\u00f3ria: N\u00e3o \u00c1rea(s) de Concentra\u00e7\u00e3o: Carga Hor\u00e1ria: 60h Cr\u00e9ditos: 4 Ementa: Qualidade da educa\u00e7\u00e3o e pol\u00edticas educacionais. Avalia\u00e7\u00e3o e indicadores de qualidade para a educa\u00e7\u00e3o b\u00e1sica. Gest\u00e3o estrat\u00e9gica: metodologias e planejamento estrat\u00e9gico para a qualidade dos contextos educacionais. Doc\u00eancia e qualidade da educa\u00e7\u00e3o. Bibliografia B\u00e1sica: BONAMINO, A.; FRANCO, C.; ALVES, F. Qualidade [&hellip;]<\/p>\n","protected":false},"author":1,"featured_media":0,"parent":0,"menu_order":0,"comment_status":"closed","ping_status":"closed","template":"","meta":{"footnotes":""},"categories":[],"tags":[],"class_list":["post-920","page","type-page","status-publish","hentry"],"acf":[],"_links":{"self":[{"href":"https:\/\/www.ufsm.br\/cursos\/pos-graduacao\/santa-maria\/pppg\/wp-json\/wp\/v2\/pages\/920","targetHints":{"allow":["GET"]}}],"collection":[{"href":"https:\/\/www.ufsm.br\/cursos\/pos-graduacao\/santa-maria\/pppg\/wp-json\/wp\/v2\/pages"}],"about":[{"href":"https:\/\/www.ufsm.br\/cursos\/pos-graduacao\/santa-maria\/pppg\/wp-json\/wp\/v2\/types\/page"}],"author":[{"embeddable":true,"href":"https:\/\/www.ufsm.br\/cursos\/pos-graduacao\/santa-maria\/pppg\/wp-json\/wp\/v2\/users\/1"}],"replies":[{"embeddable":true,"href":"https:\/\/www.ufsm.br\/cursos\/pos-graduacao\/santa-maria\/pppg\/wp-json\/wp\/v2\/comments?post=920"}],"version-history":[{"count":0,"href":"https:\/\/www.ufsm.br\/cursos\/pos-graduacao\/santa-maria\/pppg\/wp-json\/wp\/v2\/pages\/920\/revisions"}],"wp:attachment":[{"href":"https:\/\/www.ufsm.br\/cursos\/pos-graduacao\/santa-maria\/pppg\/wp-json\/wp\/v2\/media?parent=920"}],"wp:term":[{"taxonomy":"category","embeddable":true,"href":"https:\/\/www.ufsm.br\/cursos\/pos-graduacao\/santa-maria\/pppg\/wp-json\/wp\/v2\/categories?post=920"},{"taxonomy":"post_tag","embeddable":true,"href":"https:\/\/www.ufsm.br\/cursos\/pos-graduacao\/santa-maria\/pppg\/wp-json\/wp\/v2\/tags?post=920"}],"curies":[{"name":"wp","href":"https:\/\/api.w.org\/{rel}","templated":true}]}}