{"id":924,"date":"2016-03-17T18:54:57","date_gmt":"2016-03-17T18:54:57","guid":{"rendered":"http:\/\/w3.ufsm.br\/pppg\/?page_id=273"},"modified":"2016-03-17T18:54:57","modified_gmt":"2016-03-17T18:54:57","slug":"politicas-e-praticas-da-educacao-de-jovens-e-adultos","status":"publish","type":"page","link":"https:\/\/www.ufsm.br\/cursos\/pos-graduacao\/santa-maria\/pppg\/politicas-e-praticas-da-educacao-de-jovens-e-adultos","title":{"rendered":"Pol\u00edticas e Pr\u00e1ticas da Educa\u00e7\u00e3o de Jovens e Adultos"},"content":{"rendered":"<p><strong>N\u00edvel: <\/strong>Mestrado Profissional<\/p>\n<p><strong>Obrigat\u00f3ria: <\/strong>N\u00e3o<\/p>\n<p><strong>\u00c1rea(s) de Concentra\u00e7\u00e3o:<\/strong><\/p>\n<p><strong>Carga Hor\u00e1ria: <\/strong>60<\/p>\n<p><strong>Cr\u00e9ditos: 4<\/strong><\/p>\n<p><strong>Ementa:<\/strong>\u00a0Hist\u00f3rico das pol\u00edticas educacionais da Educa\u00e7\u00e3o de Jovens e Adultos no Brasil. Condi\u00e7\u00f5es atuais das pol\u00edticas e pr\u00e1ticas da Educa\u00e7\u00e3o de Jovens e Adultos. As implica\u00e7\u00f5es das pol\u00edticas de inclus\u00e3o social e educa\u00e7\u00e3o popular nas redes\/sistemas de ensino e na elabora\u00e7\u00e3o do Projeto Pol\u00edtico Pedag\u00f3gico da EJA. Constru\u00e7\u00e3o de proposta(s) para a EJA.<\/p>\n<p><strong>Bibliografia B\u00e1sica<\/strong><\/p>\n<p>BRASIL. <strong>Diretrizes Curriculares Nacionais para a Educa\u00e7\u00e3o de Jovens e Adultos.<\/strong> Resolu\u00e7\u00e3o CNE\/CEB N\u00ba 1, de 5 de julho de 2000. Dispon\u00edvel em: &lt; http:\/\/portal.mec.gov.br\/cne\/arquivos\/pdf\/CEB012000.pdf&gt; Acesso em set 2013.<\/p>\n<p>BRASIL.<strong>\u00a0<\/strong><strong>Diretrizes Operacionais para a Educa\u00e7\u00e3o de Jovens e Adultos.<strong> Resolu\u00e7\u00e3o CNE N\u00ba 3,<\/strong><\/strong>\u00a0de 15 de junho de 2010. Dispon\u00edvel em: &lt;http:\/\/portal.mec.gov.br\/index.php?Itemid=866&amp;id=14906&amp;option=com_content&amp;view=article&gt; Acesso em set 2013.<\/p>\n<p>FREIRE, P.; HORTON, M. <strong>O caminho se faz caminhando:<\/strong> conversas sobre educa\u00e7\u00e3o e mudan\u00e7a social. Petr\u00f3polis, RJ: Vozes, 2003.<\/p>\n<p>LIB\u00c2NEO, J. C.; OLIVEIRA, J. F. de; TOSCHI, M. S.\u00a0<strong>Educa\u00e7\u00e3o escolar:<\/strong>\u00a0pol\u00edticas, estrutura e organiza\u00e7\u00e3o. 5. ed. S\u00e3o Paulo: Cortez, 2007.<\/p>\n<p>LIMA C. L. <strong>Educa\u00e7\u00e3o ao longo da vida: <\/strong>entre a m\u00e3o direita e a m\u00e3o esquerda de Mir\u00f3. S\u00e3o Paulo: Cortez, 2007.<\/p>\n<p>PAIVA, J.; MACHADO, M. M.; IRELAND, T. (Org.). <strong>Educa\u00e7\u00e3o de Jovens e Adultos:<\/strong> uma mem\u00f3ria contempor\u00e2nea, 1996-2004. Secretaria de Educa\u00e7\u00e3o Continuada, Alfabetiza\u00e7\u00e3o e Diversidade do Minist\u00e9rio da Educa\u00e7\u00e3o: Organiza\u00e7\u00e3o das Na\u00e7\u00f5es Unidas para a Educa\u00e7\u00e3o, a Ci\u00eancia e a Cultura. DF, Bras\u00edlia, 2007.<\/p>\n<p>SOARES, L.; GIOVANETTI, M. A.; GOMES, N. L. (Orgs.). <strong>Di\u00e1logos na Educa\u00e7\u00e3o de Jovens e Adultos.<\/strong> Belo Horizonte: Aut\u00eantica, 2005.<\/p>\n<p><strong>Bibliografia Complementar<\/strong><\/p>\n<p>GADOTTI, M.; ROM\u00c3O, J. E. (Orgs). <strong>Educa\u00e7\u00e3o de jovens e adultos:<\/strong> teoria, pr\u00e1tica e proposta. 4 ed. V. 5. S\u00e3o Paulo: Instituto Paulo Freire (Guia da escola didad\u00e3), 2001.<\/p>\n<p>HADDAD, S.; DI PIERREO, M. do C. Escolariza\u00e7\u00e3o de Jovens e Adultos. <strong>Revista Brasileira de Educa\u00e7\u00e3o.<\/strong> mai\/jun\/ago, n. 14, p.108-130. Campinas, SP: Ed. Autores Associados, 2000.<\/p>\n<p>INEP. Instituto Nacional de Estudos e Pesquisas Educacionais An\u00edsio Teixeira.\u00a0 <strong>\u00cdndices de analfabetismo e de escolariza\u00e7\u00e3o no Brasil. <\/strong>Dispon\u00edvel em: &lt;www.inep.gov.br&gt;<\/p>\n<p>PICONEZ, S. C. B. <strong>Educa\u00e7\u00e3o escolar de jovens e adultos.<\/strong> Campinas, SP: Papirus, 2002.<\/p>\n<p>DI PIERRO, M. C.; JOIA, O.; RIBEIRO, V. M. Vis\u00f5es da Educa\u00e7\u00e3o de Jovens e Adultos no Brasil. <strong>Cadernos Cedes.<\/strong> ano XXI, n\u00ba 55, novembro. p. 58-77. 2001. Dispon\u00edvel em: &lt;http:\/\/www.scielo.br\/pdf\/ccedes\/v21n55\/5541.pdf&gt; Acesso em set de 2013.<\/p>\n<p>RIO GRANDE DO SUL. Secretaria da Educa\u00e7\u00e3o. Departamento Pedag\u00f3gico. Divis\u00e3o de Educa\u00e7\u00e3o de Jovens e Adultos. <strong>Diretrizes pol\u00edtico-pedag\u00f3gicas:<\/strong> ressignificando a educa\u00e7\u00e3o de jovens e adultos. Porto Alegre: DEJA\/DP\/SE, 2003-2006.<\/p>\n<p>SOARES, L. (Org.).\u00a0<strong>Aprendendo com a diferen\u00e7a<\/strong>:<em>\u00a0<\/em>estudos e pesquisas em Educa\u00e7\u00e3o de Jovens e Adultos.<em>\u00a0<\/em>Belo Horizonte: Aut\u00eantica, 2003.<\/p>\n","protected":false},"excerpt":{"rendered":"<p>N\u00edvel: Mestrado Profissional Obrigat\u00f3ria: N\u00e3o \u00c1rea(s) de Concentra\u00e7\u00e3o: Carga Hor\u00e1ria: 60 Cr\u00e9ditos: 4 Ementa:\u00a0Hist\u00f3rico das pol\u00edticas educacionais da Educa\u00e7\u00e3o de Jovens e Adultos no Brasil. Condi\u00e7\u00f5es atuais das pol\u00edticas e pr\u00e1ticas da Educa\u00e7\u00e3o de Jovens e Adultos. As implica\u00e7\u00f5es das pol\u00edticas de inclus\u00e3o social e educa\u00e7\u00e3o popular nas redes\/sistemas de ensino e na elabora\u00e7\u00e3o do [&hellip;]<\/p>\n","protected":false},"author":1,"featured_media":0,"parent":0,"menu_order":0,"comment_status":"closed","ping_status":"closed","template":"","meta":{"footnotes":""},"categories":[],"tags":[],"class_list":["post-924","page","type-page","status-publish","hentry"],"acf":[],"_links":{"self":[{"href":"https:\/\/www.ufsm.br\/cursos\/pos-graduacao\/santa-maria\/pppg\/wp-json\/wp\/v2\/pages\/924","targetHints":{"allow":["GET"]}}],"collection":[{"href":"https:\/\/www.ufsm.br\/cursos\/pos-graduacao\/santa-maria\/pppg\/wp-json\/wp\/v2\/pages"}],"about":[{"href":"https:\/\/www.ufsm.br\/cursos\/pos-graduacao\/santa-maria\/pppg\/wp-json\/wp\/v2\/types\/page"}],"author":[{"embeddable":true,"href":"https:\/\/www.ufsm.br\/cursos\/pos-graduacao\/santa-maria\/pppg\/wp-json\/wp\/v2\/users\/1"}],"replies":[{"embeddable":true,"href":"https:\/\/www.ufsm.br\/cursos\/pos-graduacao\/santa-maria\/pppg\/wp-json\/wp\/v2\/comments?post=924"}],"version-history":[{"count":0,"href":"https:\/\/www.ufsm.br\/cursos\/pos-graduacao\/santa-maria\/pppg\/wp-json\/wp\/v2\/pages\/924\/revisions"}],"wp:attachment":[{"href":"https:\/\/www.ufsm.br\/cursos\/pos-graduacao\/santa-maria\/pppg\/wp-json\/wp\/v2\/media?parent=924"}],"wp:term":[{"taxonomy":"category","embeddable":true,"href":"https:\/\/www.ufsm.br\/cursos\/pos-graduacao\/santa-maria\/pppg\/wp-json\/wp\/v2\/categories?post=924"},{"taxonomy":"post_tag","embeddable":true,"href":"https:\/\/www.ufsm.br\/cursos\/pos-graduacao\/santa-maria\/pppg\/wp-json\/wp\/v2\/tags?post=924"}],"curies":[{"name":"wp","href":"https:\/\/api.w.org\/{rel}","templated":true}]}}