{"id":938,"date":"2016-03-18T15:24:49","date_gmt":"2016-03-18T15:24:49","guid":{"rendered":"http:\/\/w3.ufsm.br\/pppg\/?page_id=324"},"modified":"2016-03-18T15:24:49","modified_gmt":"2016-03-18T15:24:49","slug":"sistemas-educacionais-organizacao-e-representacao-social-2","status":"publish","type":"page","link":"https:\/\/www.ufsm.br\/cursos\/pos-graduacao\/santa-maria\/pppg\/sistemas-educacionais-organizacao-e-representacao-social-2","title":{"rendered":"SISTEMAS EDUCACIONAIS: ORGANIZA\u00c7\u00c3O E REPRESENTA\u00c7\u00c3O SOCIAL"},"content":{"rendered":"<p><strong>DEPARTAMENTO:<\/strong> ADE<\/p>\n<p><strong>CARGA HOR\u00c1RIA:<\/strong> 30H<\/p>\n<p><strong>CR\u00c9DITOS: <\/strong>02<\/p>\n<p><strong>\u00a0<\/strong><\/p>\n<p><strong>EMENTA: <\/strong>Conceitos, componentes e fundamentos legais dos sistemas educacionais. Regime de coopera\u00e7\u00e3o entre os entes federados. Conjuntura e representa\u00e7\u00e3o social dos e nos sistemas educacionais.<\/p>\n<p><strong>\u00a0<\/strong><\/p>\n<p><strong>OBJETIVO: <\/strong>Reconhecer os principais fundamentos, aspectos organizacionais e de representatividade social relacionados aos sistemas educacionais.<\/p>\n<p>&nbsp;<\/p>\n<p>PROGRAMA:<\/p>\n<p><strong>\u00a0<\/strong><\/p>\n<p>UNIDADE 1 \u2013 Conceitos, componentes e fundamentos legais dos sistemas educacionais<\/p>\n<ul>\n<li>Estado, Educa\u00e7\u00e3o e Pol\u00edticas Educacionais<\/li>\n<li>Conceitos de sistema e sub-sistema educacional e escolar<\/li>\n<li>Aspectos legais relacionados aos sistemas educacionais<\/li>\n<\/ul>\n<p>&nbsp;<\/p>\n<p>UNIDADE 2 \u2013 Regime de coopera\u00e7\u00e3o entre os entes federados<\/p>\n<p>2.1 Compet\u00eancias espec\u00edficas e implica\u00e7\u00f5es relacionadas aos entes federados<\/p>\n<p>2.2 Coopera\u00e7\u00e3o entre os entes federados: dilemas e possibilidades<\/p>\n<p>&nbsp;<\/p>\n<p>UNIDADE 3 \u2013 Conjuntura e representa\u00e7\u00e3o social dos e nos sistemas educacionais<\/p>\n<p>3.1 Organiza\u00e7\u00e3o, atribui\u00e7\u00f5es e responsabilidades dos Sistemas educacionais<\/p>\n<p>3.2. Interlocu\u00e7\u00e3o entre Conselhos de Educa\u00e7\u00e3o e Sistemas educacionais<\/p>\n<p>3.3 Fun\u00e7\u00f5es e atribui\u00e7\u00f5es dos Conselhos Municipais de Educa\u00e7\u00e3o<\/p>\n<p>3.4 Responsabilidade social dos e nos Sistemas Educacionais<\/p>\n<p>&nbsp;<\/p>\n<p><strong>Bibliografia B\u00e1sica<\/strong><\/p>\n<p><strong>\u00a0<\/strong><\/p>\n<p>BARROSO, J. (Org). <strong>A regula\u00e7\u00e3o das pol\u00edticas p\u00fablicas de educa\u00e7\u00e3o: espa\u00e7os, din\u00e2micas e actores.<\/strong> EDUCA\/Unidade de I&amp;D de Ci\u00eancias da Educa\u00e7\u00e3o.\u00a0 Lisboa, 2006.<\/p>\n<p><strong>\u00a0<\/strong><\/p>\n<p>BORDIGNON, G. <strong>Gest\u00e3o da educa\u00e7\u00e3o no munic\u00edpio<\/strong>: sistema, conselho e plano. S\u00e3o Paulo: Editora e Livraria Instituto Paulo Freire, 2009.<\/p>\n<p><strong>\u00a0<\/strong><\/p>\n<p>CARVALHO, J. (Org.) <strong>Estrutura e funcionamento da educa\u00e7\u00e3o b\u00e1sica<\/strong>. SP: Pioneira, 2004.<\/p>\n<p>&nbsp;<\/p>\n<p>CERVI, R. de M. <strong>Padr\u00e3o Estrutural do Sistema de Ensino no Brasil. <\/strong>Curitiba: Ibpex, 2005.<\/p>\n<p><strong>\u00a0<\/strong><\/p>\n<p>CURY, C. R. J. A Educa\u00e7\u00e3o B\u00e1sica no Brasil. <strong>Educa\u00e7\u00e3o &amp; Sociedade<\/strong>, Campinas, CEDES, v.23, n.80, p.168-200, set 2002.<\/p>\n<p><strong>\u00a0<\/strong><\/p>\n<p><strong>Bibliografia Complementar<\/strong><\/p>\n<p><strong>\u00a0<\/strong><\/p>\n<p>FERREIRA, N. S. C. (Org.) <strong>Gest\u00e3o democr\u00e1tica da educa\u00e7\u00e3o: <\/strong>atuais tend\u00eancias, novos desafios. S\u00e3o Paulo: Editora Cortez, 2008.<\/p>\n<p>&nbsp;<\/p>\n<p>FERREIRA, N. S. C.; AGUIAR, M. \u00c2. da S. (Org.) <strong>Gest\u00e3o da Educa\u00e7\u00e3o. <\/strong>Impasses, perspectivas e compromissos. S\u00e3o Paulo: Cortez, 2000.<\/p>\n<p>&nbsp;<\/p>\n<p>LIB\u00c2NEO, J. C.; OLIVEIRA, J. F.; TOSCHI, M. S. (Orgs.). <strong>Educa\u00e7\u00e3o Escolar: <\/strong>pol\u00edticas, estrutura e organiza\u00e7\u00e3o. S\u00e3o Paulo: Cortez, 2003.<\/p>\n<p><strong>\u00a0<\/strong><\/p>\n<p>LIMA, A. B. de (Org). <strong>Estado, pol\u00edticas educacionais e gest\u00e3o compartilhada<\/strong>. S\u00e3o Paulo: Xam\u00e3, 2004.<\/p>\n<p><strong>\u00a0<\/strong><\/p>\n<p>OLIVEIRA, D. A. de. <strong>Gest\u00e3o democr\u00e1tica da educa\u00e7\u00e3o:<\/strong> desafios contemporr\u00e2neos. (Org.). 8. ed. Petr\u00f3polis, RJ: Vozes, 2008.<\/p>\n","protected":false},"excerpt":{"rendered":"<p>DEPARTAMENTO: ADE CARGA HOR\u00c1RIA: 30H CR\u00c9DITOS: 02 \u00a0 EMENTA: Conceitos, componentes e fundamentos legais dos sistemas educacionais. Regime de coopera\u00e7\u00e3o entre os entes federados. Conjuntura e representa\u00e7\u00e3o social dos e nos sistemas educacionais. \u00a0 OBJETIVO: Reconhecer os principais fundamentos, aspectos organizacionais e de representatividade social relacionados aos sistemas educacionais. &nbsp; PROGRAMA: \u00a0 UNIDADE 1 \u2013 [&hellip;]<\/p>\n","protected":false},"author":1,"featured_media":0,"parent":0,"menu_order":0,"comment_status":"closed","ping_status":"closed","template":"","meta":{"footnotes":""},"categories":[],"tags":[],"class_list":["post-938","page","type-page","status-publish","hentry"],"acf":[],"_links":{"self":[{"href":"https:\/\/www.ufsm.br\/cursos\/pos-graduacao\/santa-maria\/pppg\/wp-json\/wp\/v2\/pages\/938","targetHints":{"allow":["GET"]}}],"collection":[{"href":"https:\/\/www.ufsm.br\/cursos\/pos-graduacao\/santa-maria\/pppg\/wp-json\/wp\/v2\/pages"}],"about":[{"href":"https:\/\/www.ufsm.br\/cursos\/pos-graduacao\/santa-maria\/pppg\/wp-json\/wp\/v2\/types\/page"}],"author":[{"embeddable":true,"href":"https:\/\/www.ufsm.br\/cursos\/pos-graduacao\/santa-maria\/pppg\/wp-json\/wp\/v2\/users\/1"}],"replies":[{"embeddable":true,"href":"https:\/\/www.ufsm.br\/cursos\/pos-graduacao\/santa-maria\/pppg\/wp-json\/wp\/v2\/comments?post=938"}],"version-history":[{"count":0,"href":"https:\/\/www.ufsm.br\/cursos\/pos-graduacao\/santa-maria\/pppg\/wp-json\/wp\/v2\/pages\/938\/revisions"}],"wp:attachment":[{"href":"https:\/\/www.ufsm.br\/cursos\/pos-graduacao\/santa-maria\/pppg\/wp-json\/wp\/v2\/media?parent=938"}],"wp:term":[{"taxonomy":"category","embeddable":true,"href":"https:\/\/www.ufsm.br\/cursos\/pos-graduacao\/santa-maria\/pppg\/wp-json\/wp\/v2\/categories?post=938"},{"taxonomy":"post_tag","embeddable":true,"href":"https:\/\/www.ufsm.br\/cursos\/pos-graduacao\/santa-maria\/pppg\/wp-json\/wp\/v2\/tags?post=938"}],"curies":[{"name":"wp","href":"https:\/\/api.w.org\/{rel}","templated":true}]}}