{"id":166,"date":"2019-05-03T16:59:24","date_gmt":"2019-05-03T19:59:24","guid":{"rendered":"https:\/\/www.ufsm.br\/cursos\/pos-graduacao\/santa-maria\/profhistoria\/?page_id=166"},"modified":"2025-12-09T19:45:19","modified_gmt":"2025-12-09T22:45:19","slug":"colegiado","status":"publish","type":"page","link":"https:\/\/www.ufsm.br\/cursos\/pos-graduacao\/santa-maria\/profhistoria\/colegiado","title":{"rendered":"Colegiado"},"content":{"rendered":"\t\t<div data-elementor-type=\"wp-page\" data-elementor-id=\"166\" class=\"elementor elementor-166\">\n\t\t\t\t\t\t<section class=\"elementor-section elementor-top-section elementor-element elementor-element-116c9f02 elementor-section-boxed elementor-section-height-default elementor-section-height-default\" data-id=\"116c9f02\" data-element_type=\"section\">\n\t\t\t\t\t\t<div class=\"elementor-container elementor-column-gap-default\">\n\t\t\t\t\t<div class=\"elementor-column elementor-col-100 elementor-top-column elementor-element elementor-element-61f33132\" data-id=\"61f33132\" data-element_type=\"column\">\n\t\t\t<div class=\"elementor-widget-wrap elementor-element-populated\">\n\t\t\t\t\t\t<div class=\"elementor-element elementor-element-2fc34a20 elementor-widget elementor-widget-text-editor\" data-id=\"2fc34a20\" data-element_type=\"widget\" data-widget_type=\"text-editor.default\">\n\t\t\t\t<div class=\"elementor-widget-container\">\n\t\t\t\t\t\t\t<p><strong>Representa\u00e7\u00e3o docente<\/strong><\/p>\n<p>Mara Regina do Nascimento, <strong>presidente<\/strong><\/p>\n<p>Claudemir de Quadros<\/p>\n<p>Guilherme Galhegos Felippe<\/p>\n<p>Jos\u00e9 Iran Ribeiro<\/p>\n<p>Jos\u00e9 Martinho Rodrigues Rem\u00e9di<\/p>\n<p>Julio Ricardo Quevedo dos Santos<\/p>\n<p>Leonardo da Rocha Botega, <strong>vice-presidente<\/strong><\/p>\n<p>Marta Rosa Borin<\/p>\n<p>Mariana Flores da Cunha Thompson Flores<\/p>\n<p>Nikelen Acosta Witter<\/p>\n<p><strong>Representa\u00e7\u00e3o TAE<\/strong><\/p>\n<p>Ricardo Mateus Klein Cargnin<\/p>\n<p><strong>Representa\u00e7\u00e3o estudantil<\/strong><\/p>\n<p>Eduardo Luis Klein<\/p>\n<p>Rosinei Paulo Machado de Oliveira<\/p>\n<p><!-- \/wp:tadv\/classic-paragraph --><!-- wp:tadv\/classic-paragraph \/--><!-- wp:tadv\/classic-paragraph \/--><\/p>\t\t\t\t\t\t<\/div>\n\t\t\t\t<\/div>\n\t\t\t\t<div class=\"elementor-element elementor-element-6a7a2b2 elementor-widget elementor-widget-text-editor\" data-id=\"6a7a2b2\" data-element_type=\"widget\" data-widget_type=\"text-editor.default\">\n\t\t\t\t<div class=\"elementor-widget-container\">\n\t\t\t\t\t\t\t<p>O curso de\u00a0<b>P\u00f3s Gradua\u00e7\u00e3o em Ensino de Hist\u00f3ria em Rede Nacional (ProfHist\u00f3ria)<\/b>\u00a0est\u00e1 localizado no\u00a0<b>Campus Camobi &#8211; UFSM<\/b>, no Centro de Educa\u00e7\u00e3o, nas modalidades de\u00a0<b>Mestrado<\/b>\u00a0e\u00a0<b>Doutorado<\/b>\u00a0&#8211;\u00a0<b>Presencial<\/b>, sendo\u00a0<b>Matutino<\/b>\u00a0seu turno de funcionamento. A \u00e1rea de conhecimento do curso \u00e9\u00a0<b>HIST\u00d3RIA<\/b>. Atualmente, a coordena\u00e7\u00e3o \u00e9 de responsabilidade de\u00a0<b>Mara Regina do Nascimento<\/b>, a coordena\u00e7\u00e3o substituta de\u00a0<b>Leonardo da Rocha Botega<\/b>\u00a0e a secretaria de\u00a0<b>Andr\u00e9 Luiza Faverzani Martins<\/b>.<\/p>\n<p>Os cursos s\u00e3o ofertado em per\u00edodo\u00a0<b>Semestral<\/b>, sendo\u00a0<b>4<\/b>\u00a0o n\u00famero de per\u00edodos indicados para conclus\u00e3o de\u00a0<b>Mestrado<\/b>\u00a0e\u00a0<b>8<\/b>\u00a0para\u00a0<b>Doutorado<\/b>.<\/p>\n<p>Reconhecido pelo Minist\u00e9rio da Educa\u00e7\u00e3o &#8211; Parecer n. 609\/2019<\/p>\t\t\t\t\t\t<\/div>\n\t\t\t\t<\/div>\n\t\t\t\t\t<\/div>\n\t\t<\/div>\n\t\t\t\t\t<\/div>\n\t\t<\/section>\n\t\t\t\t<\/div>\n\t\t","protected":false},"excerpt":{"rendered":"<p>Representa\u00e7\u00e3o docente Mara Regina do Nascimento, presidente Claudemir de Quadros Guilherme Galhegos Felippe Jos\u00e9 Iran Ribeiro Jos\u00e9 Martinho Rodrigues Rem\u00e9di Julio Ricardo Quevedo dos Santos Leonardo da Rocha Botega, vice-presidente Marta Rosa Borin Mariana Flores da Cunha Thompson Flores Nikelen Acosta Witter Representa\u00e7\u00e3o TAE Ricardo Mateus Klein Cargnin Representa\u00e7\u00e3o estudantil Eduardo Luis Klein Rosinei Paulo [&hellip;]<\/p>\n","protected":false},"author":118,"featured_media":0,"parent":0,"menu_order":0,"comment_status":"closed","ping_status":"closed","template":"","meta":{"footnotes":""},"categories":[],"tags":[],"class_list":["post-166","page","type-page","status-publish","hentry"],"acf":[],"_links":{"self":[{"href":"https:\/\/www.ufsm.br\/cursos\/pos-graduacao\/santa-maria\/profhistoria\/wp-json\/wp\/v2\/pages\/166","targetHints":{"allow":["GET"]}}],"collection":[{"href":"https:\/\/www.ufsm.br\/cursos\/pos-graduacao\/santa-maria\/profhistoria\/wp-json\/wp\/v2\/pages"}],"about":[{"href":"https:\/\/www.ufsm.br\/cursos\/pos-graduacao\/santa-maria\/profhistoria\/wp-json\/wp\/v2\/types\/page"}],"author":[{"embeddable":true,"href":"https:\/\/www.ufsm.br\/cursos\/pos-graduacao\/santa-maria\/profhistoria\/wp-json\/wp\/v2\/users\/118"}],"replies":[{"embeddable":true,"href":"https:\/\/www.ufsm.br\/cursos\/pos-graduacao\/santa-maria\/profhistoria\/wp-json\/wp\/v2\/comments?post=166"}],"version-history":[{"count":0,"href":"https:\/\/www.ufsm.br\/cursos\/pos-graduacao\/santa-maria\/profhistoria\/wp-json\/wp\/v2\/pages\/166\/revisions"}],"wp:attachment":[{"href":"https:\/\/www.ufsm.br\/cursos\/pos-graduacao\/santa-maria\/profhistoria\/wp-json\/wp\/v2\/media?parent=166"}],"wp:term":[{"taxonomy":"category","embeddable":true,"href":"https:\/\/www.ufsm.br\/cursos\/pos-graduacao\/santa-maria\/profhistoria\/wp-json\/wp\/v2\/categories?post=166"},{"taxonomy":"post_tag","embeddable":true,"href":"https:\/\/www.ufsm.br\/cursos\/pos-graduacao\/santa-maria\/profhistoria\/wp-json\/wp\/v2\/tags?post=166"}],"curies":[{"name":"wp","href":"https:\/\/api.w.org\/{rel}","templated":true}]}}