{"id":2019,"date":"2025-02-07T13:54:06","date_gmt":"2025-02-07T16:54:06","guid":{"rendered":"https:\/\/www.ufsm.br\/cursos\/pos-graduacao\/santa-maria\/residenciamulti\/?page_id=2019"},"modified":"2025-03-10T10:02:47","modified_gmt":"2025-03-10T13:02:47","slug":"processo-seletivo-2025-enare","status":"publish","type":"page","link":"https:\/\/www.ufsm.br\/cursos\/pos-graduacao\/santa-maria\/residenciamulti\/processo-seletivo-2025-enare","title":{"rendered":"Processo Seletivo 2025 (ENARE)"},"content":{"rendered":"\t\t<div data-elementor-type=\"wp-page\" data-elementor-id=\"2019\" class=\"elementor elementor-2019\">\n\t\t\t\t\t\t<section class=\"elementor-section elementor-top-section elementor-element elementor-element-20f6fc2 elementor-section-boxed elementor-section-height-default elementor-section-height-default\" data-id=\"20f6fc2\" data-element_type=\"section\">\n\t\t\t\t\t\t<div class=\"elementor-container elementor-column-gap-default\">\n\t\t\t\t\t<div class=\"elementor-column elementor-col-100 elementor-top-column elementor-element elementor-element-aea46ed\" data-id=\"aea46ed\" data-element_type=\"column\">\n\t\t\t<div class=\"elementor-widget-wrap elementor-element-populated\">\n\t\t\t\t\t\t<div class=\"elementor-element elementor-element-e0049e5 elementor-widget elementor-widget-text-editor\" data-id=\"e0049e5\" data-element_type=\"widget\" data-widget_type=\"text-editor.default\">\n\t\t\t\t<div class=\"elementor-widget-container\">\n\t\t\t\t\t\t\t<p style=\"text-align: center\"><strong>CONVOCA\u00c7\u00c3O DE MATR\u00cdCULA &#8211; 2\u00aa chamada suplente (Publicado)<\/strong><\/p><p style=\"text-align: left\"><b><span style=\"font-size: large\">Considerando\u00a0<\/span><\/b>a divulga\u00e7\u00e3o do resultado do ENARE\u00a0para ingresso nos Programas de Resid\u00eancia Multiprofissional da UFSM;<\/p><p style=\"text-align: left\"><b><span style=\"font-size: large\">Comunicamos\u00a0<\/span><\/b>que estamos realizando a configura\u00e7\u00e3o do sistema da UFSM com os dados para a realiza\u00e7\u00e3o da etapa de confirma\u00e7\u00e3o de vaga\/matr\u00edcula em <strong>SEGUNDA<\/strong> chamada.<\/p><p style=\"text-align: left\">As\u00a0<b><span style=\"font-size: large\">instru\u00e7\u00f5es\u00a0<\/span><\/b>de como realizar a confirma\u00e7\u00e3o da <strong>SEGUNDA CHAMADA SUPLENTE\u00a0<\/strong>t\u00eam <strong>PREVIS\u00c3O<\/strong> de serem publicadas no dia<b><span style=\"font-size: large\">\u00a007\/05<\/span><\/b>, no endere\u00e7o dispon\u00edvel no edital da institui\u00e7\u00e3o:\u00a0 <a href=\"https:\/\/www.ufsm.br\/pro-reitorias\/prpgp\/editais\/004-2025\" target=\"_blank\" rel=\"noopener\" data-saferedirecturl=\"https:\/\/www.google.com\/url?q=https:\/\/www.ufsm.br\/pro-reitorias\/prpgp\/editais\/004-2025&amp;source=gmail&amp;ust=1739020013601000&amp;usg=AOvVaw3keMf-ovI0AJOHk9oyP9Lo\">https:\/\/www.ufsm.br\/pro-reitorias\/prpgp\/editais\/004-2025<\/a><\/p><p style=\"text-align: left\">Nas instru\u00e7\u00f5es constar\u00e3o o per\u00edodo liberado para a confirma\u00e7\u00e3o\/matr\u00edcula, assim como a lista dos(as) candidatos(as) habilitados(as).\u00a0<\/p><p style=\"text-align: left\"><b><u><span style=\"font-size: large\">IMPORTANTE<\/span><\/u><\/b>: A aceita\u00e7\u00e3o da convoca\u00e7\u00e3o no sistema do ENARE\u00a0<b>n\u00e3o\u00a0<\/b>efetiva a matr\u00edcula, esta ocorrer\u00e1 ap\u00f3s cumpridas todas as exig\u00eancias da UFSM.<\/p><p style=\"text-align: left\">A UFSM est\u00e1 com hor\u00e1rio reduzido devido \u00e0s f\u00e9rias acad\u00eamicas, portanto, o\u00a0hor\u00e1rio de funcionamento da coordena\u00e7\u00e3o\/secretaria est\u00e1 sendo das\u00a0<b><span style=\"font-size: large\">8h \u00e0s 13h30<\/span><\/b>.\u00a0 em brevePublicado<\/p>\t\t\t\t\t\t<\/div>\n\t\t\t\t<\/div>\n\t\t\t\t\t<\/div>\n\t\t<\/div>\n\t\t\t\t\t<\/div>\n\t\t<\/section>\n\t\t\t\t<section class=\"elementor-section elementor-top-section elementor-element elementor-element-d5ee438 elementor-section-boxed elementor-section-height-default elementor-section-height-default\" data-id=\"d5ee438\" data-element_type=\"section\">\n\t\t\t\t\t\t<div class=\"elementor-container elementor-column-gap-default\">\n\t\t\t\t\t<div class=\"elementor-column elementor-col-50 elementor-top-column elementor-element elementor-element-8c9f5f7\" data-id=\"8c9f5f7\" data-element_type=\"column\">\n\t\t\t<div class=\"elementor-widget-wrap elementor-element-populated\">\n\t\t\t\t\t\t<div class=\"elementor-element elementor-element-ceebd6c elementor-view-default elementor-position-top elementor-mobile-position-top elementor-widget elementor-widget-icon-box\" data-id=\"ceebd6c\" data-element_type=\"widget\" data-widget_type=\"icon-box.default\">\n\t\t\t\t<div class=\"elementor-widget-container\">\n\t\t\t\t\t<div class=\"elementor-icon-box-wrapper\">\n\n\t\t\t\t\t\t<div class=\"elementor-icon-box-icon\">\n\t\t\t\t<a href=\"https:\/\/www.ufsm.br\/pro-reitorias\/prpgp\/editais\/004-2025\" target=\"_blank\" class=\"elementor-icon elementor-animation-\" tabindex=\"-1\">\n\t\t\t\t<i aria-hidden=\"true\" class=\"far fa-eye\"><\/i>\t\t\t\t<\/a>\n\t\t\t<\/div>\n\t\t\t\n\t\t\t\t\t\t<div class=\"elementor-icon-box-content\">\n\n\t\t\t\t\t\t\t\t\t<h3 class=\"elementor-icon-box-title\">\n\t\t\t\t\t\t<a href=\"https:\/\/www.ufsm.br\/pro-reitorias\/prpgp\/editais\/004-2025\" target=\"_blank\" >\n\t\t\t\t\t\t\tInstru\u00e7\u00f5es  e convoca\u00e7\u00f5es de matr\u00edcula (UFSM)\t\t\t\t\t\t<\/a>\n\t\t\t\t\t<\/h3>\n\t\t\t\t\n\t\t\t\t\t\t\t\t\t<p class=\"elementor-icon-box-description\">\n\t\t\t\t\t\t2\u00aa chamada PUBLICADO\t\t\t\t\t<\/p>\n\t\t\t\t\n\t\t\t<\/div>\n\t\t\t\n\t\t<\/div>\n\t\t\t\t<\/div>\n\t\t\t\t<\/div>\n\t\t\t\t\t<\/div>\n\t\t<\/div>\n\t\t\t\t<div class=\"elementor-column elementor-col-50 elementor-top-column elementor-element elementor-element-eea23c1\" data-id=\"eea23c1\" data-element_type=\"column\">\n\t\t\t<div class=\"elementor-widget-wrap elementor-element-populated\">\n\t\t\t\t\t\t<div class=\"elementor-element elementor-element-46e5054 elementor-view-default elementor-position-top elementor-mobile-position-top elementor-widget elementor-widget-icon-box\" data-id=\"46e5054\" data-element_type=\"widget\" data-widget_type=\"icon-box.default\">\n\t\t\t\t<div class=\"elementor-widget-container\">\n\t\t\t\t\t<div class=\"elementor-icon-box-wrapper\">\n\n\t\t\t\t\t\t<div class=\"elementor-icon-box-icon\">\n\t\t\t\t<a href=\"https:\/\/www.gov.br\/ebserh\/pt-br\/ensino-e-pesquisa\/exame-nacional-de-residencia-enare\/area-do-candidato\" target=\"_blank\" class=\"elementor-icon elementor-animation-\" tabindex=\"-1\">\n\t\t\t\t<i aria-hidden=\"true\" class=\"fas fa-user-check\"><\/i>\t\t\t\t<\/a>\n\t\t\t<\/div>\n\t\t\t\n\t\t\t\t\t\t<div class=\"elementor-icon-box-content\">\n\n\t\t\t\t\t\t\t\t\t<h1 class=\"elementor-icon-box-title\">\n\t\t\t\t\t\t<a href=\"https:\/\/www.gov.br\/ebserh\/pt-br\/ensino-e-pesquisa\/exame-nacional-de-residencia-enare\/area-do-candidato\" target=\"_blank\" >\n\t\t\t\t\t\t\t\u00c1rea do candidato (ENARE)\t\t\t\t\t\t<\/a>\n\t\t\t\t\t<\/h1>\n\t\t\t\t\n\t\t\t\t\t\t\t\t\t<p class=\"elementor-icon-box-description\">\n\t\t\t\t\t\tEdital, provas, resultados, convoca\u00e7\u00f5es\t\t\t\t\t<\/p>\n\t\t\t\t\n\t\t\t<\/div>\n\t\t\t\n\t\t<\/div>\n\t\t\t\t<\/div>\n\t\t\t\t<\/div>\n\t\t\t\t\t<\/div>\n\t\t<\/div>\n\t\t\t\t\t<\/div>\n\t\t<\/section>\n\t\t\t\t<section class=\"elementor-section elementor-top-section elementor-element elementor-element-656d23d elementor-section-boxed elementor-section-height-default elementor-section-height-default\" data-id=\"656d23d\" data-element_type=\"section\">\n\t\t\t\t\t\t<div class=\"elementor-container elementor-column-gap-default\">\n\t\t\t\t\t<div class=\"elementor-column elementor-col-50 elementor-top-column elementor-element elementor-element-279af05\" data-id=\"279af05\" data-element_type=\"column\">\n\t\t\t<div class=\"elementor-widget-wrap elementor-element-populated\">\n\t\t\t\t\t\t<div class=\"elementor-element elementor-element-154f91d elementor-view-default elementor-position-top elementor-mobile-position-top elementor-widget elementor-widget-icon-box\" data-id=\"154f91d\" data-element_type=\"widget\" data-widget_type=\"icon-box.default\">\n\t\t\t\t<div class=\"elementor-widget-container\">\n\t\t\t\t\t<div class=\"elementor-icon-box-wrapper\">\n\n\t\t\t\t\t\t<div class=\"elementor-icon-box-icon\">\n\t\t\t\t<a href=\"https:\/\/www.ufsm.br\/cursos\/pos-graduacao\/santa-maria\/residenciamulti\/servicos\/cadastro-de-residentes\" target=\"_blank\" class=\"elementor-icon elementor-animation-\" tabindex=\"-1\">\n\t\t\t\t<i aria-hidden=\"true\" class=\"far fa-money-bill-alt\"><\/i>\t\t\t\t<\/a>\n\t\t\t<\/div>\n\t\t\t\n\t\t\t\t\t\t<div class=\"elementor-icon-box-content\">\n\n\t\t\t\t\t\t\t\t\t<h3 class=\"elementor-icon-box-title\">\n\t\t\t\t\t\t<a href=\"https:\/\/www.ufsm.br\/cursos\/pos-graduacao\/santa-maria\/residenciamulti\/servicos\/cadastro-de-residentes\" target=\"_blank\" >\n\t\t\t\t\t\t\tCadastro financeiro\t\t\t\t\t\t<\/a>\n\t\t\t\t\t<\/h3>\n\t\t\t\t\n\t\t\t\t\t\t\t\t\t<p class=\"elementor-icon-box-description\">\n\t\t\t\t\t\tLiberado (05\/03 a 09\/03) - Somente 1\u00aa chamada SUPLENTE\t\t\t\t\t<\/p>\n\t\t\t\t\n\t\t\t<\/div>\n\t\t\t\n\t\t<\/div>\n\t\t\t\t<\/div>\n\t\t\t\t<\/div>\n\t\t\t\t\t<\/div>\n\t\t<\/div>\n\t\t\t\t<div class=\"elementor-column elementor-col-50 elementor-top-column elementor-element elementor-element-c3fad92\" data-id=\"c3fad92\" data-element_type=\"column\">\n\t\t\t<div class=\"elementor-widget-wrap elementor-element-populated\">\n\t\t\t\t\t\t<div class=\"elementor-element elementor-element-2e9f79f elementor-view-default elementor-position-top elementor-mobile-position-top elementor-widget elementor-widget-icon-box\" data-id=\"2e9f79f\" data-element_type=\"widget\" data-widget_type=\"icon-box.default\">\n\t\t\t\t<div class=\"elementor-widget-container\">\n\t\t\t\t\t<div class=\"elementor-icon-box-wrapper\">\n\n\t\t\t\t\t\t<div class=\"elementor-icon-box-icon\">\n\t\t\t\t<a href=\"https:\/\/www.ufsm.br\/cursos\/pos-graduacao\/santa-maria\/residenciamulti\/2023\/02\/09\/curso-obrigatorio-para-obtencao-do-cracha-para-acesso-ao-husm\" target=\"_blank\" class=\"elementor-icon elementor-animation-\" tabindex=\"-1\">\n\t\t\t\t<i aria-hidden=\"true\" class=\"far fa-id-badge\"><\/i>\t\t\t\t<\/a>\n\t\t\t<\/div>\n\t\t\t\n\t\t\t\t\t\t<div class=\"elementor-icon-box-content\">\n\n\t\t\t\t\t\t\t\t\t<h1 class=\"elementor-icon-box-title\">\n\t\t\t\t\t\t<a href=\"https:\/\/www.ufsm.br\/cursos\/pos-graduacao\/santa-maria\/residenciamulti\/2023\/02\/09\/curso-obrigatorio-para-obtencao-do-cracha-para-acesso-ao-husm\" target=\"_blank\" >\n\t\t\t\t\t\t\tCurso crach\u00e1 (HUSM - OBRIGAT\u00d3RIO)\t\t\t\t\t\t<\/a>\n\t\t\t\t\t<\/h1>\n\t\t\t\t\n\t\t\t\t\t\t\t\t\t<p class=\"elementor-icon-box-description\">\n\t\t\t\t\t\tSomente para residentes que atuar\u00e3o no HUSM\t\t\t\t\t<\/p>\n\t\t\t\t\n\t\t\t<\/div>\n\t\t\t\n\t\t<\/div>\n\t\t\t\t<\/div>\n\t\t\t\t<\/div>\n\t\t\t\t\t<\/div>\n\t\t<\/div>\n\t\t\t\t\t<\/div>\n\t\t<\/section>\n\t\t\t\t<\/div>\n\t\t","protected":false},"excerpt":{"rendered":"<p>CONVOCA\u00c7\u00c3O DE MATR\u00cdCULA &#8211; 2\u00aa chamada suplente (Publicado) Considerando\u00a0a divulga\u00e7\u00e3o do resultado do ENARE\u00a0para ingresso nos Programas de Resid\u00eancia Multiprofissional da UFSM; Comunicamos\u00a0que estamos realizando a configura\u00e7\u00e3o do sistema da UFSM com os dados para a realiza\u00e7\u00e3o da etapa de confirma\u00e7\u00e3o de vaga\/matr\u00edcula em SEGUNDA chamada. As\u00a0instru\u00e7\u00f5es\u00a0de como realizar a confirma\u00e7\u00e3o da SEGUNDA CHAMADA SUPLENTE\u00a0t\u00eam [&hellip;]<\/p>\n","protected":false},"author":938,"featured_media":0,"parent":0,"menu_order":0,"comment_status":"closed","ping_status":"closed","template":"","meta":{"footnotes":""},"categories":[],"tags":[],"class_list":["post-2019","page","type-page","status-publish","hentry"],"acf":[],"_links":{"self":[{"href":"https:\/\/www.ufsm.br\/cursos\/pos-graduacao\/santa-maria\/residenciamulti\/wp-json\/wp\/v2\/pages\/2019","targetHints":{"allow":["GET"]}}],"collection":[{"href":"https:\/\/www.ufsm.br\/cursos\/pos-graduacao\/santa-maria\/residenciamulti\/wp-json\/wp\/v2\/pages"}],"about":[{"href":"https:\/\/www.ufsm.br\/cursos\/pos-graduacao\/santa-maria\/residenciamulti\/wp-json\/wp\/v2\/types\/page"}],"author":[{"embeddable":true,"href":"https:\/\/www.ufsm.br\/cursos\/pos-graduacao\/santa-maria\/residenciamulti\/wp-json\/wp\/v2\/users\/938"}],"replies":[{"embeddable":true,"href":"https:\/\/www.ufsm.br\/cursos\/pos-graduacao\/santa-maria\/residenciamulti\/wp-json\/wp\/v2\/comments?post=2019"}],"version-history":[{"count":0,"href":"https:\/\/www.ufsm.br\/cursos\/pos-graduacao\/santa-maria\/residenciamulti\/wp-json\/wp\/v2\/pages\/2019\/revisions"}],"wp:attachment":[{"href":"https:\/\/www.ufsm.br\/cursos\/pos-graduacao\/santa-maria\/residenciamulti\/wp-json\/wp\/v2\/media?parent=2019"}],"wp:term":[{"taxonomy":"category","embeddable":true,"href":"https:\/\/www.ufsm.br\/cursos\/pos-graduacao\/santa-maria\/residenciamulti\/wp-json\/wp\/v2\/categories?post=2019"},{"taxonomy":"post_tag","embeddable":true,"href":"https:\/\/www.ufsm.br\/cursos\/pos-graduacao\/santa-maria\/residenciamulti\/wp-json\/wp\/v2\/tags?post=2019"}],"curies":[{"name":"wp","href":"https:\/\/api.w.org\/{rel}","templated":true}]}}