{"id":158,"date":"2019-02-07T10:39:09","date_gmt":"2019-02-07T12:39:09","guid":{"rendered":"https:\/\/www.ufsm.br\/cursos\/tecnico\/santa-maria\/administracao\/?page_id=158"},"modified":"2019-02-07T10:39:12","modified_gmt":"2019-02-07T12:39:12","slug":"perfil-profissional","status":"publish","type":"page","link":"https:\/\/www.ufsm.br\/cursos\/tecnico\/santa-maria\/administracao\/perfil-profissional","title":{"rendered":"Perfil Profissional"},"content":{"rendered":"\n<p class=\"text-justify\">O T\u00e9cnico em Administra\u00e7\u00e3o do Eixo Tecnol\u00f3gico de Gest\u00e3o e Neg\u00f3cios caracteriza-se como um profissional comprometido com o desenvolvimento social e econ\u00f4mico, respeitando valores \u00e9ticos, morais, culturais, sociais e ecol\u00f3gicos, com compet\u00eancias profissionais que o qualificam a exercer as seguintes fun\u00e7\u00f5es:<\/p>\n<ul>\n<li>dar suporte \u00e0 produ\u00e7\u00e3o e presta\u00e7\u00e3o de servi\u00e7os em qualquer setor econ\u00f4mico, atendendo a diferentes tipos de organiza\u00e7\u00f5es;<\/li>\n<li>auxiliar nas atividades de planejamento, organiza\u00e7\u00e3o, dire\u00e7\u00e3o e controle dos processos que se referem a recursos humanos, produ\u00e7\u00e3o, marketing e finan\u00e7as;<\/li>\n<li>executar rotinas organizacionais relacionadas a escrit\u00f3rio;<\/li>\n<li>utilizar instrumentos de inform\u00e1tica na gest\u00e3o das organiza\u00e7\u00f5es;<\/li>\n<li>auxiliar no desenvolvimento de projetos e na elabora\u00e7\u00e3o de relat\u00f3rios t\u00e9cnicos;<\/li>\n<li>auxiliar na elabora\u00e7\u00e3o de indicadores e na gest\u00e3o cont\u00e1bil e financeira;<\/li>\n<li>conhecer e auxiliar na interpreta\u00e7\u00e3o e na aplica\u00e7\u00e3o da legisla\u00e7\u00e3o relacionada ao contexto das organiza\u00e7\u00f5es;<\/li>\n<li>contribuir no desenvolvimento de pr\u00e1ticas de marketing, vendas e negocia\u00e7\u00e3o;<\/li>\nrealizar estudos de viabilidade de projetos de investimento;\n<li>executar rotinas relacionadas aos aspectos t\u00e9cnicos do gerenciamento de pessoas e contribuir no desenvolvimento das mesmas;<\/li>\n<li>atender aos processos de produ\u00e7\u00e3o e administra\u00e7\u00e3o de materiais, com \u00eanfase nos princ\u00edpios da gest\u00e3o da qualidade;<\/li>\n<li>identificar os conceitos da responsabilidade social e suas implica\u00e7\u00f5es nas organiza\u00e7\u00f5es;<\/li>\n<li>promover o empreendedorismo, dando \u00eanfase \u00e0 pr\u00e1tica dos conhecimentos da administra\u00e7\u00e3o;<\/li>\n<li>analisar os temas e as tend\u00eancias da administra\u00e7\u00e3o;<\/li>\n<li>conhecer os problemas e as perspectivas na administra\u00e7\u00e3o frente aos desafios da atualidade;<\/li>\n<\/ul>\n","protected":false},"excerpt":{"rendered":"<p>O T\u00e9cnico em Administra\u00e7\u00e3o do Eixo Tecnol\u00f3gico de Gest\u00e3o e Neg\u00f3cios caracteriza-se como um profissional comprometido com o desenvolvimento social e econ\u00f4mico, respeitando valores \u00e9ticos, morais, culturais, sociais e ecol\u00f3gicos, com compet\u00eancias profissionais que o qualificam a exercer as seguintes fun\u00e7\u00f5es: dar suporte \u00e0 produ\u00e7\u00e3o e presta\u00e7\u00e3o de servi\u00e7os em qualquer setor econ\u00f4mico, atendendo a [&hellip;]<\/p>\n","protected":false},"author":117,"featured_media":0,"parent":0,"menu_order":0,"comment_status":"closed","ping_status":"closed","template":"","meta":{"footnotes":""},"categories":[],"tags":[],"class_list":["post-158","page","type-page","status-publish","hentry"],"acf":[],"_links":{"self":[{"href":"https:\/\/www.ufsm.br\/cursos\/tecnico\/santa-maria\/administracao\/wp-json\/wp\/v2\/pages\/158","targetHints":{"allow":["GET"]}}],"collection":[{"href":"https:\/\/www.ufsm.br\/cursos\/tecnico\/santa-maria\/administracao\/wp-json\/wp\/v2\/pages"}],"about":[{"href":"https:\/\/www.ufsm.br\/cursos\/tecnico\/santa-maria\/administracao\/wp-json\/wp\/v2\/types\/page"}],"author":[{"embeddable":true,"href":"https:\/\/www.ufsm.br\/cursos\/tecnico\/santa-maria\/administracao\/wp-json\/wp\/v2\/users\/117"}],"replies":[{"embeddable":true,"href":"https:\/\/www.ufsm.br\/cursos\/tecnico\/santa-maria\/administracao\/wp-json\/wp\/v2\/comments?post=158"}],"version-history":[{"count":0,"href":"https:\/\/www.ufsm.br\/cursos\/tecnico\/santa-maria\/administracao\/wp-json\/wp\/v2\/pages\/158\/revisions"}],"wp:attachment":[{"href":"https:\/\/www.ufsm.br\/cursos\/tecnico\/santa-maria\/administracao\/wp-json\/wp\/v2\/media?parent=158"}],"wp:term":[{"taxonomy":"category","embeddable":true,"href":"https:\/\/www.ufsm.br\/cursos\/tecnico\/santa-maria\/administracao\/wp-json\/wp\/v2\/categories?post=158"},{"taxonomy":"post_tag","embeddable":true,"href":"https:\/\/www.ufsm.br\/cursos\/tecnico\/santa-maria\/administracao\/wp-json\/wp\/v2\/tags?post=158"}],"curies":[{"name":"wp","href":"https:\/\/api.w.org\/{rel}","templated":true}]}}