{"id":163,"date":"2025-06-02T16:08:13","date_gmt":"2025-06-02T19:08:13","guid":{"rendered":"https:\/\/www.ufsm.br\/cursos\/tecnico\/santa-maria\/agrimensura\/?page_id=163"},"modified":"2025-06-02T16:28:33","modified_gmt":"2025-06-02T19:28:33","slug":"perfil-profissional","status":"publish","type":"page","link":"https:\/\/www.ufsm.br\/cursos\/tecnico\/santa-maria\/agrimensura\/perfil-profissional","title":{"rendered":"Perfil Profissional"},"content":{"rendered":"\n<p>O T\u00e9cnico em Agrimensura, do Eixo Tecnol\u00f3gico de Infraestrutura, caracteriza-se como um profissional comprometido com o desenvolvimento social e econ\u00f4mico, respeitando valores \u00e9ticos, morais, culturais, sociais e ecol\u00f3gicos, com compet\u00eancias profissionais que o habilitam a exercer as seguintes fun\u00e7\u00f5es:<\/p>\n\n\n\n<p>\u25cf Realizar georreferenciamento de im\u00f3veis urbanos e rurais e elaborar a documenta\u00e7\u00e3o para seu registro e implanta\u00e7\u00e3o.<\/p>\n\n\n\n<p>\u25cf Realizar levantamento de dados topogr\u00e1ficos e cadastrais para cadastros multifinalit\u00e1rios.<\/p>\n\n\n\n<p>\u25cf Planejar voos e operar aeronaves remotamente pilotadas em levantamentos para fins topogr\u00e1ficos e cadastrais.<\/p>\n\n\n\n<p>&nbsp;\u25cf Elaborar produtos cartogr\u00e1ficos a partir de fotos terrestres, a\u00e9reas e imagens de sat\u00e9lites.<\/p>\n\n\n\n<p>\u25cf Conhecer ferramentas e tecnologias de geoprocessamento aplicadas \u00e0 Agrimensura.<\/p>\n\n\n\n<p>\u25cf Realizar loca\u00e7\u00e3o de obras de infraestrutura, tais como: edifica\u00e7\u00f5es, loteamentos, drenagem, terraplanagens e escava\u00e7\u00f5es, entre outras. <\/p>\n\n\n\n<p>\u25cf Aplicar conhecimentos t\u00e9cnicos espec\u00edficos nos processos de comercializa\u00e7\u00e3o de equipamentos para Agrimensura.<\/p>\n","protected":false},"excerpt":{"rendered":"<p>O T\u00e9cnico em Agrimensura, do Eixo Tecnol\u00f3gico de Infraestrutura, caracteriza-se como um profissional comprometido com o desenvolvimento social e econ\u00f4mico, respeitando valores \u00e9ticos, morais, culturais, sociais e ecol\u00f3gicos, com compet\u00eancias profissionais que o habilitam a exercer as seguintes fun\u00e7\u00f5es: \u25cf Realizar georreferenciamento de im\u00f3veis urbanos e rurais e elaborar a documenta\u00e7\u00e3o para seu registro e [&hellip;]<\/p>\n","protected":false},"author":6177,"featured_media":0,"parent":0,"menu_order":0,"comment_status":"closed","ping_status":"closed","template":"","meta":{"footnotes":""},"categories":[],"tags":[],"class_list":["post-163","page","type-page","status-publish","hentry"],"acf":[],"_links":{"self":[{"href":"https:\/\/www.ufsm.br\/cursos\/tecnico\/santa-maria\/agrimensura\/wp-json\/wp\/v2\/pages\/163","targetHints":{"allow":["GET"]}}],"collection":[{"href":"https:\/\/www.ufsm.br\/cursos\/tecnico\/santa-maria\/agrimensura\/wp-json\/wp\/v2\/pages"}],"about":[{"href":"https:\/\/www.ufsm.br\/cursos\/tecnico\/santa-maria\/agrimensura\/wp-json\/wp\/v2\/types\/page"}],"author":[{"embeddable":true,"href":"https:\/\/www.ufsm.br\/cursos\/tecnico\/santa-maria\/agrimensura\/wp-json\/wp\/v2\/users\/6177"}],"replies":[{"embeddable":true,"href":"https:\/\/www.ufsm.br\/cursos\/tecnico\/santa-maria\/agrimensura\/wp-json\/wp\/v2\/comments?post=163"}],"version-history":[{"count":0,"href":"https:\/\/www.ufsm.br\/cursos\/tecnico\/santa-maria\/agrimensura\/wp-json\/wp\/v2\/pages\/163\/revisions"}],"wp:attachment":[{"href":"https:\/\/www.ufsm.br\/cursos\/tecnico\/santa-maria\/agrimensura\/wp-json\/wp\/v2\/media?parent=163"}],"wp:term":[{"taxonomy":"category","embeddable":true,"href":"https:\/\/www.ufsm.br\/cursos\/tecnico\/santa-maria\/agrimensura\/wp-json\/wp\/v2\/categories?post=163"},{"taxonomy":"post_tag","embeddable":true,"href":"https:\/\/www.ufsm.br\/cursos\/tecnico\/santa-maria\/agrimensura\/wp-json\/wp\/v2\/tags?post=163"}],"curies":[{"name":"wp","href":"https:\/\/api.w.org\/{rel}","templated":true}]}}