{"id":164,"date":"2025-06-02T16:09:01","date_gmt":"2025-06-02T19:09:01","guid":{"rendered":"https:\/\/www.ufsm.br\/cursos\/tecnico\/santa-maria\/agrimensura\/?page_id=164"},"modified":"2025-06-02T16:09:02","modified_gmt":"2025-06-02T19:09:02","slug":"titulo-conferido","status":"publish","type":"page","link":"https:\/\/www.ufsm.br\/cursos\/tecnico\/santa-maria\/agrimensura\/titulo-conferido","title":{"rendered":"T\u00edtulo Conferido"},"content":{"rendered":"\n<p>Aos estudantes que conclu\u00edrem com aproveitamento todas as disciplinas previstas na organiza\u00e7\u00e3o curricular do curso e realizarem o est\u00e1gio supervisionado de habilita\u00e7\u00e3o profissional ser\u00e1 conferido o Diploma com o t\u00edtulo de T\u00c9CNICO EM AGRIMENSURA, no Eixo Tecnol\u00f3gico \u201cInfraestrutura\u201d, de acordo com a Lei n\u00ba 9.394\/96, o Decreto Federal n\u00ba 5.154\/2004, o Parecer CNE\/CEB n\u00ba 17\/2020, a Resolu\u00e7\u00e3o CNE\/CP n\u00ba 01\/2021 e a Resolu\u00e7\u00e3o UFSM n\u00ba 141\/2023.<\/p>\n\n\n\n<p>Aos estudantes que adquirirem as compet\u00eancias relativas a um ou mais m\u00f3dulos qualificadores, ser\u00e1 concedido certificado de qualifica\u00e7\u00e3o profissional t\u00e9cnica referente ao(s) m\u00f3dulo(s) cursado(s), observando o que segue:<\/p>\n\n\n\n<ul class=\"wp-block-list\">\n<li>M\u00f3dulo de Auxiliar de Topografia &#8211; T\u00edtulo: Auxiliar de Topografia (240 horas)<\/li>\n\n\n\n<li>M\u00f3dulo de Desenhista de Topografia &#8211; T\u00edtulo: Desenhista de Topografia (240 horas)<\/li>\n\n\n\n<li>M\u00f3dulo de Editor de Maquetes Eletr\u00f4nicas &#8211; T\u00edtulo: Editor de Maquetes Eletr\u00f4nicas (240 horas)<\/li>\n<\/ul>\n\n\n\n<p>Os diplomas e certificados ser\u00e3o acompanhados de hist\u00f3rico escolar no qual constar\u00e3o os componentes curriculares elencados na organiza\u00e7\u00e3o curricular, definidos pelo perfil profissional de conclus\u00e3o, as respectivas cargas hor\u00e1rias, frequ\u00eancias e aproveitamento dos concluintes, nos termos em que prev\u00ea o par\u00e1grafo quinto do Art. 49 da Resolu\u00e7\u00e3o CNE\/CP n\u00ba 01\/2021.<\/p>\n","protected":false},"excerpt":{"rendered":"<p>Aos estudantes que conclu\u00edrem com aproveitamento todas as disciplinas previstas na organiza\u00e7\u00e3o curricular do curso e realizarem o est\u00e1gio supervisionado de habilita\u00e7\u00e3o profissional ser\u00e1 conferido o Diploma com o t\u00edtulo de T\u00c9CNICO EM AGRIMENSURA, no Eixo Tecnol\u00f3gico \u201cInfraestrutura\u201d, de acordo com a Lei n\u00ba 9.394\/96, o Decreto Federal n\u00ba 5.154\/2004, o Parecer CNE\/CEB n\u00ba 17\/2020, [&hellip;]<\/p>\n","protected":false},"author":6177,"featured_media":0,"parent":0,"menu_order":0,"comment_status":"closed","ping_status":"closed","template":"","meta":{"footnotes":""},"categories":[],"tags":[],"class_list":["post-164","page","type-page","status-publish","hentry"],"acf":[],"_links":{"self":[{"href":"https:\/\/www.ufsm.br\/cursos\/tecnico\/santa-maria\/agrimensura\/wp-json\/wp\/v2\/pages\/164","targetHints":{"allow":["GET"]}}],"collection":[{"href":"https:\/\/www.ufsm.br\/cursos\/tecnico\/santa-maria\/agrimensura\/wp-json\/wp\/v2\/pages"}],"about":[{"href":"https:\/\/www.ufsm.br\/cursos\/tecnico\/santa-maria\/agrimensura\/wp-json\/wp\/v2\/types\/page"}],"author":[{"embeddable":true,"href":"https:\/\/www.ufsm.br\/cursos\/tecnico\/santa-maria\/agrimensura\/wp-json\/wp\/v2\/users\/6177"}],"replies":[{"embeddable":true,"href":"https:\/\/www.ufsm.br\/cursos\/tecnico\/santa-maria\/agrimensura\/wp-json\/wp\/v2\/comments?post=164"}],"version-history":[{"count":0,"href":"https:\/\/www.ufsm.br\/cursos\/tecnico\/santa-maria\/agrimensura\/wp-json\/wp\/v2\/pages\/164\/revisions"}],"wp:attachment":[{"href":"https:\/\/www.ufsm.br\/cursos\/tecnico\/santa-maria\/agrimensura\/wp-json\/wp\/v2\/media?parent=164"}],"wp:term":[{"taxonomy":"category","embeddable":true,"href":"https:\/\/www.ufsm.br\/cursos\/tecnico\/santa-maria\/agrimensura\/wp-json\/wp\/v2\/categories?post=164"},{"taxonomy":"post_tag","embeddable":true,"href":"https:\/\/www.ufsm.br\/cursos\/tecnico\/santa-maria\/agrimensura\/wp-json\/wp\/v2\/tags?post=164"}],"curies":[{"name":"wp","href":"https:\/\/api.w.org\/{rel}","templated":true}]}}