{"id":160,"date":"2019-02-07T12:12:10","date_gmt":"2019-02-07T14:12:10","guid":{"rendered":"https:\/\/www.ufsm.br\/cursos\/tecnico\/santa-maria\/contabilidade\/?page_id=160"},"modified":"2019-02-07T12:12:12","modified_gmt":"2019-02-07T14:12:12","slug":"requisitos-e-ingresso","status":"publish","type":"page","link":"https:\/\/www.ufsm.br\/cursos\/tecnico\/santa-maria\/contabilidade\/requisitos-e-ingresso","title":{"rendered":"Requisitos e Ingresso"},"content":{"rendered":"\n<div class=\"page-header\">\n<h2><strong style=\"font-size: 16px;color: #191e23\">Ingresso<\/strong><\/h2>\n<\/div>\n<div>\n<p>Para ingressarem no curso, os candidatos dever\u00e3o ter conclu\u00eddo o Ensino M\u00e9dio ou equivalente.\u00a0<br \/>O ingresso no curso pode ocorrer atrav\u00e9s de:<\/p>\n<p>Ingresso principal, que garante a possibilidade de acesso a todos os componentes curriculares e ao t\u00edtulo de t\u00e9cnico, e dar-se-\u00e1 mediante ingresso atrav\u00e9s de processo de sele\u00e7\u00e3o, cujas normas, prazos, programas, crit\u00e9rios de classifica\u00e7\u00e3o e desempate, condi\u00e7\u00f5es para matr\u00edcula e demais informa\u00e7\u00f5es necess\u00e1rias s\u00e3o publicados em edital.<\/p>\n<p>Ingresso intermedi\u00e1rio, para estudantes que desejam apenas cursar algumas compet\u00eancias a fim de obter atualiza\u00e7\u00e3o, para atividade espec\u00edfica no processo produtivo.<\/p>\n<p>Para esta forma de ingresso, ser\u00e1 determinado em edital o n\u00famero de vagas; os pr\u00e9-requisitos, quando for o caso; a forma de sele\u00e7\u00e3o e outras condi\u00e7\u00f5es, observadas as normas vigentes no Col\u00e9gio Polit\u00e9cnico da UFSM.<\/p>\n<p><strong>Transfer\u00eancias<\/strong><\/p>\n<p>As transfer\u00eancias estar\u00e3o condicionadas \u00e0 exist\u00eancia de vaga e \u00e0 compatibilidade curricular e demais crit\u00e9rios constantes nas normas vigentes no Col\u00e9gio Polit\u00e9cnico da UFSM.<\/p>\n<p><strong>Reingresso<\/strong><\/p>\n<p>O reingresso \u00e9 a possibilidade de o estudante retornar ao curso a fim de conclu\u00ed-lo, e dar-se-\u00e1 mediante requerimento do interessado. Os pedidos de reingresso est\u00e3o sempre condicionados \u00e0 exist\u00eancia de vaga e compatibilidade curricular.<\/p>\n<p>Al\u00e9m do disposto anterior, \u00e9 condi\u00e7\u00e3o para reingresso o estudante ter cursado integralmente um semestre do curso, ter ingressado pela forma principal e ter condi\u00e7\u00f5es de concluir o primeiro e o \u00faltimo m\u00f3dulo num prazo n\u00e3o superior a seis semestres.<\/p>\n<p>O reingresso de estudantes obedece \u00e0s normas vigentes no Col\u00e9gio Polit\u00e9cnico da UFSM.<\/p>\n<\/div>\n","protected":false},"excerpt":{"rendered":"<p>Ingresso Para ingressarem no curso, os candidatos dever\u00e3o ter conclu\u00eddo o Ensino M\u00e9dio ou equivalente.\u00a0O ingresso no curso pode ocorrer atrav\u00e9s de: Ingresso principal, que garante a possibilidade de acesso a todos os componentes curriculares e ao t\u00edtulo de t\u00e9cnico, e dar-se-\u00e1 mediante ingresso atrav\u00e9s de processo de sele\u00e7\u00e3o, cujas normas, prazos, programas, crit\u00e9rios de [&hellip;]<\/p>\n","protected":false},"author":117,"featured_media":0,"parent":0,"menu_order":0,"comment_status":"closed","ping_status":"closed","template":"","meta":{"footnotes":""},"categories":[],"tags":[],"class_list":["post-160","page","type-page","status-publish","hentry"],"acf":[],"_links":{"self":[{"href":"https:\/\/www.ufsm.br\/cursos\/tecnico\/santa-maria\/contabilidade\/wp-json\/wp\/v2\/pages\/160","targetHints":{"allow":["GET"]}}],"collection":[{"href":"https:\/\/www.ufsm.br\/cursos\/tecnico\/santa-maria\/contabilidade\/wp-json\/wp\/v2\/pages"}],"about":[{"href":"https:\/\/www.ufsm.br\/cursos\/tecnico\/santa-maria\/contabilidade\/wp-json\/wp\/v2\/types\/page"}],"author":[{"embeddable":true,"href":"https:\/\/www.ufsm.br\/cursos\/tecnico\/santa-maria\/contabilidade\/wp-json\/wp\/v2\/users\/117"}],"replies":[{"embeddable":true,"href":"https:\/\/www.ufsm.br\/cursos\/tecnico\/santa-maria\/contabilidade\/wp-json\/wp\/v2\/comments?post=160"}],"version-history":[{"count":0,"href":"https:\/\/www.ufsm.br\/cursos\/tecnico\/santa-maria\/contabilidade\/wp-json\/wp\/v2\/pages\/160\/revisions"}],"wp:attachment":[{"href":"https:\/\/www.ufsm.br\/cursos\/tecnico\/santa-maria\/contabilidade\/wp-json\/wp\/v2\/media?parent=160"}],"wp:term":[{"taxonomy":"category","embeddable":true,"href":"https:\/\/www.ufsm.br\/cursos\/tecnico\/santa-maria\/contabilidade\/wp-json\/wp\/v2\/categories?post=160"},{"taxonomy":"post_tag","embeddable":true,"href":"https:\/\/www.ufsm.br\/cursos\/tecnico\/santa-maria\/contabilidade\/wp-json\/wp\/v2\/tags?post=160"}],"curies":[{"name":"wp","href":"https:\/\/api.w.org\/{rel}","templated":true}]}}