{"id":160,"date":"2019-02-07T12:33:02","date_gmt":"2019-02-07T14:33:02","guid":{"rendered":"https:\/\/www.ufsm.br\/cursos\/tecnico\/santa-maria\/farmacia\/?page_id=160"},"modified":"2019-02-07T12:33:05","modified_gmt":"2019-02-07T14:33:05","slug":"perfil-profissional","status":"publish","type":"page","link":"https:\/\/www.ufsm.br\/cursos\/tecnico\/santa-maria\/farmacia\/perfil-profissional","title":{"rendered":"Perfil Profissional"},"content":{"rendered":"\n<p>O T\u00e9cnico em Farm\u00e1cia, do Eixo Tecnol\u00f3gico Ambiente e Sa\u00fade, caracteriza-se como um profissional comprometido com a promo\u00e7\u00e3o da sa\u00fade das pessoas, atrav\u00e9s do apoio aos profissionais da sa\u00fade nas interven\u00e7\u00f5es e no processo sa\u00fade\u2013doen\u00e7a de indiv\u00edduos, respeitando valores \u00e9ticos, morais, culturais, sociais e ecol\u00f3gicos, com conhecimentos e compet\u00eancias profissionais que o qualificam a exercer as seguintes fun\u00e7\u00f5es na \u00e1rea da Farmac\u00eautica:<\/p>\n<ul>\n<li>Atuar sob supervis\u00e3o direta do farmac\u00eautico, no recebimento, triagem, armazenamento e dispensa\u00e7\u00e3o de produtos farmac\u00eauticos;<\/li>\n<li>Realizar confer\u00eancia da prescri\u00e7\u00e3o de medicamentos orientando o paciente quanto \u00e0 utiliza\u00e7\u00e3o dos medicamentos, sob a orienta\u00e7\u00e3o do farmac\u00eautico;<\/li>\n<li>Participar do trabalho em equipes multiprofissionais de sa\u00fade em farm\u00e1cias hospitalares e farm\u00e1cias p\u00fablicas municipais, sob a orienta\u00e7\u00e3o do farmac\u00eautico;<\/li>\n<li>Participar do trabalho em equipes multiprofissionais, preparando produtos farmac\u00eauticos e cosm\u00e9ticos sob a orienta\u00e7\u00e3o do farmac\u00eautico;<\/li>\n<li>Atuar no processamento e conserva\u00e7\u00e3o de plantas me dicinais e de fitoter\u00e1picos e na manipula\u00e7\u00e3o e dispensa\u00e7\u00e3o das prepara\u00e7\u00f5es, sob a supervis\u00e3o do farmac\u00eautico;<\/li>\n<li>Auxiliar no controle de qualidade de mat\u00e9rias-primas e produtos acabados, sob a orienta\u00e7\u00e3o do farmac\u00eautico;<\/li>\n<li>Operar sistemas de cadastramento de clientes e de fornecedores e documentar procedimentos farmac\u00eauticos;<\/li>\n<li>Organizar vendas e promo\u00e7\u00f5es t\u00e9cnicas, aplicando princ\u00edpios e estrat\u00e9gias de vendas, sob a supervis\u00e3o e orienta\u00e7\u00e3o do farmac\u00eautico;<\/li>\n<li>Respeitar as normas legais, e a \u00e9tica de biosseguran\u00e7a requeridas para a profiss\u00e3o;<\/li>\n<li>Operar equipamentos e acess\u00f3rios de laborat\u00f3rio, preparar solu\u00e7\u00f5es e dosagens em trabalhos experimentais e realizar os principais c\u00e1lculos referentes \u00e0s formas e apresenta\u00e7\u00f5es farmac\u00eauticas;<\/li>\n<li>Operar e zelar pelo bom funcionamento e organiza\u00e7\u00e3o do seu espa\u00e7o de trabalho;<\/li>\n<li>Orientar a popula\u00e7\u00e3o\/clientes quanto a quest\u00f5es relativas \u00e0 sa\u00fade e higiene, e assist\u00eancia \u00e0 sa\u00fade;<\/li>\n<li>Atuar com \u00e9tica, educa\u00e7\u00e3o, postura e responsabilidade social no atendimento da popula\u00e7\u00e3o\/clientes.<\/li>\n<\/ul>\n<p>De acordo com o perfil profissional tra\u00e7ado, o egresso do Curso T\u00e9cnico em Farm\u00e1cia do Col\u00e9gio Polit\u00e9cnico da UFSM, est\u00e1 capacitado a atuar em:<\/p>\n<ul>\n<li>Drogarias.<\/li>\n<li>Postos de sa\u00fade e de medicamentos.<\/li>\n<li>Farm\u00e1cias de manipula\u00e7\u00e3o.<\/li>\n<li>Ind\u00fastrias farmac\u00eauticas.<\/li>\n<li>Unidades b\u00e1sicas de sa\u00fade.<\/li>\n<li>Hospitais.<\/li>\n<li>Distribuidoras de medicamentos, insumos e correlatos.<\/li>\n<\/ul>\n<p><strong>PERFIL PROFISSIONAL DAS QUALIFICA\u00c7\u00d5ES<\/strong><\/p>\n<p><strong>Auxiliar de Sa\u00fade<\/strong><\/p>\n<p>O estudante que concluir o m\u00f3dulo de qualifica\u00e7\u00e3o t\u00e9cnica de Auxiliar de Sa\u00fade desenvolve os conhecimentos e as compet\u00eancias profissionais que o qualificam a:<\/p>\n<ul>\n<li>Realizar confer\u00eancia da prescri\u00e7\u00e3o de medicamentos orientando o paciente quanto \u00e0 utiliza\u00e7\u00e3o dos medicamentos, sob a orienta\u00e7\u00e3o do farmac\u00eautico;<\/li>\n<li>Participar do trabalho em equipes multiprofissionais de sa\u00fade em farm\u00e1cias hospitalares e farm\u00e1cias p\u00fablicas municipais, sob a orienta\u00e7\u00e3o do farmac\u00eautico;<\/li>\n<li>Orientar a popula\u00e7\u00e3o\/clientes quanto a quest\u00f5es relativas \u00e0 sa\u00fade e higiene, e assist\u00eancia \u00e0 sa\u00fade.<\/li>\n<\/ul>\n<p><strong>Auxiliar de Manipula\u00e7\u00e3o<\/strong><\/p>\n<p>O estudante que concluir o m\u00f3dulo de qualifica\u00e7\u00e3o t\u00e9cnica de Auxiliar de Manipula\u00e7\u00e3o desenvolve as compet\u00eancias profissionais que o qualificam a:<\/p>\n<ul>\n<li>Participar do trabalho em equipes multiprofissionais, preparando produtos farmac\u00eauticos e cosm\u00e9ticos sob a orienta\u00e7\u00e3o do farmac\u00eautico;<\/li>\n<li>Auxiliar no controle de qualidade de mat\u00e9rias-primas e produtos acabados, sob a orienta\u00e7\u00e3o do farmac\u00eautico;<\/li>\n<li>Atuar no processamento e conserva\u00e7\u00e3o de plantas medicinais e de fitoter\u00e1picos e na manipula\u00e7\u00e3o e dispensa\u00e7\u00e3o das prepara\u00e7\u00f5es, sob a supervis\u00e3o do farmac\u00eautico.<\/li>\n<li>Operar equipamentos e acess\u00f3rios de laborat\u00f3rio, preparar solu\u00e7\u00f5es e dosagens em trabalhos experimentais e realizar os principais c\u00e1lculos referentes \u00e0s formas e apresenta\u00e7\u00f5es farmac\u00eauticas;<\/li>\n<li>Operar sistemas de cadastramento de clientes e de fornecedores e documentar procedimentos farmac\u00eauticos.<\/li>\n<\/ul>\n<p><strong>Auxiliar de Farmac\u00eautico<\/strong><\/p>\n<p>O estudante que concluir o m\u00f3dulo de qualifica\u00e7\u00e3o t\u00e9cnica de Auxiliar de Farmac\u00eautico desenvolve os conhecimentos e as compet\u00eancias profissionais que o qualificam a:<\/p>\n<ul>\n<li>Atuar sob supervis\u00e3o direta do farmac\u00eautico, no recebimento, triagem, armazenamento e dispensa\u00e7\u00e3o de produtos farmac\u00eauticos;<\/li>\n<li>Realizar confer\u00eancia da prescri\u00e7\u00e3o de medicamentos orientando o paciente quanto \u00e0 utiliza\u00e7\u00e3o dos medicamentos, sob a orienta\u00e7\u00e3o do farmac\u00eautico;<\/li>\n<li>Respeitar as normas legais, e a \u00e9tica de biosseguran\u00e7a requeridas para a profiss\u00e3o;<\/li>\n<li>Orientar a popula\u00e7\u00e3o\/clientes quanto a quest\u00f5es relativas \u00e0 sa\u00fade e higiene, e assist\u00eancia \u00e0 sa\u00fade;<\/li>\n<li>Atuar com \u00e9tica, educa\u00e7\u00e3o, postura e responsabilidade social no atendimento da popula\u00e7\u00e3o\/clientes.<\/li>\n<\/ul>\n<p><strong>Auxiliar de Atendimento<\/strong><\/p>\n<p>O estudante que concluir o m\u00f3dulo de qualifica\u00e7\u00e3o t\u00e9cnica de Auxiliar de Atendimento desenvolve as compet\u00eancias profissionais que o qualificam a:<\/p>\n<ul>\n<li>Organizar vendas e promo\u00e7\u00f5es t\u00e9cnicas, aplicando princ\u00edpios e estrat\u00e9gias de vendas, sob a supervis\u00e3o e orienta\u00e7\u00e3o do farmac\u00eautico;<\/li>\n<li>Respeitar as normas, as legais, e a \u00e9tica de biosseguran\u00e7a requeridas para a profiss\u00e3o;<\/li>\n<li>Operar e zelar pelo bom funcionamento e organiza\u00e7\u00e3o do seu espa\u00e7o de trabalho;<\/li>\n<li>Atuar com \u00e9tica, educa\u00e7\u00e3o, postura e responsabilidade social no atendimento da popula\u00e7\u00e3o\/clientes.<\/li>\n<\/ul>\n","protected":false},"excerpt":{"rendered":"<p>O T\u00e9cnico em Farm\u00e1cia, do Eixo Tecnol\u00f3gico Ambiente e Sa\u00fade, caracteriza-se como um profissional comprometido com a promo\u00e7\u00e3o da sa\u00fade das pessoas, atrav\u00e9s do apoio aos profissionais da sa\u00fade nas interven\u00e7\u00f5es e no processo sa\u00fade\u2013doen\u00e7a de indiv\u00edduos, respeitando valores \u00e9ticos, morais, culturais, sociais e ecol\u00f3gicos, com conhecimentos e compet\u00eancias profissionais que o qualificam a exercer [&hellip;]<\/p>\n","protected":false},"author":117,"featured_media":0,"parent":0,"menu_order":0,"comment_status":"closed","ping_status":"closed","template":"","meta":{"footnotes":""},"categories":[],"tags":[],"class_list":["post-160","page","type-page","status-publish","hentry"],"acf":[],"_links":{"self":[{"href":"https:\/\/www.ufsm.br\/cursos\/tecnico\/santa-maria\/farmacia\/wp-json\/wp\/v2\/pages\/160","targetHints":{"allow":["GET"]}}],"collection":[{"href":"https:\/\/www.ufsm.br\/cursos\/tecnico\/santa-maria\/farmacia\/wp-json\/wp\/v2\/pages"}],"about":[{"href":"https:\/\/www.ufsm.br\/cursos\/tecnico\/santa-maria\/farmacia\/wp-json\/wp\/v2\/types\/page"}],"author":[{"embeddable":true,"href":"https:\/\/www.ufsm.br\/cursos\/tecnico\/santa-maria\/farmacia\/wp-json\/wp\/v2\/users\/117"}],"replies":[{"embeddable":true,"href":"https:\/\/www.ufsm.br\/cursos\/tecnico\/santa-maria\/farmacia\/wp-json\/wp\/v2\/comments?post=160"}],"version-history":[{"count":0,"href":"https:\/\/www.ufsm.br\/cursos\/tecnico\/santa-maria\/farmacia\/wp-json\/wp\/v2\/pages\/160\/revisions"}],"wp:attachment":[{"href":"https:\/\/www.ufsm.br\/cursos\/tecnico\/santa-maria\/farmacia\/wp-json\/wp\/v2\/media?parent=160"}],"wp:term":[{"taxonomy":"category","embeddable":true,"href":"https:\/\/www.ufsm.br\/cursos\/tecnico\/santa-maria\/farmacia\/wp-json\/wp\/v2\/categories?post=160"},{"taxonomy":"post_tag","embeddable":true,"href":"https:\/\/www.ufsm.br\/cursos\/tecnico\/santa-maria\/farmacia\/wp-json\/wp\/v2\/tags?post=160"}],"curies":[{"name":"wp","href":"https:\/\/api.w.org\/{rel}","templated":true}]}}