{"id":157,"date":"2019-02-08T09:42:41","date_gmt":"2019-02-08T11:42:41","guid":{"rendered":"https:\/\/www.ufsm.br\/cursos\/tecnico\/santa-maria\/geoprocessamento\/?page_id=157"},"modified":"2019-02-08T09:42:43","modified_gmt":"2019-02-08T11:42:43","slug":"organizacao-curricular","status":"publish","type":"page","link":"https:\/\/www.ufsm.br\/cursos\/tecnico\/santa-maria\/geoprocessamento\/organizacao-curricular","title":{"rendered":"Organiza\u00e7\u00e3o Curricular"},"content":{"rendered":"\n<p>Modular.<br \/>M\u00f3dulo de Gera\u00e7\u00e3o de Informa\u00e7\u00f5es Espaciais<br \/>T\u00edtulo da Qualifica\u00e7\u00e3o: Agente em Gera\u00e7\u00e3o de Informa\u00e7\u00f5es Espaciais<br \/>Carga Hor\u00e1ria: 390 horas<\/p>\n","protected":false},"excerpt":{"rendered":"<p>Modular.M\u00f3dulo de Gera\u00e7\u00e3o de Informa\u00e7\u00f5es EspaciaisT\u00edtulo da Qualifica\u00e7\u00e3o: Agente em Gera\u00e7\u00e3o de Informa\u00e7\u00f5es EspaciaisCarga Hor\u00e1ria: 390 horas<\/p>\n","protected":false},"author":117,"featured_media":0,"parent":0,"menu_order":0,"comment_status":"closed","ping_status":"closed","template":"","meta":{"footnotes":""},"categories":[],"tags":[],"class_list":["post-157","page","type-page","status-publish","hentry"],"acf":[],"_links":{"self":[{"href":"https:\/\/www.ufsm.br\/cursos\/tecnico\/santa-maria\/geoprocessamento\/wp-json\/wp\/v2\/pages\/157","targetHints":{"allow":["GET"]}}],"collection":[{"href":"https:\/\/www.ufsm.br\/cursos\/tecnico\/santa-maria\/geoprocessamento\/wp-json\/wp\/v2\/pages"}],"about":[{"href":"https:\/\/www.ufsm.br\/cursos\/tecnico\/santa-maria\/geoprocessamento\/wp-json\/wp\/v2\/types\/page"}],"author":[{"embeddable":true,"href":"https:\/\/www.ufsm.br\/cursos\/tecnico\/santa-maria\/geoprocessamento\/wp-json\/wp\/v2\/users\/117"}],"replies":[{"embeddable":true,"href":"https:\/\/www.ufsm.br\/cursos\/tecnico\/santa-maria\/geoprocessamento\/wp-json\/wp\/v2\/comments?post=157"}],"version-history":[{"count":0,"href":"https:\/\/www.ufsm.br\/cursos\/tecnico\/santa-maria\/geoprocessamento\/wp-json\/wp\/v2\/pages\/157\/revisions"}],"wp:attachment":[{"href":"https:\/\/www.ufsm.br\/cursos\/tecnico\/santa-maria\/geoprocessamento\/wp-json\/wp\/v2\/media?parent=157"}],"wp:term":[{"taxonomy":"category","embeddable":true,"href":"https:\/\/www.ufsm.br\/cursos\/tecnico\/santa-maria\/geoprocessamento\/wp-json\/wp\/v2\/categories?post=157"},{"taxonomy":"post_tag","embeddable":true,"href":"https:\/\/www.ufsm.br\/cursos\/tecnico\/santa-maria\/geoprocessamento\/wp-json\/wp\/v2\/tags?post=157"}],"curies":[{"name":"wp","href":"https:\/\/api.w.org\/{rel}","templated":true}]}}