{"id":156,"date":"2019-02-08T10:02:59","date_gmt":"2019-02-08T12:02:59","guid":{"rendered":"https:\/\/www.ufsm.br\/cursos\/tecnico\/santa-maria\/paisagismo\/?page_id=156"},"modified":"2019-02-08T10:03:02","modified_gmt":"2019-02-08T12:03:02","slug":"sobre-o-curso","status":"publish","type":"page","link":"https:\/\/www.ufsm.br\/cursos\/tecnico\/santa-maria\/paisagismo\/sobre-o-curso","title":{"rendered":"Sobre o Curso"},"content":{"rendered":"\n<p>T\u00edtulo: T\u00e9cnico em Paisagismo<\/p>\n<p>Eixo Tecnol\u00f3gico: Produ\u00e7\u00e3o Cultural de Design<br \/>Carga Hor\u00e1ria: 1230 horas<br \/>Carga Hor\u00e1ria do Est\u00e1gio: 200 horas<br \/>Carga Hor\u00e1ria Total: 1430 horas<br \/>Modalidade: Subsequente &#8211; P\u00f3s-Ensino M\u00e9dio<\/p>\n<p><strong>FUNCIONAMENTO<\/strong><\/p>\n<p>Turno: Manh\u00e3<br \/>Hor\u00e1rio: das 07h30min \u00e0s 12h30min.<\/p>\n<p><strong>OBJETIVO GERAL DO CURSO DE T\u00c9CNICO EM PAISAGISMO<\/strong><\/p>\n<p>O\u00a0<strong>Curso T\u00e9cnico em Paisagismo<\/strong>\u00a0visa formar um profissional que atua de forma respons\u00e1vel e consciente no Setor de Paisagismo, Floricultura e Arte Floral comprometido com o desenvolvimento sociocultural e econ\u00f4mico do pa\u00eds, preparando-o para o trabalho e para a cidadania, atrav\u00e9s da forma\u00e7\u00e3o profissional com compet\u00eancias, habilidades e capacidades que o qualifique para o mundo do trabalho.<\/p>\n","protected":false},"excerpt":{"rendered":"<p>T\u00edtulo: T\u00e9cnico em Paisagismo Eixo Tecnol\u00f3gico: Produ\u00e7\u00e3o Cultural de DesignCarga Hor\u00e1ria: 1230 horasCarga Hor\u00e1ria do Est\u00e1gio: 200 horasCarga Hor\u00e1ria Total: 1430 horasModalidade: Subsequente &#8211; P\u00f3s-Ensino M\u00e9dio FUNCIONAMENTO Turno: Manh\u00e3Hor\u00e1rio: das 07h30min \u00e0s 12h30min. OBJETIVO GERAL DO CURSO DE T\u00c9CNICO EM PAISAGISMO O\u00a0Curso T\u00e9cnico em Paisagismo\u00a0visa formar um profissional que atua de forma respons\u00e1vel e consciente [&hellip;]<\/p>\n","protected":false},"author":117,"featured_media":0,"parent":0,"menu_order":0,"comment_status":"closed","ping_status":"closed","template":"","meta":{"footnotes":""},"categories":[],"tags":[],"class_list":["post-156","page","type-page","status-publish","hentry"],"acf":[],"_links":{"self":[{"href":"https:\/\/www.ufsm.br\/cursos\/tecnico\/santa-maria\/paisagismo\/wp-json\/wp\/v2\/pages\/156","targetHints":{"allow":["GET"]}}],"collection":[{"href":"https:\/\/www.ufsm.br\/cursos\/tecnico\/santa-maria\/paisagismo\/wp-json\/wp\/v2\/pages"}],"about":[{"href":"https:\/\/www.ufsm.br\/cursos\/tecnico\/santa-maria\/paisagismo\/wp-json\/wp\/v2\/types\/page"}],"author":[{"embeddable":true,"href":"https:\/\/www.ufsm.br\/cursos\/tecnico\/santa-maria\/paisagismo\/wp-json\/wp\/v2\/users\/117"}],"replies":[{"embeddable":true,"href":"https:\/\/www.ufsm.br\/cursos\/tecnico\/santa-maria\/paisagismo\/wp-json\/wp\/v2\/comments?post=156"}],"version-history":[{"count":0,"href":"https:\/\/www.ufsm.br\/cursos\/tecnico\/santa-maria\/paisagismo\/wp-json\/wp\/v2\/pages\/156\/revisions"}],"wp:attachment":[{"href":"https:\/\/www.ufsm.br\/cursos\/tecnico\/santa-maria\/paisagismo\/wp-json\/wp\/v2\/media?parent=156"}],"wp:term":[{"taxonomy":"category","embeddable":true,"href":"https:\/\/www.ufsm.br\/cursos\/tecnico\/santa-maria\/paisagismo\/wp-json\/wp\/v2\/categories?post=156"},{"taxonomy":"post_tag","embeddable":true,"href":"https:\/\/www.ufsm.br\/cursos\/tecnico\/santa-maria\/paisagismo\/wp-json\/wp\/v2\/tags?post=156"}],"curies":[{"name":"wp","href":"https:\/\/api.w.org\/{rel}","templated":true}]}}