{"id":159,"date":"2019-02-08T10:06:03","date_gmt":"2019-02-08T12:06:03","guid":{"rendered":"https:\/\/www.ufsm.br\/cursos\/tecnico\/santa-maria\/paisagismo\/?page_id=159"},"modified":"2019-02-08T10:06:12","modified_gmt":"2019-02-08T12:06:12","slug":"requisitos-e-ingresso","status":"publish","type":"page","link":"https:\/\/www.ufsm.br\/cursos\/tecnico\/santa-maria\/paisagismo\/requisitos-e-ingresso","title":{"rendered":"Requisitos e Ingresso"},"content":{"rendered":"\n<div class=\"item-page\" style=\"min-height: 450px;color: #666666;font-family: Helvetica, Arial, sans-serif;font-size: 13px\">\n<div>\n<p><strong>Ingresso<\/strong><\/p>\n<p>O ingresso no curso pode ocorrer atrav\u00e9s de:<\/p>\n<p>Ingresso principal, que garante a possibilidade de acesso a todos os m\u00f3dulos e ao t\u00edtulo de t\u00e9cnico, o qual se dar\u00e1 mediante processo de sele\u00e7\u00e3o, cujas normas, prazos, programas, crit\u00e9rios de classifica\u00e7\u00e3o e desempate, condi\u00e7\u00f5es para matr\u00edcula e demais informa\u00e7\u00f5es ser\u00e3o publicados em edital.<br \/>\u00c9 condi\u00e7\u00e3o para essa forma de ingresso no curso, que os candidatos tenham conclu\u00eddo o Ensino M\u00e9dio ou equivalente.<\/p>\n<p>Ingresso de Portador de Diploma, para estudantes diplomados em Institui\u00e7\u00f5es de Ensino p\u00fablico ou privado, que garante a possibilidade de acesso a todos os m\u00f3dulos e ao t\u00edtulo de t\u00e9cnico.<br \/>Neste caso, ser\u00e1 determinado em edital o n\u00famero de vagas, os requisitos necess\u00e1rios e outras condi\u00e7\u00f5es, quando for o caso, observadas as normas vigentes no Col\u00e9gio Polit\u00e9cnico da UFSM.<\/p>\n<p>Ingresso intermedi\u00e1rio, para estudantes que desejam apenas cursar um m\u00f3dulo qualificador a fim de obter uma forma\u00e7\u00e3o para atividade espec\u00edfica no processo produtivo.<br \/>Para essa forma de ingresso, ser\u00e1 determinado em edital o n\u00famero de vagas, os pr\u00e9-requisitos, quando for o caso, a forma de sele\u00e7\u00e3o e outras condi\u00e7\u00f5es, observadas as normas vigentes no Col\u00e9gio Polit\u00e9cnico da UFSM.<\/p>\n<p><strong>Transfer\u00eancia<\/strong><\/p>\n<p>As transfer\u00eancias estar\u00e3o condicionadas \u00e0 exist\u00eancia de vaga, \u00e0 compatibilidade curricular e demais crit\u00e9rios constantes nas normas vigentes no Col\u00e9gio Polit\u00e9cnico da UFSM. As transfer\u00eancias podem ocorrer de dois modos:<\/p>\n<p>Transfer\u00eancia Interna: troca de curso de estudante do Col\u00e9gio Polit\u00e9cnico da UFSM, regularmente matriculado, para curso afim ou similar ao de origem;<\/p>\n<p>Transfer\u00eancia Externa: transfer\u00eancia de estudante de outra Institui\u00e7\u00e3o de Ensino, regularmente matriculado ou com trancamento de matr\u00edcula, em curso id\u00eantico, afim ou similar<\/p>\n<p><strong>Reingresso<\/strong><\/p>\n<p>O reingresso \u00e9 a possibilidade de o estudante retornar ao curso a fim de conclu\u00ed-lo, ou cursar outros m\u00f3dulos qualificadores. Pode ocorrer de duas maneiras:<\/p>\n<p>Reingresso: retorno de ex-estudante do Col\u00e9gio Polit\u00e9cnico da UFSM para o Curso que abandonou;<\/p>\n<p>Reingresso com Transfer\u00eancia Interna: retorno de ex-estudante do Col\u00e9gio Polit\u00e9cnico da UFSM, que abandonou o curso e solicita reingresso em curso afim ou similar do Col\u00e9gio Polit\u00e9cnico da UFSM;<br \/>Em ambos os casos, dar-se-\u00e1 mediante requerimento do interessado, condicionado \u00e0 exist\u00eancia de vaga e \u00e0 compatibilidade curricular.<br \/>Os pedidos de reingresso est\u00e3o condicionados \u00e0 possibilidade de o estudante concluir o primeiro e o \u00faltimo m\u00f3dulo num prazo n\u00e3o superior a sete semestres.<br \/>O reingresso de estudantes obedece \u00e0s normas vigentes no Col\u00e9gio Polit\u00e9cnico da UFSM.<\/p>\n<div><span style=\"font-family: arial, helvetica, sans-serif\">\u00a0<\/span><\/div>\n<\/div>\n<\/div>\n","protected":false},"excerpt":{"rendered":"<p>Ingresso O ingresso no curso pode ocorrer atrav\u00e9s de: Ingresso principal, que garante a possibilidade de acesso a todos os m\u00f3dulos e ao t\u00edtulo de t\u00e9cnico, o qual se dar\u00e1 mediante processo de sele\u00e7\u00e3o, cujas normas, prazos, programas, crit\u00e9rios de classifica\u00e7\u00e3o e desempate, condi\u00e7\u00f5es para matr\u00edcula e demais informa\u00e7\u00f5es ser\u00e3o publicados em edital.\u00c9 condi\u00e7\u00e3o para [&hellip;]<\/p>\n","protected":false},"author":117,"featured_media":0,"parent":0,"menu_order":0,"comment_status":"closed","ping_status":"closed","template":"","meta":{"footnotes":""},"categories":[],"tags":[],"class_list":["post-159","page","type-page","status-publish","hentry"],"acf":[],"_links":{"self":[{"href":"https:\/\/www.ufsm.br\/cursos\/tecnico\/santa-maria\/paisagismo\/wp-json\/wp\/v2\/pages\/159","targetHints":{"allow":["GET"]}}],"collection":[{"href":"https:\/\/www.ufsm.br\/cursos\/tecnico\/santa-maria\/paisagismo\/wp-json\/wp\/v2\/pages"}],"about":[{"href":"https:\/\/www.ufsm.br\/cursos\/tecnico\/santa-maria\/paisagismo\/wp-json\/wp\/v2\/types\/page"}],"author":[{"embeddable":true,"href":"https:\/\/www.ufsm.br\/cursos\/tecnico\/santa-maria\/paisagismo\/wp-json\/wp\/v2\/users\/117"}],"replies":[{"embeddable":true,"href":"https:\/\/www.ufsm.br\/cursos\/tecnico\/santa-maria\/paisagismo\/wp-json\/wp\/v2\/comments?post=159"}],"version-history":[{"count":0,"href":"https:\/\/www.ufsm.br\/cursos\/tecnico\/santa-maria\/paisagismo\/wp-json\/wp\/v2\/pages\/159\/revisions"}],"wp:attachment":[{"href":"https:\/\/www.ufsm.br\/cursos\/tecnico\/santa-maria\/paisagismo\/wp-json\/wp\/v2\/media?parent=159"}],"wp:term":[{"taxonomy":"category","embeddable":true,"href":"https:\/\/www.ufsm.br\/cursos\/tecnico\/santa-maria\/paisagismo\/wp-json\/wp\/v2\/categories?post=159"},{"taxonomy":"post_tag","embeddable":true,"href":"https:\/\/www.ufsm.br\/cursos\/tecnico\/santa-maria\/paisagismo\/wp-json\/wp\/v2\/tags?post=159"}],"curies":[{"name":"wp","href":"https:\/\/api.w.org\/{rel}","templated":true}]}}