{"id":107,"date":"2019-11-06T11:48:19","date_gmt":"2019-11-06T14:48:19","guid":{"rendered":"https:\/\/www.ufsm.br\/editoras\/editorappgart\/?page_id=107"},"modified":"2019-11-06T14:32:08","modified_gmt":"2019-11-06T17:32:08","slug":"publicacoes-2017","status":"publish","type":"page","link":"https:\/\/www.ufsm.br\/editoras\/editorappgart\/publicacoes-2017","title":{"rendered":"Publica\u00e7\u00f5es 2017"},"content":{"rendered":"\t\t<div data-elementor-type=\"wp-page\" data-elementor-id=\"107\" class=\"elementor elementor-107\">\n\t\t\t\t\t\t<section class=\"elementor-section elementor-top-section elementor-element elementor-element-348cb61 elementor-section-boxed elementor-section-height-default elementor-section-height-default\" data-id=\"348cb61\" data-element_type=\"section\">\n\t\t\t\t\t\t<div class=\"elementor-container elementor-column-gap-default\">\n\t\t\t\t\t<div class=\"elementor-column elementor-col-100 elementor-top-column elementor-element elementor-element-9974810\" data-id=\"9974810\" data-element_type=\"column\">\n\t\t\t<div class=\"elementor-widget-wrap elementor-element-populated\">\n\t\t\t\t\t\t<div class=\"elementor-element elementor-element-486013c elementor-widget elementor-widget-wp-widget-text\" data-id=\"486013c\" data-element_type=\"widget\" data-widget_type=\"wp-widget-text.default\">\n\t\t\t\t<div class=\"elementor-widget-container\">\n\t\t\t<h5>DESIGN + ARTE, CI\u00caNCIA E TECNOLOGIA: CONEX\u00d5ES TE\u00d3RICO-PR\u00c1TICAS<\/h5>\t\t\t<div class=\"textwidget\"><\/div>\n\t\t\t\t<\/div>\n\t\t\t\t<\/div>\n\t\t\t\t\t<\/div>\n\t\t<\/div>\n\t\t\t\t\t<\/div>\n\t\t<\/section>\n\t\t\t\t<section class=\"elementor-section elementor-top-section elementor-element elementor-element-cf99414 elementor-section-boxed elementor-section-height-default elementor-section-height-default\" data-id=\"cf99414\" data-element_type=\"section\">\n\t\t\t\t\t\t<div class=\"elementor-container elementor-column-gap-default\">\n\t\t\t\t\t<div class=\"elementor-column elementor-col-100 elementor-top-column elementor-element elementor-element-7ff897a\" data-id=\"7ff897a\" data-element_type=\"column\">\n\t\t\t<div class=\"elementor-widget-wrap elementor-element-populated\">\n\t\t\t\t\t\t<section class=\"elementor-section elementor-inner-section elementor-element elementor-element-a16f402 elementor-section-boxed elementor-section-height-default elementor-section-height-default\" data-id=\"a16f402\" data-element_type=\"section\">\n\t\t\t\t\t\t<div class=\"elementor-container elementor-column-gap-default\">\n\t\t\t\t\t<div class=\"elementor-column elementor-col-50 elementor-inner-column elementor-element elementor-element-fd232ab\" data-id=\"fd232ab\" data-element_type=\"column\">\n\t\t\t<div class=\"elementor-widget-wrap elementor-element-populated\">\n\t\t\t\t\t\t<div class=\"elementor-element elementor-element-7a5fcd2 elementor-widget elementor-widget-image\" data-id=\"7a5fcd2\" data-element_type=\"widget\" data-widget_type=\"image.default\">\n\t\t\t\t<div class=\"elementor-widget-container\">\n\t\t\t\t\t\t\t\t\t\t\t\t\t<img fetchpriority=\"high\" decoding=\"async\" width=\"455\" height=\"643\" src=\"https:\/\/www.ufsm.br\/app\/uploads\/sites\/740\/2018\/01\/design_.png\" class=\"attachment-large size-large wp-image-43\" alt=\"design\" srcset=\"https:\/\/www.ufsm.br\/app\/uploads\/sites\/740\/2018\/01\/design_.png 455w, https:\/\/www.ufsm.br\/app\/uploads\/sites\/740\/2018\/01\/design_-212x300.png 212w\" sizes=\"(max-width: 455px) 100vw, 455px\" \/>\t\t\t\t\t\t\t\t\t\t\t\t\t<\/div>\n\t\t\t\t<\/div>\n\t\t\t\t\t<\/div>\n\t\t<\/div>\n\t\t\t\t<div class=\"elementor-column elementor-col-50 elementor-inner-column elementor-element elementor-element-b8046c8\" data-id=\"b8046c8\" data-element_type=\"column\">\n\t\t\t<div class=\"elementor-widget-wrap elementor-element-populated\">\n\t\t\t\t\t\t<div class=\"elementor-element elementor-element-32441df elementor-widget elementor-widget-text-editor\" data-id=\"32441df\" data-element_type=\"widget\" data-widget_type=\"text-editor.default\">\n\t\t\t\t<div class=\"elementor-widget-container\">\n\t\t\t\t\t\t\t<p>A presente publica\u00e7\u00e3o \u00e9 uma reuni\u00e3o de artigos oriundos de algumas das comunica\u00e7\u00f5es que fizeram parte da primeira edi\u00e7\u00e3o do Design+, evento realizado pelo Grupo de Pesquisa Design, Ci\u00eancia e Tecnologia UFSM\/Cnpq e promovido pelo Departamento de Desenho Industrial da UFSM. Cabe registrar aqui o in\u00edcio da hist\u00f3ria desse evento que tem na transdiciplinaridade seu foco.<\/p><p>Nos dias 20, 21 e 22 de junho de 2016, realizamos a primeira edi\u00e7\u00e3o do Design+, com o tema: arte|ci\u00eancia|tecnologia. O evento aconteceu entre o audit\u00f3rio do Anexo C do CT (Centro de Tecnologia), o pr\u00e9dio 40 CAL e o Planet\u00e1rio, nas depend\u00eancias da UFSM. Palestras e Mesas redondas aconteceram no Anexo C do CT e versavam sobre as rela\u00e7\u00f5es entre Design, arte, ci\u00eancia e tecnologia, oportunizando trocas entre professores do Desenho Industrial, Eletr\u00f4nica e Computa\u00e7\u00e3o, Artes Visuais, Fisioterapia, Terapia Ocupacional, Ci\u00eancias Sociais, integrando-se com outras institui\u00e7\u00f5es nacionais e internacionais. A organiza\u00e7\u00e3o do evento \u00e9 uma parceiria com a UEMG e o SAD (Semin\u00e1rio de Artes Digitais), mas em 2016 mantece um foco conectivo com a UFRGS, e, internacionalmente, com a ESAT (Escola Superior de Arte e Tecnologia de Val\u00eancia). Profissionais atuantes no mercado ainda contavam suas<br \/>experi\u00eancias.<\/p><p><em>Fonte: Apresenta\u00e7\u00e3o D\u00e9bora Aita Gasparetto<\/em><\/p>\t\t\t\t\t\t<\/div>\n\t\t\t\t<\/div>\n\t\t\t\t\t<\/div>\n\t\t<\/div>\n\t\t\t\t\t<\/div>\n\t\t<\/section>\n\t\t\t\t\t<\/div>\n\t\t<\/div>\n\t\t\t\t\t<\/div>\n\t\t<\/section>\n\t\t\t\t<\/div>\n\t\t","protected":false},"excerpt":{"rendered":"<p>A presente publica\u00e7\u00e3o \u00e9 uma reuni\u00e3o de artigos oriundos de algumas das comunica\u00e7\u00f5es que fizeram parte da primeira edi\u00e7\u00e3o do Design+, evento realizado pelo Grupo de Pesquisa Design, Ci\u00eancia e Tecnologia UFSM\/Cnpq e promovido pelo Departamento de Desenho Industrial da UFSM. Cabe registrar aqui o in\u00edcio da hist\u00f3ria desse evento que tem na transdiciplinaridade seu [&hellip;]<\/p>\n","protected":false},"author":1413,"featured_media":0,"parent":0,"menu_order":0,"comment_status":"closed","ping_status":"closed","template":"","meta":{"footnotes":""},"categories":[],"tags":[],"class_list":["post-107","page","type-page","status-publish","hentry"],"acf":[],"_links":{"self":[{"href":"https:\/\/www.ufsm.br\/editoras\/editorappgart\/wp-json\/wp\/v2\/pages\/107","targetHints":{"allow":["GET"]}}],"collection":[{"href":"https:\/\/www.ufsm.br\/editoras\/editorappgart\/wp-json\/wp\/v2\/pages"}],"about":[{"href":"https:\/\/www.ufsm.br\/editoras\/editorappgart\/wp-json\/wp\/v2\/types\/page"}],"author":[{"embeddable":true,"href":"https:\/\/www.ufsm.br\/editoras\/editorappgart\/wp-json\/wp\/v2\/users\/1413"}],"replies":[{"embeddable":true,"href":"https:\/\/www.ufsm.br\/editoras\/editorappgart\/wp-json\/wp\/v2\/comments?post=107"}],"version-history":[{"count":0,"href":"https:\/\/www.ufsm.br\/editoras\/editorappgart\/wp-json\/wp\/v2\/pages\/107\/revisions"}],"wp:attachment":[{"href":"https:\/\/www.ufsm.br\/editoras\/editorappgart\/wp-json\/wp\/v2\/media?parent=107"}],"wp:term":[{"taxonomy":"category","embeddable":true,"href":"https:\/\/www.ufsm.br\/editoras\/editorappgart\/wp-json\/wp\/v2\/categories?post=107"},{"taxonomy":"post_tag","embeddable":true,"href":"https:\/\/www.ufsm.br\/editoras\/editorappgart\/wp-json\/wp\/v2\/tags?post=107"}],"curies":[{"name":"wp","href":"https:\/\/api.w.org\/{rel}","templated":true}]}}