{"id":116,"date":"2021-12-10T10:38:11","date_gmt":"2021-12-10T13:38:11","guid":{"rendered":"https:\/\/www.ufsm.br\/editoras\/editoraufsm\/?post_type=eventos&#038;p=116"},"modified":"2021-12-10T12:02:06","modified_gmt":"2021-12-10T15:02:06","slug":"https-www-youtube-com-channel-ucmksz00h2kytqgnkwwph2ea","status":"publish","type":"eventos","link":"https:\/\/www.ufsm.br\/editoras\/editoraufsm\/eventos\/https-www-youtube-com-channel-ucmksz00h2kytqgnkwwph2ea","parent":0,"template":"","tags":[],"class_list":["post-116","eventos","type-eventos","status-publish","has-post-thumbnail","hentry"],"acf":{"evento_nome":"Publica\u00e7\u00e3o Cient\u00edfica: dos motivos aos meios, com Gilson Volpato, marca o lan\u00e7amento da revista Estilo Editorial","evento_inicio":"15\/12\/2021 09:30","evento_termino":"15\/12\/2021 11:30","evento_banner":{"ID":119,"id":119,"title":"curso site","filename":"curso-site-1.jpg","filesize":210723,"url":"https:\/\/www.ufsm.br\/app\/uploads\/sites\/756\/2021\/12\/curso-site-1.jpg","link":"https:\/\/www.ufsm.br\/editoras\/editoraufsm\/eventos\/https-www-youtube-com-channel-ucmksz00h2kytqgnkwwph2ea\/curso-site","alt":"","author":"4998","description":"","caption":"","name":"curso-site","status":"inherit","uploaded_to":116,"date":"2021-12-10 14:52:04","modified":"2021-12-10 14:52:04","menu_order":0,"mime_type":"image\/jpeg","type":"image","subtype":"jpeg","icon":"https:\/\/www.ufsm.br\/editoras\/editoraufsm\/wp-includes\/images\/media\/default.png","width":1200,"height":444,"sizes":{"thumbnail":"https:\/\/www.ufsm.br\/app\/uploads\/sites\/756\/2021\/12\/curso-site-1-150x150.jpg","thumbnail-width":150,"thumbnail-height":150,"medium":"https:\/\/www.ufsm.br\/app\/uploads\/sites\/756\/2021\/12\/curso-site-1-300x111.jpg","medium-width":300,"medium-height":111,"medium_large":"https:\/\/www.ufsm.br\/app\/uploads\/sites\/756\/2021\/12\/curso-site-1-768x284.jpg","medium_large-width":768,"medium_large-height":284,"large":"https:\/\/www.ufsm.br\/app\/uploads\/sites\/756\/2021\/12\/curso-site-1-1024x379.jpg","large-width":1024,"large-height":379,"1536x1536":"https:\/\/www.ufsm.br\/app\/uploads\/sites\/756\/2021\/12\/curso-site-1.jpg","1536x1536-width":1200,"1536x1536-height":444,"2048x2048":"https:\/\/www.ufsm.br\/app\/uploads\/sites\/756\/2021\/12\/curso-site-1.jpg","2048x2048-width":1200,"2048x2048-height":444,"sow-carousel-default":"https:\/\/www.ufsm.br\/app\/uploads\/sites\/756\/2021\/12\/curso-site-1-272x182.jpg","sow-carousel-default-width":272,"sow-carousel-default-height":182}},"endereco_url":"https-www-youtube-com-channel-ucmksz00h2kytqgnkwwph2ea","evento_categoria":"T\u00c9CNICO-CIENT\u00cdFICOS","evento_descricao":"<p><span style=\"font-family: Arial\">A realiza\u00e7\u00e3o do curso &#8220;<\/span>Publica\u00e7\u00e3o Cient\u00edfica: dos motivos aos meios&#8221; que ocorre na pr\u00f3xima semana, marca o lan\u00e7amento da revista Estilo Editorial.\u00a0O lan\u00e7amento da 8\u00aa edi\u00e7\u00e3o da publica\u00e7\u00e3o ocorrer\u00e1 no dia 15 de dezembro \u00e0s 9h30min.<\/p>\n<p dir=\"ltr\">A nova edi\u00e7\u00e3o abordar\u00e1 temas relacionados ao meio editorial e contar\u00e1 com mat\u00e9rias que versam sobre como descomplicar obras cl\u00e1ssicas para atrair mais e novos leitores, o mercado de tradu\u00e7\u00e3o de livros de l\u00ednguas estrangeiras, os caminhos para se tornar um escritor, mat\u00e9rias sobre obras publicadas este ano pela editora, e uma entrevista com o professor Daniel de Arruda Coronel, que se despede da dire\u00e7\u00e3o da Editora ao final de 2021.<\/p>\n<p dir=\"ltr\">Ap\u00f3s o lan\u00e7amento da revista, ocorrer\u00e1 uma palestra com Gilson Volpato, refer\u00eancia nacional na reda\u00e7\u00e3o cient\u00edfica. A apresenta\u00e7\u00e3o ter\u00e1 como t\u00edtulo \u201cPublica\u00e7\u00e3o Cient\u00edfica: dos motivos aos meios\u201d e tem previs\u00e3o para come\u00e7ar \u00e0s 10h. Ao final, ser\u00e3o dados 30 minutos para perguntas. O evento \u00e9 gratuito e com transmiss\u00e3o ao vivo pelas p\u00e1ginas da Editora UFSM no <a href=\"https:\/\/www.facebook.com\/editoraufsm\" target=\"_blank\" rel=\"noopener\" data-saferedirecturl=\"https:\/\/www.google.com\/url?q=https:\/\/www.facebook.com\/editoraufsm&amp;source=gmail&amp;ust=1639227320929000&amp;usg=AOvVaw1Nh8SH1OqxCIL-WHm9dq6h\">Facebook<\/a> e <a href=\"https:\/\/www.youtube.com\/channel\/UCmKSZ00H2KytQGNKwWPH2eA\" target=\"_blank\" rel=\"noopener\" data-saferedirecturl=\"https:\/\/www.google.com\/url?q=https:\/\/www.youtube.com\/channel\/UCmKSZ00H2KytQGNKwWPH2eA&amp;source=gmail&amp;ust=1639227320929000&amp;usg=AOvVaw2k4vsZ-5vJMGCGnNEwnRpd\">Youtube<\/a>.<\/p>\n","evento_programacao":null,"evento_inscricao":null,"evento_local":"Evento online. Transmiss\u00e3o pelo youtube e facebook, atrav\u00e9s das p\u00e1ginas da Editora UFSM.","evento_contato":"<p>comunicacao.editora@ufsm.br<\/p>\n<p>3220 8610<\/p>\n"},"_links":{"self":[{"href":"https:\/\/www.ufsm.br\/editoras\/editoraufsm\/wp-json\/wp\/v2\/eventos\/116","targetHints":{"allow":["GET"]}}],"collection":[{"href":"https:\/\/www.ufsm.br\/editoras\/editoraufsm\/wp-json\/wp\/v2\/eventos"}],"about":[{"href":"https:\/\/www.ufsm.br\/editoras\/editoraufsm\/wp-json\/wp\/v2\/types\/eventos"}],"wp:featuredmedia":[{"embeddable":true,"href":"https:\/\/www.ufsm.br\/editoras\/editoraufsm\/wp-json\/wp\/v2\/media\/119"}],"wp:attachment":[{"href":"https:\/\/www.ufsm.br\/editoras\/editoraufsm\/wp-json\/wp\/v2\/media?parent=116"}],"wp:term":[{"taxonomy":"post_tag","embeddable":true,"href":"https:\/\/www.ufsm.br\/editoras\/editoraufsm\/wp-json\/wp\/v2\/tags?post=116"}],"curies":[{"name":"wp","href":"https:\/\/api.w.org\/{rel}","templated":true}]}}

Publicação Científica: dos motivos aos meios, com Gilson Volpato, marca o lançamento da revista Estilo Editorial

TÉCNICO-CIENTÍFICOS

<p><span style="font-family: Arial">A realização do curso &#8220;</span>Publicação Científica: dos motivos aos meios&#8221; que ocorre na próxima semana, marca o lançamento da revista Estilo Editorial. O lançamento da 8ª edição da publicação ocorrerá no dia 15 de dezembro às 9h30min.</p>
<p dir="ltr">A nova edição abordará temas relacionados ao meio editorial e contará com matérias que versam sobre como descomplicar obras clássicas para atrair mais e novos leitores, o mercado de tradução de livros de línguas estrangeiras, os caminhos para se tornar um escritor, matérias sobre obras publicadas este ano pela editora, e uma entrevista com o professor Daniel de Arruda Coronel, que se despede da direção da Editora ao final de 2021.</p>
<p dir="ltr">Após o lançamento da revista, ocorrerá uma palestra com Gilson Volpato, referência nacional na redação científica. A apresentação terá como título “Publicação Científica: dos motivos aos meios” e tem previsão para começar às 10h. Ao final, serão dados 30 minutos para perguntas. O evento é gratuito e com transmissão ao vivo pelas páginas da Editora UFSM no <a href="https://www.facebook.com/editoraufsm" target="_blank" rel="noopener" data-saferedirecturl="https://www.google.com/url?q=https://www.facebook.com/editoraufsm&amp;source=gmail&amp;ust=1639227320929000&amp;usg=AOvVaw1Nh8SH1OqxCIL-WHm9dq6h">Facebook</a> e <a href="https://www.youtube.com/channel/UCmKSZ00H2KytQGNKwWPH2eA" target="_blank" rel="noopener" data-saferedirecturl="https://www.google.com/url?q=https://www.youtube.com/channel/UCmKSZ00H2KytQGNKwWPH2eA&amp;source=gmail&amp;ust=1639227320929000&amp;usg=AOvVaw2k4vsZ-5vJMGCGnNEwnRpd">Youtube</a>.</p>

Evento online. Transmissão pelo youtube e facebook, através das páginas da Editora UFSM.
