{"id":47,"date":"2019-09-06T15:14:41","date_gmt":"2019-09-06T18:14:41","guid":{"rendered":"https:\/\/www.ufsm.br\/editoras\/editoraufsm\/?page_id=47"},"modified":"2019-09-06T15:14:43","modified_gmt":"2019-09-06T18:14:43","slug":"sobre","status":"publish","type":"page","link":"https:\/\/www.ufsm.br\/editoras\/editoraufsm\/sobre","title":{"rendered":"Sobre"},"content":{"rendered":"\n<p><\/p>\n<p>A Editora da Universidade Federal de Santa Maria (UFSM) foi criada em outubro de 1981 e, ao longo de sua exist\u00eancia, passou por algumas mudan\u00e7as provindas das diferentes gest\u00f5es e dos avan\u00e7os tecnol\u00f3gicos. Este processo de reorganiza\u00e7\u00e3o se deu por meio da cria\u00e7\u00e3o de instrumentos essenciais para o funcionamento das atividades de uma Editora, como, por exemplo, um Regimento Interno, um Conselho Editorial e uma Pol\u00edtica Editorial. O Regimento Interno foi aprovado pelo Conselho Universit\u00e1rio, em 1994, possibilitando a cria\u00e7\u00e3o do Conselho Editorial.<\/p>\n<p>A Editora da UFSM tem por finalidade implantar e executar a pol\u00edtica editorial da Institui\u00e7\u00e3o. Sendo assim, cabe \u00e0 Editora incentivar a produ\u00e7\u00e3o cient\u00edfica da UFSM e da sua regi\u00e3o de influ\u00eancia; editar, coeditar e divulgar os trabalhos que interessem \u00e0s atividades de ensino, pesquisa e extens\u00e3o nos diversos campos do conhecimento; promover o interc\u00e2mbio bibliogr\u00e1fico com outras unidades, bibliotecas e entidades similares; manter postos de venda permanentes e ocasionais, com a finalidade de facilitar \u00e0 comunidade acad\u00eamica e aos demais interessados o acesso ao material publicado. Portanto, cabe \u00e0 Editora desenvolver esfor\u00e7os com vistas \u00e0 edi\u00e7\u00e3o e divulga\u00e7\u00e3o de trabalhos que interessem ao exerc\u00edcio das atividades de ensino, pesquisa e extens\u00e3o nos diversos campos do conhecimento ou que sejam relevantes ao progresso socioecon\u00f4mico e cultural das comunidades regionais e mesmo do pa\u00eds.<\/p>\n<p>\u00a0<\/p>\n<p> <\/p>\n<ul class=\"wp-block-gallery columns-3 is-cropped wp-block-gallery-1 is-layout-flex wp-block-gallery-is-layout-flex\">\n<li class=\"blocks-gallery-item\">\n<figure><img fetchpriority=\"high\" decoding=\"async\" width=\"810\" height=\"536\" class=\"wp-image-43\" src=\"https:\/\/www.ufsm.br\/editoras\/editoraufsm\/wp-content\/uploads\/sites\/756\/2019\/09\/estrutura_03-1.jpg\" alt=\"\" data-id=\"43\" data-link=\"https:\/\/www.ufsm.br\/editoras\/editoraufsm\/sobre\/estrutura_03-1\/\" srcset=\"https:\/\/www.ufsm.br\/app\/uploads\/sites\/756\/2019\/09\/estrutura_03-1.jpg 810w, https:\/\/www.ufsm.br\/app\/uploads\/sites\/756\/2019\/09\/estrutura_03-1-300x199.jpg 300w, https:\/\/www.ufsm.br\/app\/uploads\/sites\/756\/2019\/09\/estrutura_03-1-768x508.jpg 768w\" sizes=\"(max-width: 810px) 100vw, 810px\" \/><\/figure>\n<\/li>\n<li class=\"blocks-gallery-item\">\n<figure><img decoding=\"async\" width=\"800\" height=\"530\" class=\"wp-image-42\" src=\"https:\/\/www.ufsm.br\/editoras\/editoraufsm\/wp-content\/uploads\/sites\/756\/2019\/09\/DSC_0452.jpg\" alt=\"\" data-id=\"42\" data-link=\"https:\/\/www.ufsm.br\/editoras\/editoraufsm\/sobre\/dsc_0452\/\" srcset=\"https:\/\/www.ufsm.br\/app\/uploads\/sites\/756\/2019\/09\/DSC_0452.jpg 800w, https:\/\/www.ufsm.br\/app\/uploads\/sites\/756\/2019\/09\/DSC_0452-300x199.jpg 300w, https:\/\/www.ufsm.br\/app\/uploads\/sites\/756\/2019\/09\/DSC_0452-768x509.jpg 768w\" sizes=\"(max-width: 800px) 100vw, 800px\" \/><\/figure>\n<\/li>\n<li class=\"blocks-gallery-item\">\n<figure><img decoding=\"async\" width=\"800\" height=\"530\" class=\"wp-image-41\" src=\"https:\/\/www.ufsm.br\/editoras\/editoraufsm\/wp-content\/uploads\/sites\/756\/2019\/09\/DSC_0443.jpg\" alt=\"\" data-id=\"41\" data-link=\"https:\/\/www.ufsm.br\/editoras\/editoraufsm\/sobre\/dsc_0443\/\" srcset=\"https:\/\/www.ufsm.br\/app\/uploads\/sites\/756\/2019\/09\/DSC_0443.jpg 800w, https:\/\/www.ufsm.br\/app\/uploads\/sites\/756\/2019\/09\/DSC_0443-300x199.jpg 300w, https:\/\/www.ufsm.br\/app\/uploads\/sites\/756\/2019\/09\/DSC_0443-768x509.jpg 768w\" sizes=\"(max-width: 800px) 100vw, 800px\" \/><\/figure>\n<\/li>\n<li class=\"blocks-gallery-item\">\n<figure><img loading=\"lazy\" decoding=\"async\" width=\"800\" height=\"530\" class=\"wp-image-40\" src=\"https:\/\/www.ufsm.br\/editoras\/editoraufsm\/wp-content\/uploads\/sites\/756\/2019\/09\/DSC_0435.jpg\" alt=\"\" data-id=\"40\" data-link=\"https:\/\/www.ufsm.br\/editoras\/editoraufsm\/sobre\/dsc_0435\/\" srcset=\"https:\/\/www.ufsm.br\/app\/uploads\/sites\/756\/2019\/09\/DSC_0435.jpg 800w, https:\/\/www.ufsm.br\/app\/uploads\/sites\/756\/2019\/09\/DSC_0435-300x199.jpg 300w, https:\/\/www.ufsm.br\/app\/uploads\/sites\/756\/2019\/09\/DSC_0435-768x509.jpg 768w\" sizes=\"(max-width: 800px) 100vw, 800px\" \/><\/figure>\n<\/li>\n<\/ul>\n<p> <\/p>\n<figure class=\"wp-block-video\"><\/figure>\n<p><\/p>\n\n\n\n<figure class=\"wp-block-video\"><video controls src=\"http:\/\/web.archive.org\/web\/20161122063044\/https:\/\/youtu.be\/_2Sfod4cwp4\"><\/video><\/figure>\n","protected":false},"excerpt":{"rendered":"","protected":false},"author":723,"featured_media":0,"parent":0,"menu_order":0,"comment_status":"closed","ping_status":"closed","template":"","meta":{"footnotes":""},"categories":[],"tags":[],"class_list":["post-47","page","type-page","status-publish","hentry"],"acf":[],"_links":{"self":[{"href":"https:\/\/www.ufsm.br\/editoras\/editoraufsm\/wp-json\/wp\/v2\/pages\/47","targetHints":{"allow":["GET"]}}],"collection":[{"href":"https:\/\/www.ufsm.br\/editoras\/editoraufsm\/wp-json\/wp\/v2\/pages"}],"about":[{"href":"https:\/\/www.ufsm.br\/editoras\/editoraufsm\/wp-json\/wp\/v2\/types\/page"}],"author":[{"embeddable":true,"href":"https:\/\/www.ufsm.br\/editoras\/editoraufsm\/wp-json\/wp\/v2\/users\/723"}],"replies":[{"embeddable":true,"href":"https:\/\/www.ufsm.br\/editoras\/editoraufsm\/wp-json\/wp\/v2\/comments?post=47"}],"version-history":[{"count":0,"href":"https:\/\/www.ufsm.br\/editoras\/editoraufsm\/wp-json\/wp\/v2\/pages\/47\/revisions"}],"wp:attachment":[{"href":"https:\/\/www.ufsm.br\/editoras\/editoraufsm\/wp-json\/wp\/v2\/media?parent=47"}],"wp:term":[{"taxonomy":"category","embeddable":true,"href":"https:\/\/www.ufsm.br\/editoras\/editoraufsm\/wp-json\/wp\/v2\/categories?post=47"},{"taxonomy":"post_tag","embeddable":true,"href":"https:\/\/www.ufsm.br\/editoras\/editoraufsm\/wp-json\/wp\/v2\/tags?post=47"}],"curies":[{"name":"wp","href":"https:\/\/api.w.org\/{rel}","templated":true}]}}