{"id":188,"date":"2021-06-04T12:05:30","date_gmt":"2021-06-04T15:05:30","guid":{"rendered":"https:\/\/www.ufsm.br\/editoras\/facos\/?page_id=188"},"modified":"2021-06-04T12:07:44","modified_gmt":"2021-06-04T15:07:44","slug":"odontologia-em-tempos-de-covid-19-novo-universo-dos-atendimentos-em-saude","status":"publish","type":"page","link":"https:\/\/www.ufsm.br\/editoras\/facos\/odontologia-em-tempos-de-covid-19-novo-universo-dos-atendimentos-em-saude","title":{"rendered":"Odontologia em tempos de COVID-19 &#8211; novo universo dos atendimentos em sa\u00fade"},"content":{"rendered":"\t\t<div data-elementor-type=\"wp-page\" data-elementor-id=\"188\" class=\"elementor elementor-188\">\n\t\t\t\t\t\t<section class=\"elementor-section elementor-top-section elementor-element elementor-element-7df69857 elementor-section-boxed elementor-section-height-default elementor-section-height-default\" data-id=\"7df69857\" data-element_type=\"section\">\n\t\t\t\t\t\t<div class=\"elementor-container elementor-column-gap-default\">\n\t\t\t\t\t<div class=\"elementor-column elementor-col-100 elementor-top-column elementor-element elementor-element-1954fe74\" data-id=\"1954fe74\" data-element_type=\"column\">\n\t\t\t<div class=\"elementor-widget-wrap elementor-element-populated\">\n\t\t\t\t\t\t<div class=\"elementor-element elementor-element-5ac701b4 elementor-widget elementor-widget-text-editor\" data-id=\"5ac701b4\" data-element_type=\"widget\" data-widget_type=\"text-editor.default\">\n\t\t\t\t<div class=\"elementor-widget-container\">\n\t\t\t\t\t\t\t<h1>Odontologia em tempos de COVID-19 &#8211; novo universo dos atendimentos em sa\u00fade<\/h1><h6>Angela Ruviaro Busanello-Stella, Aline Munekata Gon\u00e7alves, Jo\u00e3o Alberto de Almeida Gon\u00e7alves, Mariana da Silva Corr\u00eaa, Vit\u00f3ria Bertoncello Barboza e Mariana Marquezan. (organizadores)<\/h6>\t\t\t\t\t\t<\/div>\n\t\t\t\t<\/div>\n\t\t\t\t<section class=\"elementor-section elementor-inner-section elementor-element elementor-element-5310afc6 elementor-hidden-tablet elementor-section-boxed elementor-section-height-default elementor-section-height-default\" data-id=\"5310afc6\" data-element_type=\"section\">\n\t\t\t\t\t\t<div class=\"elementor-container elementor-column-gap-default\">\n\t\t\t\t\t<div class=\"elementor-column elementor-col-50 elementor-inner-column elementor-element elementor-element-ab7249b\" data-id=\"ab7249b\" data-element_type=\"column\">\n\t\t\t<div class=\"elementor-widget-wrap elementor-element-populated\">\n\t\t\t\t\t\t<div class=\"elementor-element elementor-element-30dd055c elementor-widget elementor-widget-text-editor\" data-id=\"30dd055c\" data-element_type=\"widget\" data-widget_type=\"text-editor.default\">\n\t\t\t\t<div class=\"elementor-widget-container\">\n\t\t\t\t\t\t\t<figure id=\"attachment_233\" aria-describedby=\"caption-attachment-233\" style=\"width: 169px\" class=\"wp-caption aligncenter\"><img fetchpriority=\"high\" decoding=\"async\" class=\"size-medium wp-image-233\" src=\"https:\/\/www.ufsm.br\/app\/uploads\/sites\/746\/2021\/06\/Odontologia-em-tempos-de-COVID-19-capa-169x300.jpg\" alt=\"\" width=\"169\" height=\"300\" srcset=\"https:\/\/www.ufsm.br\/app\/uploads\/sites\/746\/2021\/06\/Odontologia-em-tempos-de-COVID-19-capa-169x300.jpg 169w, https:\/\/www.ufsm.br\/app\/uploads\/sites\/746\/2021\/06\/Odontologia-em-tempos-de-COVID-19-capa-576x1024.jpg 576w, https:\/\/www.ufsm.br\/app\/uploads\/sites\/746\/2021\/06\/Odontologia-em-tempos-de-COVID-19-capa.jpg 750w\" sizes=\"(max-width: 169px) 100vw, 169px\" \/><figcaption id=\"caption-attachment-233\" class=\"wp-caption-text\">Odontologia em tempos de COVID-19<\/figcaption><\/figure>\t\t\t\t\t\t<\/div>\n\t\t\t\t<\/div>\n\t\t\t\t\t<\/div>\n\t\t<\/div>\n\t\t\t\t<div class=\"elementor-column elementor-col-50 elementor-inner-column elementor-element elementor-element-59a3bf34\" data-id=\"59a3bf34\" data-element_type=\"column\">\n\t\t\t<div class=\"elementor-widget-wrap elementor-element-populated\">\n\t\t\t\t\t\t<div class=\"elementor-element elementor-element-260edd9c elementor-widget elementor-widget-text-editor\" data-id=\"260edd9c\" data-element_type=\"widget\" data-widget_type=\"text-editor.default\">\n\t\t\t\t<div class=\"elementor-widget-container\">\n\t\t\t\t\t\t\t<div class=\"simple-item-view-description item-page-field-wrapper table\"><div>A obra trata das adapta\u00e7\u00f5es necess\u00e1rias \u00e0s novas rotinas dos atendimentos odontol\u00f3gicos, impostas pela Pandemia de COVID-19. A hist\u00f3ria mostra a prepara\u00e7\u00e3o e o que mudou no atendimento odontol\u00f3gico de Miguel, um menino de 6 anos, que est\u00e1 muito ansioso para ver como Ol\u00edmpio, seu dentista o espera.<\/div><\/div><div class=\"simple-item-view-uri item-page-field-wrapper table\">\u00a0<\/div>\t\t\t\t\t\t<\/div>\n\t\t\t\t<\/div>\n\t\t\t\t\t<\/div>\n\t\t<\/div>\n\t\t\t\t\t<\/div>\n\t\t<\/section>\n\t\t\t\t<div class=\"elementor-element elementor-element-438065ba elementor-hidden-desktop elementor-hidden-phone elementor-widget elementor-widget-text-editor\" data-id=\"438065ba\" data-element_type=\"widget\" data-widget_type=\"text-editor.default\">\n\t\t\t\t<div class=\"elementor-widget-container\">\n\t\t\t\t\t\t\t<div class=\"simple-item-view-description item-page-field-wrapper table\"><div><figure id=\"attachment_233\" aria-describedby=\"caption-attachment-233\" style=\"width: 169px\" class=\"wp-caption aligncenter\"><img fetchpriority=\"high\" decoding=\"async\" class=\"size-medium wp-image-233\" src=\"https:\/\/www.ufsm.br\/app\/uploads\/sites\/746\/2021\/06\/Odontologia-em-tempos-de-COVID-19-capa-169x300.jpg\" alt=\"\" width=\"169\" height=\"300\" srcset=\"https:\/\/www.ufsm.br\/app\/uploads\/sites\/746\/2021\/06\/Odontologia-em-tempos-de-COVID-19-capa-169x300.jpg 169w, https:\/\/www.ufsm.br\/app\/uploads\/sites\/746\/2021\/06\/Odontologia-em-tempos-de-COVID-19-capa-576x1024.jpg 576w, https:\/\/www.ufsm.br\/app\/uploads\/sites\/746\/2021\/06\/Odontologia-em-tempos-de-COVID-19-capa.jpg 750w\" sizes=\"(max-width: 169px) 100vw, 169px\" \/><figcaption id=\"caption-attachment-233\" class=\"wp-caption-text\">Odontologia em tempos de COVID-19<\/figcaption><\/figure>A obra trata das adapta\u00e7\u00f5es necess\u00e1rias \u00e0s novas rotinas dos atendimentos odontol\u00f3gicos, impostas pela Pandemia de COVID-19. A hist\u00f3ria mostra a prepara\u00e7\u00e3o e o que mudou no atendimento odontol\u00f3gico de Miguel, um menino de 6 anos, que est\u00e1 muito ansioso para ver como Ol\u00edmpio, seu dentista o espera.<\/div><\/div><div class=\"simple-item-view-uri item-page-field-wrapper table\">\u00a0<\/div>\t\t\t\t\t\t<\/div>\n\t\t\t\t<\/div>\n\t\t\t\t<div class=\"elementor-element elementor-element-7fcc95fa elementor-widget elementor-widget-heading\" data-id=\"7fcc95fa\" data-element_type=\"widget\" data-widget_type=\"heading.default\">\n\t\t\t\t<div class=\"elementor-widget-container\">\n\t\t\t<h4 class=\"elementor-heading-title elementor-size-default\">Acesso \u00e0 obra<\/h4>\t\t<\/div>\n\t\t\t\t<\/div>\n\t\t\t\t\t<\/div>\n\t\t<\/div>\n\t\t\t\t\t<\/div>\n\t\t<\/section>\n\t\t\t\t<section class=\"elementor-section elementor-top-section elementor-element elementor-element-131f6eae elementor-section-boxed elementor-section-height-default elementor-section-height-default\" data-id=\"131f6eae\" data-element_type=\"section\">\n\t\t\t\t\t\t<div class=\"elementor-container elementor-column-gap-default\">\n\t\t\t\t\t<div class=\"elementor-column elementor-col-25 elementor-top-column elementor-element elementor-element-36271ab9\" data-id=\"36271ab9\" data-element_type=\"column\">\n\t\t\t<div class=\"elementor-widget-wrap\">\n\t\t\t\t\t\t\t<\/div>\n\t\t<\/div>\n\t\t\t\t<div class=\"elementor-column elementor-col-25 elementor-top-column elementor-element elementor-element-10c86c26\" data-id=\"10c86c26\" data-element_type=\"column\">\n\t\t\t<div class=\"elementor-widget-wrap elementor-element-populated\">\n\t\t\t\t\t\t<div class=\"elementor-element elementor-element-2fbe3af1 elementor-align-center elementor-widget elementor-widget-button\" data-id=\"2fbe3af1\" data-element_type=\"widget\" data-widget_type=\"button.default\">\n\t\t\t\t<div class=\"elementor-widget-container\">\n\t\t\t\t\t\t\t<div class=\"elementor-button-wrapper\">\n\t\t\t\t\t<a class=\"elementor-button elementor-button-link elementor-size-md\" href=\"https:\/\/repositorio.ufsm.br\/bitstream\/handle\/1\/20001\/Cartilha%20Odonto%20Finalizada%20com%20ISBN.pdf?sequence=1&#038;isAllowed=y\">\n\t\t\t\t\t\t<span class=\"elementor-button-content-wrapper\">\n\t\t\t\t\t\t\t\t\t<span class=\"elementor-button-text\">Vers\u00e3o PDF<\/span>\n\t\t\t\t\t<\/span>\n\t\t\t\t\t<\/a>\n\t\t\t\t<\/div>\n\t\t\t\t\t\t<\/div>\n\t\t\t\t<\/div>\n\t\t\t\t\t<\/div>\n\t\t<\/div>\n\t\t\t\t<div class=\"elementor-column elementor-col-25 elementor-top-column elementor-element elementor-element-2165d0d8\" data-id=\"2165d0d8\" data-element_type=\"column\">\n\t\t\t<div class=\"elementor-widget-wrap elementor-element-populated\">\n\t\t\t\t\t\t<div class=\"elementor-element elementor-element-2c8773de elementor-align-center elementor-widget elementor-widget-button\" data-id=\"2c8773de\" data-element_type=\"widget\" data-widget_type=\"button.default\">\n\t\t\t\t<div class=\"elementor-widget-container\">\n\t\t\t\t\t\t\t<div class=\"elementor-button-wrapper\">\n\t\t\t\t\t<a class=\"elementor-button elementor-button-link elementor-size-md\" href=\"https:\/\/repositorio.ufsm.br\/handle\/1\/20001\">\n\t\t\t\t\t\t<span class=\"elementor-button-content-wrapper\">\n\t\t\t\t\t\t\t\t\t<span class=\"elementor-button-text\">No Manancial<\/span>\n\t\t\t\t\t<\/span>\n\t\t\t\t\t<\/a>\n\t\t\t\t<\/div>\n\t\t\t\t\t\t<\/div>\n\t\t\t\t<\/div>\n\t\t\t\t\t<\/div>\n\t\t<\/div>\n\t\t\t\t<div class=\"elementor-column elementor-col-25 elementor-top-column elementor-element elementor-element-dc32f4b\" data-id=\"dc32f4b\" data-element_type=\"column\">\n\t\t\t<div class=\"elementor-widget-wrap\">\n\t\t\t\t\t\t\t<\/div>\n\t\t<\/div>\n\t\t\t\t\t<\/div>\n\t\t<\/section>\n\t\t\t\t<section class=\"elementor-section elementor-top-section elementor-element elementor-element-8512354 elementor-section-boxed elementor-section-height-default elementor-section-height-default\" data-id=\"8512354\" data-element_type=\"section\">\n\t\t\t\t\t\t<div class=\"elementor-container elementor-column-gap-default\">\n\t\t\t\t\t<div class=\"elementor-column elementor-col-100 elementor-top-column elementor-element elementor-element-5a189ac9\" data-id=\"5a189ac9\" data-element_type=\"column\">\n\t\t\t<div class=\"elementor-widget-wrap elementor-element-populated\">\n\t\t\t\t\t\t<div class=\"elementor-element elementor-element-a508b19 elementor-tabs-alignment-stretch elementor-tabs-view-horizontal elementor-widget elementor-widget-tabs\" data-id=\"a508b19\" data-element_type=\"widget\" data-settings=\"{&quot;_animation&quot;:&quot;none&quot;}\" data-widget_type=\"tabs.default\">\n\t\t\t\t<div class=\"elementor-widget-container\">\n\t\t\t\t\t<div class=\"elementor-tabs\">\n\t\t\t<div class=\"elementor-tabs-wrapper\" role=\"tablist\" >\n\t\t\t\t\t\t\t\t\t<div id=\"elementor-tab-title-1731\" class=\"elementor-tab-title elementor-tab-desktop-title\" aria-selected=\"true\" data-tab=\"1\" role=\"tab\" tabindex=\"0\" aria-controls=\"elementor-tab-content-1731\" aria-expanded=\"false\">Dados da obra<\/div>\n\t\t\t\t\t\t\t\t\t<div id=\"elementor-tab-title-1732\" class=\"elementor-tab-title elementor-tab-desktop-title\" aria-selected=\"false\" data-tab=\"2\" role=\"tab\" tabindex=\"-1\" aria-controls=\"elementor-tab-content-1732\" aria-expanded=\"false\">Autoria<\/div>\n\t\t\t\t\t\t\t\t\t<div id=\"elementor-tab-title-1733\" class=\"elementor-tab-title elementor-tab-desktop-title\" aria-selected=\"false\" data-tab=\"3\" role=\"tab\" tabindex=\"-1\" aria-controls=\"elementor-tab-content-1733\" aria-expanded=\"false\">Licen\u00e7a Creative Commons<\/div>\n\t\t\t\t\t\t\t<\/div>\n\t\t\t<div class=\"elementor-tabs-content-wrapper\" role=\"tablist\" aria-orientation=\"vertical\">\n\t\t\t\t\t\t\t\t\t<div class=\"elementor-tab-title elementor-tab-mobile-title\" aria-selected=\"true\" data-tab=\"1\" role=\"tab\" tabindex=\"0\" aria-controls=\"elementor-tab-content-1731\" aria-expanded=\"false\">Dados da obra<\/div>\n\t\t\t\t\t<div id=\"elementor-tab-content-1731\" class=\"elementor-tab-content elementor-clearfix\" data-tab=\"1\" role=\"tabpanel\" aria-labelledby=\"elementor-tab-title-1731\" tabindex=\"0\" hidden=\"false\"><p><b>Publica\u00e7\u00e3o:<br \/><\/b>2020 \/ 1\u00aa edi\u00e7\u00e3o<br \/>ISBN: 978-65-5773-021-8<\/p><p><b>Refer\u00eancia:<\/b>\u00a0<br \/><span style=\"color: #333333\">BUSANELLO-STELLA, Angela Ruviaro et al. <strong>Odontologia em tempos de COVID-19<\/strong>: novo universo dos atendimentos em sa\u00fade. Santa Maria\/RS: FACOS-UFSM, 2020. 23 p. (Recurso eletr\u00f4nico)<\/span><\/p><\/div>\n\t\t\t\t\t\t\t\t\t<div class=\"elementor-tab-title elementor-tab-mobile-title\" aria-selected=\"false\" data-tab=\"2\" role=\"tab\" tabindex=\"-1\" aria-controls=\"elementor-tab-content-1732\" aria-expanded=\"false\">Autoria<\/div>\n\t\t\t\t\t<div id=\"elementor-tab-content-1732\" class=\"elementor-tab-content elementor-clearfix\" data-tab=\"2\" role=\"tabpanel\" aria-labelledby=\"elementor-tab-title-1732\" tabindex=\"0\" hidden=\"hidden\"><div style=\"color: #333333;font-family: 'Helvetica Neue', Helvetica, Arial, sans-serif;font-size: 14px\"><span style=\"font-family: georgia, palatino, serif;font-size: 12pt\"><b>Autores:<\/b><\/span><\/div><div style=\"color: #333333;font-family: 'Helvetica Neue', Helvetica, Arial, sans-serif;font-size: 14px\"><span style=\"font-family: georgia, palatino, serif;font-size: 12pt\">Angela Ruviaro Busanello-Stella<\/span><br \/><span style=\"font-family: georgia, palatino, serif;font-size: 12pt\">Aline Munekata Gon\u00e7alves<\/span><br \/><span style=\"font-family: georgia, palatino, serif;font-size: 12pt\">Jo\u00e3o Alberto de Almeida Gon\u00e7alves<\/span><br \/><span style=\"font-family: georgia, palatino, serif;font-size: 12pt\">Mariana da Silva Corr\u00eaa<\/span><br \/><span style=\"font-family: georgia, palatino, serif;font-size: 12pt\">Vit\u00f3ria Bertoncello Barboza<\/span><br \/><span style=\"font-family: georgia, palatino, serif;font-size: 12pt\">Mariana Marquezan<\/span><\/div><div>\u00a0<\/div><div><span style=\"font-family: georgia, palatino, serif;font-size: 12pt\"><strong>Ilustra\u00e7\u00f5es:<\/strong><\/span><\/div><div><span style=\"font-family: georgia, palatino, serif;font-size: 12pt\">Vit\u00f3ria Bertoncello Barboza<\/span><\/div><\/div>\n\t\t\t\t\t\t\t\t\t<div class=\"elementor-tab-title elementor-tab-mobile-title\" aria-selected=\"false\" data-tab=\"3\" role=\"tab\" tabindex=\"-1\" aria-controls=\"elementor-tab-content-1733\" aria-expanded=\"false\">Licen\u00e7a Creative Commons<\/div>\n\t\t\t\t\t<div id=\"elementor-tab-content-1733\" class=\"elementor-tab-content elementor-clearfix\" data-tab=\"3\" role=\"tabpanel\" aria-labelledby=\"elementor-tab-title-1733\" tabindex=\"0\" hidden=\"hidden\"><p><span style=\"color: #000000;font-size: 16px\">Esta obra est\u00e1 licenciada sob uma Licen\u00e7a Creative\u00a0Commons Atribui\u00e7\u00e3o-N\u00e3oComercial-SemDeriva\u00e7\u00f5es 4.0\u00a0Internacional. Para ver uma c\u00f3pia desta licen\u00e7a, visite:\u00a0<\/span><a style=\"background-color: #ffffff;font-size: 1rem\" href=\"http:\/\/creativecommons.org\/licenses\/by-nc-nd\/4.0\/\" target=\"_blank\" rel=\"noopener\">http:\/\/creativecommons.org\/licenses\/by-nc-nd\/4.0\/<\/a><\/p><\/div>\n\t\t\t\t\t\t\t<\/div>\n\t\t<\/div>\n\t\t\t\t<\/div>\n\t\t\t\t<\/div>\n\t\t\t\t\t<\/div>\n\t\t<\/div>\n\t\t\t\t\t<\/div>\n\t\t<\/section>\n\t\t\t\t<section class=\"elementor-section elementor-top-section elementor-element elementor-element-78a44d22 elementor-section-boxed elementor-section-height-default elementor-section-height-default\" data-id=\"78a44d22\" data-element_type=\"section\">\n\t\t\t\t\t\t<div class=\"elementor-container elementor-column-gap-default\">\n\t\t\t\t\t<div class=\"elementor-column elementor-col-100 elementor-top-column elementor-element elementor-element-b9f4a21\" data-id=\"b9f4a21\" data-element_type=\"column\">\n\t\t\t<div class=\"elementor-widget-wrap elementor-element-populated\">\n\t\t\t\t\t\t<div class=\"elementor-element elementor-element-58c99491 elementor-widget elementor-widget-wp-widget-ufsm_noticias_widget\" data-id=\"58c99491\" data-element_type=\"widget\" data-widget_type=\"wp-widget-ufsm_noticias_widget.default\">\n\t\t\t\t<div class=\"elementor-widget-container\">\n\t\t\t<h5 class='titulo-conteudos'>Publica\u00e7\u00f5es Relacionadas<\/h5><div class='widget-noticias-inside'>\n                        <div class=\"row\">\n                                    <div class=\"col-12 col-lg-12 pb-4\">\n                                        \n                                        \n                    \n                    <a class=\"noticias-widget-title d-block \"  title=\"Odontologia integrada: revis\u00f5es de literatura com mapas mentais\" href=\"https:\/\/www.ufsm.br\/editoras\/facos\/odontologia-integrada-revisoes-de-literatura-com-mapas-mentais\">\n                                                Odontologia integrada: revis\u00f5es de literatura com mapas mentais                    <\/a>\n                    \n                    \n                                        \n                                        \n                                        <\/div>\n                            <\/div>\n                    <div class=\"row\">\n                                    <div class=\"col-12 col-lg-12 pb-4\">\n                                        \n                                        \n                    \n                    <a class=\"noticias-widget-title d-block \"  title=\"Odontologia em tempos de COVID-19 &#8211; novo universo dos atendimentos em sa\u00fade\" href=\"https:\/\/www.ufsm.br\/editoras\/facos\/odontologia-em-tempos-de-covid-19-novo-universo-dos-atendimentos-em-saude\">\n                                                Odontologia em tempos de COVID-19 &#8211; novo universo dos atendimentos em sa\u00fade                    <\/a>\n                    \n                    \n                                        \n                                        \n                                        <\/div>\n                            <\/div>\n                    <div class=\"row\">\n                                    <div class=\"col-12 col-lg-12 pb-4\">\n                                        \n                                        \n                    \n                    <a class=\"noticias-widget-title d-block \"  title=\"Fonoaudiologia em tempos de de COVID-19 &#8211; novo universo dos atendimentos em sa\u00fade\" href=\"https:\/\/www.ufsm.br\/editoras\/facos\/fonoaudiologia-em-tempos-de-de-covid-19-novo-universo-dos-atendimentos-em-saude\">\n                                                Fonoaudiologia em tempos de de COVID-19 &#8211; novo universo dos atendimentos em sa\u00fade                    <\/a>\n                    \n                    \n                                        \n                                        \n                                        <\/div>\n                            <\/div>\n                    <div class=\"row\">\n                                    <div class=\"col-12 col-lg-12 pb-4\">\n                                        \n                                        \n                    \n                    <a class=\"noticias-widget-title d-block \"  title=\"Odontologia integrada \u2013 bases cient\u00edficas para decis\u00f5es cl\u00ednicas\" href=\"https:\/\/www.ufsm.br\/editoras\/facos\/odontologia-integrada-bases-cientificas-para-decisoes-clinicas\">\n                                                Odontologia integrada \u2013 bases cient\u00edficas para decis\u00f5es cl\u00ednicas                    <\/a>\n                    \n                    \n                                        \n                                        \n                                        <\/div>\n                            <\/div>\n                    <div class=\"row\">\n                                    <div class=\"col-12 col-lg-12 pb-4\">\n                                        \n                                        \n                    \n                    <a class=\"noticias-widget-title d-block \"  title=\"Adeus Bibi: a hora de largar a chupeta\" href=\"https:\/\/www.ufsm.br\/editoras\/facos\/adeus-bibi-a-hora-de-largar-a-chupeta\">\n                                                Adeus Bibi: a hora de largar a chupeta                    <\/a>\n                    \n                    \n                                        \n                                        \n                                        <\/div>\n                            <\/div>\n            <\/div>\n\t\t<\/div>\n\t\t\t\t<\/div>\n\t\t\t\t\t<\/div>\n\t\t<\/div>\n\t\t\t\t\t<\/div>\n\t\t<\/section>\n\t\t\t\t<\/div>\n\t\t","protected":false},"excerpt":{"rendered":"<p>Odontologia em tempos de COVID-19 &#8211; novo universo dos atendimentos em sa\u00fade Angela Ruviaro Busanello-Stella, Aline Munekata Gon\u00e7alves, Jo\u00e3o Alberto de Almeida Gon\u00e7alves, Mariana da Silva Corr\u00eaa, Vit\u00f3ria Bertoncello Barboza e Mariana Marquezan. (organizadores) A obra trata das adapta\u00e7\u00f5es necess\u00e1rias \u00e0s novas rotinas dos atendimentos odontol\u00f3gicos, impostas pela Pandemia de COVID-19. A hist\u00f3ria mostra a [&hellip;]<\/p>\n","protected":false},"author":3829,"featured_media":234,"parent":0,"menu_order":0,"comment_status":"closed","ping_status":"closed","template":"","meta":{"footnotes":""},"categories":[131],"tags":[102,101,97,98],"class_list":["post-188","page","type-page","status-publish","has-post-thumbnail","hentry","category-saude","tag-biosseguranca","tag-covid-19","tag-odontologia","tag-saude"],"acf":[],"_links":{"self":[{"href":"https:\/\/www.ufsm.br\/editoras\/facos\/wp-json\/wp\/v2\/pages\/188","targetHints":{"allow":["GET"]}}],"collection":[{"href":"https:\/\/www.ufsm.br\/editoras\/facos\/wp-json\/wp\/v2\/pages"}],"about":[{"href":"https:\/\/www.ufsm.br\/editoras\/facos\/wp-json\/wp\/v2\/types\/page"}],"author":[{"embeddable":true,"href":"https:\/\/www.ufsm.br\/editoras\/facos\/wp-json\/wp\/v2\/users\/3829"}],"replies":[{"embeddable":true,"href":"https:\/\/www.ufsm.br\/editoras\/facos\/wp-json\/wp\/v2\/comments?post=188"}],"version-history":[{"count":0,"href":"https:\/\/www.ufsm.br\/editoras\/facos\/wp-json\/wp\/v2\/pages\/188\/revisions"}],"wp:featuredmedia":[{"embeddable":true,"href":"https:\/\/www.ufsm.br\/editoras\/facos\/wp-json\/wp\/v2\/media\/234"}],"wp:attachment":[{"href":"https:\/\/www.ufsm.br\/editoras\/facos\/wp-json\/wp\/v2\/media?parent=188"}],"wp:term":[{"taxonomy":"category","embeddable":true,"href":"https:\/\/www.ufsm.br\/editoras\/facos\/wp-json\/wp\/v2\/categories?post=188"},{"taxonomy":"post_tag","embeddable":true,"href":"https:\/\/www.ufsm.br\/editoras\/facos\/wp-json\/wp\/v2\/tags?post=188"}],"curies":[{"name":"wp","href":"https:\/\/api.w.org\/{rel}","templated":true}]}}