{"id":192,"date":"2021-06-03T19:41:55","date_gmt":"2021-06-03T22:41:55","guid":{"rendered":"https:\/\/www.ufsm.br\/editoras\/facos\/?page_id=192"},"modified":"2023-02-08T11:21:07","modified_gmt":"2023-02-08T14:21:07","slug":"me-brand-os-processos-de-desenvolvimento-de-marcas-na-contemporaneidade","status":"publish","type":"page","link":"https:\/\/www.ufsm.br\/editoras\/facos\/me-brand-os-processos-de-desenvolvimento-de-marcas-na-contemporaneidade","title":{"rendered":"Me brand: os processos de desenvolvimento de marcas na contemporaneidade"},"content":{"rendered":"\t\t<div data-elementor-type=\"wp-page\" data-elementor-id=\"192\" class=\"elementor elementor-192\">\n\t\t\t\t\t\t<section class=\"elementor-section elementor-top-section elementor-element elementor-element-4402c972 elementor-section-boxed elementor-section-height-default elementor-section-height-default\" data-id=\"4402c972\" data-element_type=\"section\">\n\t\t\t\t\t\t<div class=\"elementor-container elementor-column-gap-default\">\n\t\t\t\t\t<div class=\"elementor-column elementor-col-100 elementor-top-column elementor-element elementor-element-5d92f8fb\" data-id=\"5d92f8fb\" data-element_type=\"column\">\n\t\t\t<div class=\"elementor-widget-wrap elementor-element-populated\">\n\t\t\t\t\t\t<div class=\"elementor-element elementor-element-4d3f13aa elementor-widget elementor-widget-text-editor\" data-id=\"4d3f13aa\" data-element_type=\"widget\" data-widget_type=\"text-editor.default\">\n\t\t\t\t<div class=\"elementor-widget-container\">\n\t\t\t\t\t\t\t<h1>Me brand: os processos de desenvolvimento de marcas na contemporaneidade<\/h1><h6>Fabiano Maggioni, Magnos C. Casagrande e Rafael S. H\u00f6nig (organizadores)<\/h6>\t\t\t\t\t\t<\/div>\n\t\t\t\t<\/div>\n\t\t\t\t\t<\/div>\n\t\t<\/div>\n\t\t\t\t\t<\/div>\n\t\t<\/section>\n\t\t\t\t<section class=\"elementor-section elementor-top-section elementor-element elementor-element-7fc8f3e9 elementor-section-boxed elementor-section-height-default elementor-section-height-default\" data-id=\"7fc8f3e9\" data-element_type=\"section\">\n\t\t\t\t\t\t<div class=\"elementor-container elementor-column-gap-default\">\n\t\t\t\t\t<div class=\"elementor-column elementor-col-100 elementor-top-column elementor-element elementor-element-44bb38c6\" data-id=\"44bb38c6\" data-element_type=\"column\">\n\t\t\t<div class=\"elementor-widget-wrap elementor-element-populated\">\n\t\t\t\t\t\t<div class=\"elementor-element elementor-element-43fe253b elementor-widget elementor-widget-wp-widget-ufsm_manancial_ficha_apresentacao\" data-id=\"43fe253b\" data-element_type=\"widget\" data-widget_type=\"wp-widget-ufsm_manancial_ficha_apresentacao.default\">\n\t\t\t\t<div class=\"elementor-widget-container\">\n\t\t\t<div class=\"row g-0\">\n    <div class=\"col-12 col-lg-5\">\n        <div class=\"card rounded-0 bg-primary text-white\">\n                            <img decoding=\"async\" src=\"https:\/\/repositorio.ufsm.br\/bitstream\/handle\/1\/20274\/livro me brand - ebook finalizado.pdf.jpg\" class=\"img-fluid img-thumbnail mx-5 mt-5 mb-1\" >\n                        <div class=\"card-body bg-transparent-on-contraste ms-4 ps-4 me-3\">\n                <p class=\"card-title fs-5 lh-sm\">Me brand: os processos de desenvolvimento de marcas na contemporaneidade<\/p>\n                <div class=\"d-flex flex-wrap\">\n                    <a href=\"https:\/\/repositorio.ufsm.br\/handle\/1\/20274\" class=\"small link-light underline-on-hover me-3\" target=\"_blank\">\n                        <i class=\"fa fa-external-link me-1\" aria-hidden=\"true\"><\/i>\n                        Ver no Manancial\n                    <\/a>\n                                            <a href=\"https:\/\/repositorio.ufsm.br\/bitstream\/handle\/1\/20274\/livro me brand - ebook finalizado.pdf\" class=\"small link-light underline-on-hover\" target=\"_blank\">\n                            <i class=\"fa fa-file-pdf-o me-1\" aria-hidden=\"true\"><\/i>\n                            Ver o PDF\n                        <\/a>\n                                                        <\/div>\n            <\/div>\n        <\/div>\n    <\/div>\n    <div class=\"col-12 col-lg-7 d-flex\">\n        <div class=\"card rounded-0 rounded-end border-0 shadow w-100\">\n            <div class=\"card-body bg-transparent-on-contraste my-2 mx-3\">\n                <ul class=\"nav nav-pills justify-content-center\" id=\"db56879d-aed4-4793-aa9f-b162484f5a06\" role=\"tablist\">\n                    <li class=\"nav-item\" role=\"presentation\">\n            <button class=\"nav-link active\" id=\"section-db56879d-aed4-4793-aa9f-b162484f5a06-resumo-tab\" data-bs-toggle=\"tab\" data-bs-target=\"#section-db56879d-aed4-4793-aa9f-b162484f5a06-resumo\" type=\"button\" role=\"tab\" aria-controls=\"section-db56879d-aed4-4793-aa9f-b162484f5a06-resumo\"  aria-selected=\"true\" >Resumo<\/button>\n        <\/li>\n                    <li class=\"nav-item\" role=\"presentation\">\n            <button class=\"nav-link \" id=\"section-db56879d-aed4-4793-aa9f-b162484f5a06-autoria-tab\" data-bs-toggle=\"tab\" data-bs-target=\"#section-db56879d-aed4-4793-aa9f-b162484f5a06-autoria\" type=\"button\" role=\"tab\" aria-controls=\"section-db56879d-aed4-4793-aa9f-b162484f5a06-autoria\" >Autoria<\/button>\n        <\/li>\n                    <li class=\"nav-item\" role=\"presentation\">\n            <button class=\"nav-link \" id=\"section-db56879d-aed4-4793-aa9f-b162484f5a06-outros-dados-tab\" data-bs-toggle=\"tab\" data-bs-target=\"#section-db56879d-aed4-4793-aa9f-b162484f5a06-outros-dados\" type=\"button\" role=\"tab\" aria-controls=\"section-db56879d-aed4-4793-aa9f-b162484f5a06-outros-dados\" >Dados da Obra<\/button>\n        <\/li>\n                    <li class=\"nav-item\" role=\"presentation\">\n            <button class=\"nav-link \" id=\"section-db56879d-aed4-4793-aa9f-b162484f5a06-cnpq-tab\" data-bs-toggle=\"tab\" data-bs-target=\"#section-db56879d-aed4-4793-aa9f-b162484f5a06-cnpq\" type=\"button\" role=\"tab\" aria-controls=\"section-db56879d-aed4-4793-aa9f-b162484f5a06-cnpq\" >CNPq<\/button>\n        <\/li>\n    <\/ul>\n<div class=\"tab-content\" id=\"db56879d-aed4-4793-aa9f-b162484f5a06Content\">\n            <div class=\"tab-pane fade show active pt-3\" id=\"section-db56879d-aed4-4793-aa9f-b162484f5a06-resumo\" role=\"tabpanel\" aria-labelledby=\"section-db56879d-aed4-4793-aa9f-b162484f5a06-resumo-tab\">\n            O termo Me Brand movimenta discuss\u00f5es desde 2015, ano em que ganha repercuss\u00e3o a partir de um relat\u00f3rio da ag\u00eancia de publicidade J. Walter Thompson. Ap\u00f3s o per\u00edodo, \u00e9 apropriado por profissionais independentes, ag\u00eancias especializadas, eventos do ramo e mat\u00e9rias jornal\u00edsticas com o objetivo de designar o fen\u00f4meno das marcas protagonizadas por sujeitos. Al\u00e9m de possuir hoje certa notoriedade, sinaliza algumas metodologias pr\u00f3prias como fen\u00f4meno em profundo crescimento no contexto social e mercadol\u00f3gico. O livro que desenvolvemos o encaminha, ao mesmo tempo, para aproxima\u00e7\u00f5es e distanciamentos de marcas tradicionais, principalmente no que tange \u00e0s reflex\u00f5es sobre o que se pretende humanizado, pessoal e \u00fanico, mas que internaliza l\u00f3gicas de marca. Tendo em vista as observa\u00e7\u00f5es, estabelecemos uma organiza\u00e7\u00e3o com elementos centrais para que os escritos sejam retomados e aprofundados posteriormente. A investida situa-se sobre as pr\u00e1ticas humanas de linguagem, especificamente em uma abordagem semi\u00f3tica a partir da estrutura\u00e7\u00e3o e da manifesta\u00e7\u00e3o de uma marca.        <\/div>\n            <div class=\"tab-pane fade  pt-3\" id=\"section-db56879d-aed4-4793-aa9f-b162484f5a06-autoria\" role=\"tabpanel\" aria-labelledby=\"section-db56879d-aed4-4793-aa9f-b162484f5a06-autoria-tab\">\n            <div class=\"row row-cols-1 row-cols-md-2\">\n            <div class=\"col p-1\">\n            <div class=\"border-bottom border-1 h-100\">\n                Maggioni, Fabiano            <\/div>\n        <\/div>\n            <div class=\"col p-1\">\n            <div class=\"border-bottom border-1 h-100\">\n                Casagrande, Magnos Cassiano            <\/div>\n        <\/div>\n            <div class=\"col p-1\">\n            <div class=\"border-bottom border-1 h-100\">\n                H\u00f6nig, Rafael dos Santos            <\/div>\n        <\/div>\n        \n<\/div>\n        <\/div>\n            <div class=\"tab-pane fade  pt-3\" id=\"section-db56879d-aed4-4793-aa9f-b162484f5a06-outros-dados\" role=\"tabpanel\" aria-labelledby=\"section-db56879d-aed4-4793-aa9f-b162484f5a06-outros-dados-tab\">\n            <dl class=\"row\">\n    <dt class=\"col-12 col-md-3\">Publica\u00e7\u00e3o<\/dt>\n    <dd class=\"col-12 col-md-9\">\n        <dl class=\"row\">\n            <dt class=\"col-12 col-md-4\">Ano<\/dt>\n            <dd class=\"col-12 col-md-8\">2020<\/dd>\n            <dt class=\"col-12 col-md-4\">ISBN<\/dt>\n            <dd class=\"col-12 col-md-8\">9786557730041<\/dd>\n        <\/dl>\n    <\/dd>\n                <dt class=\"col-12 col-md-3\">Assuntos<\/dt>\n        <dd class=\"col-12 col-md-9\">Me brand;<br>Branding (marketing);<br>M\u00eddia;<br>Produtos - marca;<br>Discurso<\/dd>\n                <dt class=\"col-12 col-md-3\">Licen\u00e7a<\/dt>\n        <dd class=\"col-12 col-md-9\">\n            Acesso Aberto;<br>Attribution-NonCommercial-ShareAlike 4.0 International;<br><a target='_blank' href='http:\/\/creativecommons.org\/licenses\/by-nc-sa\/4.0\/'>http:\/\/creativecommons.org\/licenses\/by-nc-sa\/4.0\/<\/a>        <\/dd>\n        \n<\/dl>\n        <\/div>\n            <div class=\"tab-pane fade  pt-3\" id=\"section-db56879d-aed4-4793-aa9f-b162484f5a06-cnpq\" role=\"tabpanel\" aria-labelledby=\"section-db56879d-aed4-4793-aa9f-b162484f5a06-cnpq-tab\">\n            <dl class=\"row\">\n    <dt class=\"col-12 col-md-3\">Grande \u00e1rea<\/dt>\n    <dd class=\"col-12 col-md-9 text-capitalize\">ciencias sociais aplicadas<\/dd>\n    \n            <dt class=\"col-12 col-md-3\">\u00c1rea<\/dt>\n        <dd class=\"col-12 col-md-9 text-capitalize\">comunicacao<\/dd>\n        \n            \n    <\/dl>\n        <\/div>\n    <\/div>\n            <\/div>\n        <\/div>\n    <\/div>\n<\/div>\n\t\t<\/div>\n\t\t\t\t<\/div>\n\t\t\t\t<div class=\"elementor-element elementor-element-64b8639f elementor-widget elementor-widget-spacer\" data-id=\"64b8639f\" data-element_type=\"widget\" data-widget_type=\"spacer.default\">\n\t\t\t\t<div class=\"elementor-widget-container\">\n\t\t\t\t\t<div class=\"elementor-spacer\">\n\t\t\t<div class=\"elementor-spacer-inner\"><\/div>\n\t\t<\/div>\n\t\t\t\t<\/div>\n\t\t\t\t<\/div>\n\t\t\t\t<div class=\"elementor-element elementor-element-621ca445 elementor-widget elementor-widget-wp-widget-ufsm_noticias_widget\" data-id=\"621ca445\" data-element_type=\"widget\" data-widget_type=\"wp-widget-ufsm_noticias_widget.default\">\n\t\t\t\t<div class=\"elementor-widget-container\">\n\t\t\t<h5 class='titulo-conteudos'>Publica\u00e7\u00f5es Relacionadas<\/h5><div class='widget-noticias-inside'>\n                        <div class=\"row\">\n                                    <div class=\"col-12 col-lg-3 pb-4\">\n                                            <div class=\"noticias-widget-wrap\" style=\"height: 280px; overflow: hidden;\">\n                            <a title=\"Capa do livro Pesquisa e Desenvolvimento Criativo para divulga\u00e7\u00e3o de Indicadores da Educa\u00e7\u00e3o Superior\" href=\"https:\/\/www.ufsm.br\/editoras\/facos\/pesquisa-e-desenvolvimento-criativo-para-divulgacao-de-indicadores-da-educacao-superior\">\n                                <span class=\"visually-hidden\">\n                                    Capa do livro Pesquisa e Desenvolvimento Criativo para divulga\u00e7\u00e3o de Indicadores da Educa\u00e7\u00e3o Superior                                <\/span>\n                                <div class=\"noticias-widget-thumbs h-100\">\n                                    <img decoding=\"async\" class=\"object-fit-cover h-100 w-100\" alt=\"\" srcset=\"https:\/\/www.ufsm.br\/app\/uploads\/sites\/746\/2025\/10\/IMG-20251006-WA0112-212x300.jpg 212w, https:\/\/www.ufsm.br\/app\/uploads\/sites\/746\/2025\/10\/IMG-20251006-WA0112-722x1024.jpg 722w, https:\/\/www.ufsm.br\/app\/uploads\/sites\/746\/2025\/10\/IMG-20251006-WA0112-768x1089.jpg 768w, https:\/\/www.ufsm.br\/app\/uploads\/sites\/746\/2025\/10\/IMG-20251006-WA0112.jpg 840w\" src=\"https:\/\/www.ufsm.br\/app\/uploads\/sites\/746\/2025\/10\/IMG-20251006-WA0112-722x1024.jpg\"><\/img>\n                                <\/div>\n                            <\/a>\n                        <\/div>\n                                        \n                                        \n                    \n                    <a class=\"noticias-widget-title d-block  m-0 \"  title=\"Pesquisa e Desenvolvimento Criativo para divulga\u00e7\u00e3o de Indicadores da Educa\u00e7\u00e3o Superior\" href=\"https:\/\/www.ufsm.br\/editoras\/facos\/pesquisa-e-desenvolvimento-criativo-para-divulgacao-de-indicadores-da-educacao-superior\">\n                                                Pesquisa e Desenvolvimento Criativo para divulga\u00e7\u00e3o de Indicadores da Educa\u00e7\u00e3o Superior                    <\/a>\n                    \n                    \n                                        \n                                        \n                                        <\/div>\n                                    <div class=\"col-12 col-lg-3 pb-4\">\n                                            <div class=\"noticias-widget-wrap\" style=\"height: 280px; overflow: hidden;\">\n                            <a title=\"Capa do livro Publicidade contempor\u00e2nea - volume 2\" href=\"https:\/\/www.ufsm.br\/editoras\/facos\/publicidade-contemporanea-pensamentos-brasileiros-vol-2\">\n                                <span class=\"visually-hidden\">\n                                    Capa do livro Publicidade contempor\u00e2nea - volume 2                                <\/span>\n                                <div class=\"noticias-widget-thumbs h-100\">\n                                    <img decoding=\"async\" class=\"object-fit-cover h-100 w-100\" alt=\"\" srcset=\"https:\/\/www.ufsm.br\/app\/uploads\/sites\/746\/2025\/08\/Publicidade-contemporanea-v2-200x300.jpg 200w, https:\/\/www.ufsm.br\/app\/uploads\/sites\/746\/2025\/08\/Publicidade-contemporanea-v2-683x1024.jpg 683w, https:\/\/www.ufsm.br\/app\/uploads\/sites\/746\/2025\/08\/Publicidade-contemporanea-v2-768x1152.jpg 768w, https:\/\/www.ufsm.br\/app\/uploads\/sites\/746\/2025\/08\/Publicidade-contemporanea-v2-1024x1536.jpg 1024w, https:\/\/www.ufsm.br\/app\/uploads\/sites\/746\/2025\/08\/Publicidade-contemporanea-v2-1365x2048.jpg 1365w, https:\/\/www.ufsm.br\/app\/uploads\/sites\/746\/2025\/08\/Publicidade-contemporanea-v2.jpg 1698w\" src=\"https:\/\/www.ufsm.br\/app\/uploads\/sites\/746\/2025\/08\/Publicidade-contemporanea-v2-683x1024.jpg\"><\/img>\n                                <\/div>\n                            <\/a>\n                        <\/div>\n                                        \n                                        \n                    \n                    <a class=\"noticias-widget-title d-block  m-0 \"  title=\"Publicidade contempor\u00e2nea: pensamentos brasileiros &#8211; vol. 2\" href=\"https:\/\/www.ufsm.br\/editoras\/facos\/publicidade-contemporanea-pensamentos-brasileiros-vol-2\">\n                                                Publicidade contempor\u00e2nea: pensamentos brasileiros &#8211; vol. 2                    <\/a>\n                    \n                    \n                                        \n                                        \n                                        <\/div>\n                                    <div class=\"col-12 col-lg-3 pb-4\">\n                                            <div class=\"noticias-widget-wrap\" style=\"height: 280px; overflow: hidden;\">\n                            <a title=\"capa do livro Apreender publicidade\" href=\"https:\/\/www.ufsm.br\/editoras\/facos\/apreender-publicidade-movimentos-publicitarios-na-hipermidiatizacao-volume-3\">\n                                <span class=\"visually-hidden\">\n                                    capa do livro Apreender publicidade                                <\/span>\n                                <div class=\"noticias-widget-thumbs h-100\">\n                                    <img decoding=\"async\" class=\"object-fit-cover h-100 w-100\" alt=\"\" srcset=\"https:\/\/www.ufsm.br\/app\/uploads\/sites\/746\/2025\/08\/Apreender-publicidade-v3-200x300.jpg 200w, https:\/\/www.ufsm.br\/app\/uploads\/sites\/746\/2025\/08\/Apreender-publicidade-v3-683x1024.jpg 683w, https:\/\/www.ufsm.br\/app\/uploads\/sites\/746\/2025\/08\/Apreender-publicidade-v3-768x1152.jpg 768w, https:\/\/www.ufsm.br\/app\/uploads\/sites\/746\/2025\/08\/Apreender-publicidade-v3-1024x1536.jpg 1024w, https:\/\/www.ufsm.br\/app\/uploads\/sites\/746\/2025\/08\/Apreender-publicidade-v3-1365x2048.jpg 1365w, https:\/\/www.ufsm.br\/app\/uploads\/sites\/746\/2025\/08\/Apreender-publicidade-v3.jpg 1654w\" src=\"https:\/\/www.ufsm.br\/app\/uploads\/sites\/746\/2025\/08\/Apreender-publicidade-v3-683x1024.jpg\"><\/img>\n                                <\/div>\n                            <\/a>\n                        <\/div>\n                                        \n                                        \n                    \n                    <a class=\"noticias-widget-title d-block  m-0 \"  title=\"Apre(e)nder publicidade: movimentos publicit\u00e1rios na hipermidiatiza\u00e7\u00e3o, volume 3\" href=\"https:\/\/www.ufsm.br\/editoras\/facos\/apreender-publicidade-movimentos-publicitarios-na-hipermidiatizacao-volume-3\">\n                                                Apre(e)nder publicidade: movimentos publicit\u00e1rios na hipermidiatiza\u00e7\u00e3o, volume 3                    <\/a>\n                    \n                    \n                                        \n                                        \n                                        <\/div>\n                                    <div class=\"col-12 col-lg-3 pb-4\">\n                                            <div class=\"noticias-widget-wrap\" style=\"height: 280px; overflow: hidden;\">\n                            <a title=\"Capa do livro Publicidade Contempor\u00e2nea: caminhos em forma\u00e7\u00e3o\" href=\"https:\/\/www.ufsm.br\/editoras\/facos\/publicidade-contemporanea\">\n                                <span class=\"visually-hidden\">\n                                    Capa do livro Publicidade Contempor\u00e2nea: caminhos em forma\u00e7\u00e3o                                <\/span>\n                                <div class=\"noticias-widget-thumbs h-100\">\n                                    <img decoding=\"async\" class=\"object-fit-cover h-100 w-100\" alt=\"\" srcset=\"https:\/\/www.ufsm.br\/app\/uploads\/sites\/746\/2024\/08\/Publidade-Contemporanea-Caminhos-em-Formacao-200x300.jpg 200w, https:\/\/www.ufsm.br\/app\/uploads\/sites\/746\/2024\/08\/Publidade-Contemporanea-Caminhos-em-Formacao-682x1024.jpg 682w, https:\/\/www.ufsm.br\/app\/uploads\/sites\/746\/2024\/08\/Publidade-Contemporanea-Caminhos-em-Formacao-768x1152.jpg 768w, https:\/\/www.ufsm.br\/app\/uploads\/sites\/746\/2024\/08\/Publidade-Contemporanea-Caminhos-em-Formacao.jpg 827w\" src=\"https:\/\/www.ufsm.br\/app\/uploads\/sites\/746\/2024\/08\/Publidade-Contemporanea-Caminhos-em-Formacao-682x1024.jpg\"><\/img>\n                                <\/div>\n                            <\/a>\n                        <\/div>\n                                        \n                                        \n                    \n                    <a class=\"noticias-widget-title d-block  m-0 \"  title=\"Publicidade contempor\u00e2nea\" href=\"https:\/\/www.ufsm.br\/editoras\/facos\/publicidade-contemporanea\">\n                                                Publicidade contempor\u00e2nea                    <\/a>\n                    \n                    \n                                        \n                                        \n                                        <\/div>\n                            <\/div>\n            <\/div>\n\t\t<\/div>\n\t\t\t\t<\/div>\n\t\t\t\t\t<\/div>\n\t\t<\/div>\n\t\t\t\t\t<\/div>\n\t\t<\/section>\n\t\t\t\t<\/div>\n\t\t","protected":false},"excerpt":{"rendered":"<p>Me brand: os processos de desenvolvimento de marcas na contemporaneidade Fabiano Maggioni, Magnos C. Casagrande e Rafael S. H\u00f6nig (organizadores)<\/p>\n","protected":false},"author":3829,"featured_media":226,"parent":0,"menu_order":0,"comment_status":"closed","ping_status":"closed","template":"","meta":{"footnotes":""},"categories":[24,142,135],"tags":[92,95,94,91,71,93],"class_list":["post-192","page","type-page","status-publish","has-post-thumbnail","hentry","category-comunicacao","category-design","category-publicidade","tag-branding","tag-discurso","tag-marca","tag-marketing","tag-midia","tag-produtos"],"acf":[],"_links":{"self":[{"href":"https:\/\/www.ufsm.br\/editoras\/facos\/wp-json\/wp\/v2\/pages\/192","targetHints":{"allow":["GET"]}}],"collection":[{"href":"https:\/\/www.ufsm.br\/editoras\/facos\/wp-json\/wp\/v2\/pages"}],"about":[{"href":"https:\/\/www.ufsm.br\/editoras\/facos\/wp-json\/wp\/v2\/types\/page"}],"author":[{"embeddable":true,"href":"https:\/\/www.ufsm.br\/editoras\/facos\/wp-json\/wp\/v2\/users\/3829"}],"replies":[{"embeddable":true,"href":"https:\/\/www.ufsm.br\/editoras\/facos\/wp-json\/wp\/v2\/comments?post=192"}],"version-history":[{"count":0,"href":"https:\/\/www.ufsm.br\/editoras\/facos\/wp-json\/wp\/v2\/pages\/192\/revisions"}],"wp:featuredmedia":[{"embeddable":true,"href":"https:\/\/www.ufsm.br\/editoras\/facos\/wp-json\/wp\/v2\/media\/226"}],"wp:attachment":[{"href":"https:\/\/www.ufsm.br\/editoras\/facos\/wp-json\/wp\/v2\/media?parent=192"}],"wp:term":[{"taxonomy":"category","embeddable":true,"href":"https:\/\/www.ufsm.br\/editoras\/facos\/wp-json\/wp\/v2\/categories?post=192"},{"taxonomy":"post_tag","embeddable":true,"href":"https:\/\/www.ufsm.br\/editoras\/facos\/wp-json\/wp\/v2\/tags?post=192"}],"curies":[{"name":"wp","href":"https:\/\/api.w.org\/{rel}","templated":true}]}}