{"id":260,"date":"2021-06-25T18:14:02","date_gmt":"2021-06-25T21:14:02","guid":{"rendered":"https:\/\/www.ufsm.br\/editoras\/facos\/?page_id=260"},"modified":"2024-08-20T19:21:16","modified_gmt":"2024-08-20T22:21:16","slug":"maternidade-nas-midias-2","status":"publish","type":"page","link":"https:\/\/www.ufsm.br\/editoras\/facos\/maternidade-nas-midias-2","title":{"rendered":"Maternidade nas m\u00eddias"},"content":{"rendered":"\t\t<div data-elementor-type=\"wp-page\" data-elementor-id=\"260\" class=\"elementor elementor-260\">\n\t\t\t\t\t\t<section class=\"elementor-section elementor-top-section elementor-element elementor-element-686edd12 elementor-section-boxed elementor-section-height-default elementor-section-height-default\" data-id=\"686edd12\" data-element_type=\"section\">\n\t\t\t\t\t\t<div class=\"elementor-container elementor-column-gap-default\">\n\t\t\t\t\t<div class=\"elementor-column elementor-col-100 elementor-top-column elementor-element elementor-element-77daf87d\" data-id=\"77daf87d\" data-element_type=\"column\">\n\t\t\t<div class=\"elementor-widget-wrap elementor-element-populated\">\n\t\t\t\t\t\t<div class=\"elementor-element elementor-element-4ef1595 elementor-widget elementor-widget-text-editor\" data-id=\"4ef1595\" data-element_type=\"widget\" data-widget_type=\"text-editor.default\">\n\t\t\t\t<div class=\"elementor-widget-container\">\n\t\t\t\t\t\t\t<h1><span style=\"font-size: 2.5rem;background-color: transparent;color: black\">Maternidade nas m\u00eddias<\/span><\/h1><h6>Milena Freire de Oliveira-Cruz e Maria Collier de Mendon\u00e7a (organizadoras)<\/h6>\t\t\t\t\t\t<\/div>\n\t\t\t\t<\/div>\n\t\t\t\t\t<\/div>\n\t\t<\/div>\n\t\t\t\t\t<\/div>\n\t\t<\/section>\n\t\t\t\t<section class=\"elementor-section elementor-top-section elementor-element elementor-element-6413bea2 elementor-section-boxed elementor-section-height-default elementor-section-height-default\" data-id=\"6413bea2\" data-element_type=\"section\">\n\t\t\t\t\t\t<div class=\"elementor-container elementor-column-gap-default\">\n\t\t\t\t\t<div class=\"elementor-column elementor-col-100 elementor-top-column elementor-element elementor-element-216f1528\" data-id=\"216f1528\" data-element_type=\"column\">\n\t\t\t<div class=\"elementor-widget-wrap elementor-element-populated\">\n\t\t\t\t\t\t<div class=\"elementor-element elementor-element-897a1e6 elementor-widget elementor-widget-wp-widget-ufsm_manancial_ficha_apresentacao\" data-id=\"897a1e6\" data-element_type=\"widget\" data-widget_type=\"wp-widget-ufsm_manancial_ficha_apresentacao.default\">\n\t\t\t\t<div class=\"elementor-widget-container\">\n\t\t\t<div class=\"row g-0\">\n    <div class=\"col-12 col-lg-5\">\n        <div class=\"card rounded-0 bg-primary text-white\">\n                            <img decoding=\"async\" src=\"https:\/\/repositorio.ufsm.br\/bitstream\/handle\/1\/21291\/Maternidade nas M\u00eddias.pdf.jpg\" class=\"img-fluid img-thumbnail mx-5 mt-5 mb-1\" >\n                        <div class=\"card-body bg-transparent-on-contraste ms-4 ps-4 me-3\">\n                <p class=\"card-title fs-5 lh-sm\">Maternidade nas m\u00eddias<\/p>\n                <div class=\"d-flex flex-wrap\">\n                    <a href=\"https:\/\/repositorio.ufsm.br\/handle\/1\/21291\" class=\"small link-light underline-on-hover me-3\" target=\"_blank\">\n                        <i class=\"fa fa-external-link me-1\" aria-hidden=\"true\"><\/i>\n                        Ver no Manancial\n                    <\/a>\n                                            <a href=\"https:\/\/repositorio.ufsm.br\/bitstream\/handle\/1\/21291\/Maternidade nas M\u00eddias.pdf\" class=\"small link-light underline-on-hover\" target=\"_blank\">\n                            <i class=\"fa fa-file-pdf-o me-1\" aria-hidden=\"true\"><\/i>\n                            Ver o PDF\n                        <\/a>\n                                                        <\/div>\n            <\/div>\n        <\/div>\n    <\/div>\n    <div class=\"col-12 col-lg-7 d-flex\">\n        <div class=\"card rounded-0 rounded-end border-0 shadow w-100\">\n            <div class=\"card-body bg-transparent-on-contraste my-2 mx-3\">\n                <ul class=\"nav nav-pills justify-content-center\" id=\"9c997fa8-782e-4398-a625-0a580a750b69\" role=\"tablist\">\n                    <li class=\"nav-item\" role=\"presentation\">\n            <button class=\"nav-link active\" id=\"section-9c997fa8-782e-4398-a625-0a580a750b69-resumo-tab\" data-bs-toggle=\"tab\" data-bs-target=\"#section-9c997fa8-782e-4398-a625-0a580a750b69-resumo\" type=\"button\" role=\"tab\" aria-controls=\"section-9c997fa8-782e-4398-a625-0a580a750b69-resumo\"  aria-selected=\"true\" >Resumo<\/button>\n        <\/li>\n                    <li class=\"nav-item\" role=\"presentation\">\n            <button class=\"nav-link \" id=\"section-9c997fa8-782e-4398-a625-0a580a750b69-organizacao-tab\" data-bs-toggle=\"tab\" data-bs-target=\"#section-9c997fa8-782e-4398-a625-0a580a750b69-organizacao\" type=\"button\" role=\"tab\" aria-controls=\"section-9c997fa8-782e-4398-a625-0a580a750b69-organizacao\" >Organiza\u00e7\u00e3o<\/button>\n        <\/li>\n                    <li class=\"nav-item\" role=\"presentation\">\n            <button class=\"nav-link \" id=\"section-9c997fa8-782e-4398-a625-0a580a750b69-autoria-tab\" data-bs-toggle=\"tab\" data-bs-target=\"#section-9c997fa8-782e-4398-a625-0a580a750b69-autoria\" type=\"button\" role=\"tab\" aria-controls=\"section-9c997fa8-782e-4398-a625-0a580a750b69-autoria\" >Autoria<\/button>\n        <\/li>\n                    <li class=\"nav-item\" role=\"presentation\">\n            <button class=\"nav-link \" id=\"section-9c997fa8-782e-4398-a625-0a580a750b69-outros-dados-tab\" data-bs-toggle=\"tab\" data-bs-target=\"#section-9c997fa8-782e-4398-a625-0a580a750b69-outros-dados\" type=\"button\" role=\"tab\" aria-controls=\"section-9c997fa8-782e-4398-a625-0a580a750b69-outros-dados\" >Dados da Obra<\/button>\n        <\/li>\n                    <li class=\"nav-item\" role=\"presentation\">\n            <button class=\"nav-link \" id=\"section-9c997fa8-782e-4398-a625-0a580a750b69-cnpq-tab\" data-bs-toggle=\"tab\" data-bs-target=\"#section-9c997fa8-782e-4398-a625-0a580a750b69-cnpq\" type=\"button\" role=\"tab\" aria-controls=\"section-9c997fa8-782e-4398-a625-0a580a750b69-cnpq\" >CNPq<\/button>\n        <\/li>\n    <\/ul>\n<div class=\"tab-content\" id=\"9c997fa8-782e-4398-a625-0a580a750b69Content\">\n            <div class=\"tab-pane fade show active pt-3\" id=\"section-9c997fa8-782e-4398-a625-0a580a750b69-resumo\" role=\"tabpanel\" aria-labelledby=\"section-9c997fa8-782e-4398-a625-0a580a750b69-resumo-tab\">\n            Esta coleta\u0302nea explora o tema da Maternidade nas Mi\u0301dias considerando variadas questo\u0303es de pesquisa, abordagens teo\u0301ricas e metodolo\u0301gicas. Tendo em vista a interdisciplinaridade dos estudos maternos e a amplitude do cena\u0301rio midia\u0301tico atual, nossa proposta e\u0301 investigar que imagens, mensagens e valores culturais te\u0302m circulado nas mi\u0301dias sobre maternidades e maternagens. Ale\u0301m disso, debatemos como as ma\u0303es interagem com as mi\u0301dias para compreender os modos como elas se expressam, negociam ou criticam imagens e mensagens de formas coletivas ou individuais. As autoras sa\u0303o pesquisadoras brasileiras de diferentes universidades e regio\u0303es do pai\u0301s, que atuam nos campos da comunicac\u0327a\u0303o, educac\u0327a\u0303o, psicologia, artes pla\u0301sticas, literatura, sau\u0301de pu\u0301blica, filosofia, dentre outras a\u0301reas.        <\/div>\n            <div class=\"tab-pane fade  pt-3\" id=\"section-9c997fa8-782e-4398-a625-0a580a750b69-organizacao\" role=\"tabpanel\" aria-labelledby=\"section-9c997fa8-782e-4398-a625-0a580a750b69-organizacao-tab\">\n            <div class=\"row row-cols-1 row-cols-md-2\">\n            <div class=\"col p-1\">\n            <div class=\"border-bottom border-1 h-100\">\n                Oliveira-Cruz, Milena Freire de            <\/div>\n        <\/div>\n            <div class=\"col p-1\">\n            <div class=\"border-bottom border-1 h-100\">\n                Mendon\u00e7a, Maria Collier de            <\/div>\n        <\/div>\n        \n<\/div>\n        <\/div>\n            <div class=\"tab-pane fade  pt-3\" id=\"section-9c997fa8-782e-4398-a625-0a580a750b69-autoria\" role=\"tabpanel\" aria-labelledby=\"section-9c997fa8-782e-4398-a625-0a580a750b69-autoria-tab\">\n            <div class=\"tab-content\" id=\"1775535051Content\">\n            <div class=\"tab-pane fade show active pt-3\" id=\"section-1775535051-0\" role=\"tabpanel\" aria-labelledby=\"section-1775535051-0-tab\">\n            <div class=\"row row-cols-1 row-cols-md-2\">\n            <div class=\"col p-1\">\n            <div class=\"border-bottom border-1 h-100\">\n                Braga, Adriana            <\/div>\n        <\/div>\n            <div class=\"col p-1\">\n            <div class=\"border-bottom border-1 h-100\">\n                Godinho Lima, Ana Laura            <\/div>\n        <\/div>\n            <div class=\"col p-1\">\n            <div class=\"border-bottom border-1 h-100\">\n                Souza, Ana Luiza de Figueiredo            <\/div>\n        <\/div>\n            <div class=\"col p-1\">\n            <div class=\"border-bottom border-1 h-100\">\n                Dellazzana, \u00c2ngela Lovato            <\/div>\n        <\/div>\n            <div class=\"col p-1\">\n            <div class=\"border-bottom border-1 h-100\">\n                Rodrigues, Ariene            <\/div>\n        <\/div>\n            <div class=\"col p-1\">\n            <div class=\"border-bottom border-1 h-100\">\n                Polivanov, Beatriz Brand\u00e3o            <\/div>\n        <\/div>\n            <div class=\"col p-1\">\n            <div class=\"border-bottom border-1 h-100\">\n                Ferrari, Camila Tatsch            <\/div>\n        <\/div>\n            <div class=\"col p-1\">\n            <div class=\"border-bottom border-1 h-100\">\n                Borges, Clarissa Monteiro            <\/div>\n        <\/div>\n            <div class=\"col p-1\">\n            <div class=\"border-bottom border-1 h-100\">\n                Pires, Elaine Muniz            <\/div>\n        <\/div>\n            <div class=\"col p-1\">\n            <div class=\"border-bottom border-1 h-100\">\n                Maior, Elizabeth Souto            <\/div>\n        <\/div>\n            <div class=\"col p-1\">\n            <div class=\"border-bottom border-1 h-100\">\n                Kalil, Irene Rocha            <\/div>\n        <\/div>\n            <div class=\"col p-1\">\n            <div class=\"border-bottom border-1 h-100\">\n                Conrad, Kalliandra            <\/div>\n        <\/div>\n            <div class=\"col p-1\">\n            <div class=\"border-bottom border-1 h-100\">\n                Dellazzana-Zanon, Let\u00edcia Lovato            <\/div>\n        <\/div>\n            <div class=\"col p-1\">\n            <div class=\"border-bottom border-1 h-100\">\n                Nosvitz, Maria Brendler            <\/div>\n        <\/div>\n            <div class=\"col p-1\">\n            <div class=\"border-bottom border-1 h-100\">\n                Mendon\u00e7a, Maria Collier de            <\/div>\n        <\/div>\n            <div class=\"col p-1\">\n            <div class=\"border-bottom border-1 h-100\">\n                Freitas, Marina Judiele dos Santos            <\/div>\n        <\/div>\n        \n<\/div>\n        <\/div>\n            <div class=\"tab-pane fade  pt-3\" id=\"section-1775535051-1\" role=\"tabpanel\" aria-labelledby=\"section-1775535051-1-tab\">\n            <div class=\"row row-cols-1 row-cols-md-2\">\n            <div class=\"col p-1\">\n            <div class=\"border-bottom border-1 h-100\">\n                Oliveira-Cruz, Milena Freire de            <\/div>\n        <\/div>\n            <div class=\"col p-1\">\n            <div class=\"border-bottom border-1 h-100\">\n                Fanaya, Patr\u00edcia Fonseca            <\/div>\n        <\/div>\n            <div class=\"col p-1\">\n            <div class=\"border-bottom border-1 h-100\">\n                Senlle, Renata Garcia            <\/div>\n        <\/div>\n            <div class=\"col p-1\">\n            <div class=\"border-bottom border-1 h-100\">\n                Leite, Tayn\u00e1            <\/div>\n        <\/div>\n            <div class=\"col p-1\">\n            <div class=\"border-bottom border-1 h-100\">\n                Campos, Vivian            <\/div>\n        <\/div>\n        \n<\/div>\n        <\/div>\n    <\/div>\n<ul class=\"nav nav-pills justify-content-end\" id=\"1775535051\" role=\"tablist\">\n                    <li class=\"nav-item\" role=\"presentation\">\n            <button class=\"nav-link active\" id=\"section-1775535051-0-tab\" data-bs-toggle=\"tab\" data-bs-target=\"#section-1775535051-0\" type=\"button\" role=\"tab\" aria-controls=\"section-1775535051-0\"  aria-selected=\"true\" >1<\/button>\n        <\/li>\n                    <li class=\"nav-item\" role=\"presentation\">\n            <button class=\"nav-link \" id=\"section-1775535051-1-tab\" data-bs-toggle=\"tab\" data-bs-target=\"#section-1775535051-1\" type=\"button\" role=\"tab\" aria-controls=\"section-1775535051-1\" >2<\/button>\n        <\/li>\n    <\/ul>\n        <\/div>\n            <div class=\"tab-pane fade  pt-3\" id=\"section-9c997fa8-782e-4398-a625-0a580a750b69-outros-dados\" role=\"tabpanel\" aria-labelledby=\"section-9c997fa8-782e-4398-a625-0a580a750b69-outros-dados-tab\">\n            <dl class=\"row\">\n    <dt class=\"col-12 col-md-3\">Publica\u00e7\u00e3o<\/dt>\n    <dd class=\"col-12 col-md-9\">\n        <dl class=\"row\">\n            <dt class=\"col-12 col-md-4\">Ano<\/dt>\n            <dd class=\"col-12 col-md-8\">2021<\/dd>\n            <dt class=\"col-12 col-md-4\">ISBN<\/dt>\n            <dd class=\"col-12 col-md-8\">9786557730249 (impresso), 9786557730256 (e-book)<\/dd>\n        <\/dl>\n    <\/dd>\n                <dt class=\"col-12 col-md-3\">Assuntos<\/dt>\n        <dd class=\"col-12 col-md-9\">Comunica\u00e7\u00e3o social;<br>Maternidade;<br>Redes sociais;<br>M\u00eddia;<br>Estudos de g\u00eanero;<br>Maternagem<\/dd>\n                <dt class=\"col-12 col-md-3\">Licen\u00e7a<\/dt>\n        <dd class=\"col-12 col-md-9\">\n            Acesso Aberto;<br><a target='_blank' href='http:\/\/creativecommons.org\/licenses\/by-nc-sa\/4.0\/'>http:\/\/creativecommons.org\/licenses\/by-nc-sa\/4.0\/<\/a>        <\/dd>\n        \n<\/dl>\n        <\/div>\n            <div class=\"tab-pane fade  pt-3\" id=\"section-9c997fa8-782e-4398-a625-0a580a750b69-cnpq\" role=\"tabpanel\" aria-labelledby=\"section-9c997fa8-782e-4398-a625-0a580a750b69-cnpq-tab\">\n            <dl class=\"row\">\n    <dt class=\"col-12 col-md-3\">Grande \u00e1rea<\/dt>\n    <dd class=\"col-12 col-md-9 text-capitalize\">ciencias sociais aplicadas<\/dd>\n    \n            <dt class=\"col-12 col-md-3\">\u00c1rea<\/dt>\n        <dd class=\"col-12 col-md-9 text-capitalize\">comunicacao<\/dd>\n        \n            \n    <\/dl>\n        <\/div>\n    <\/div>\n            <\/div>\n        <\/div>\n    <\/div>\n<\/div>\n\t\t<\/div>\n\t\t\t\t<\/div>\n\t\t\t\t<div class=\"elementor-element elementor-element-3574be38 elementor-widget elementor-widget-spacer\" data-id=\"3574be38\" data-element_type=\"widget\" data-widget_type=\"spacer.default\">\n\t\t\t\t<div class=\"elementor-widget-container\">\n\t\t\t\t\t<div class=\"elementor-spacer\">\n\t\t\t<div class=\"elementor-spacer-inner\"><\/div>\n\t\t<\/div>\n\t\t\t\t<\/div>\n\t\t\t\t<\/div>\n\t\t\t\t<div class=\"elementor-element elementor-element-36d9d43a elementor-widget elementor-widget-wp-widget-ufsm_noticias_widget\" data-id=\"36d9d43a\" data-element_type=\"widget\" data-widget_type=\"wp-widget-ufsm_noticias_widget.default\">\n\t\t\t\t<div class=\"elementor-widget-container\">\n\t\t\t<h5 class='titulo-conteudos'>Publica\u00e7\u00f5es Relacionadas<\/h5><div class='widget-noticias-inside'>\n                        <div class=\"row\">\n                                    <div class=\"col-12 col-lg-3 pb-4\">\n                                            <div class=\"noticias-widget-wrap\" style=\"height: 280px; overflow: hidden;\">\n                            <a title=\"Capa do livro Investigar en plataformas\" href=\"https:\/\/www.ufsm.br\/editoras\/facos\/investigar-en-plataformas-mediaticas-desde-america-latina-um-estado-de-situacao-e-uma-ferramenta-para-o-dialogo\">\n                                <span class=\"visually-hidden\">\n                                    Capa do livro Investigar en plataformas                                <\/span>\n                                <div class=\"noticias-widget-thumbs h-100\">\n                                    <img decoding=\"async\" class=\"object-fit-cover h-100 w-100\" alt=\"\" srcset=\"https:\/\/www.ufsm.br\/app\/uploads\/sites\/746\/2025\/09\/investigar-en-plataformas-212x300.png 212w, https:\/\/www.ufsm.br\/app\/uploads\/sites\/746\/2025\/09\/investigar-en-plataformas-724x1024.png 724w, https:\/\/www.ufsm.br\/app\/uploads\/sites\/746\/2025\/09\/investigar-en-plataformas-768x1086.png 768w, https:\/\/www.ufsm.br\/app\/uploads\/sites\/746\/2025\/09\/investigar-en-plataformas-1086x1536.png 1086w, https:\/\/www.ufsm.br\/app\/uploads\/sites\/746\/2025\/09\/investigar-en-plataformas.png 1240w\" src=\"https:\/\/www.ufsm.br\/app\/uploads\/sites\/746\/2025\/09\/investigar-en-plataformas-724x1024.png\"><\/img>\n                                <\/div>\n                            <\/a>\n                        <\/div>\n                                        \n                                        \n                    \n                    <a class=\"noticias-widget-title d-block  m-0 \"  title=\"Investigar en plataformas medi\u00e1ticas desde Am\u00e9rica Latina: Um estado de situa\u00e7\u00e3o e uma ferramenta para o di\u00e1logo\" href=\"https:\/\/www.ufsm.br\/editoras\/facos\/investigar-en-plataformas-mediaticas-desde-america-latina-um-estado-de-situacao-e-uma-ferramenta-para-o-dialogo\">\n                                                Investigar en plataformas medi\u00e1ticas desde Am\u00e9rica Latina: Um estado de situa\u00e7\u00e3o e uma ferramenta para o di\u00e1logo                    <\/a>\n                    \n                    \n                                        \n                                        \n                                        <\/div>\n                                    <div class=\"col-12 col-lg-3 pb-4\">\n                                            <div class=\"noticias-widget-wrap\" style=\"height: 280px; overflow: hidden;\">\n                            <a title=\"Capa do livro L\u00f3gicas da m\u00eddia\" href=\"https:\/\/www.ufsm.br\/editoras\/facos\/logicas-da-midia\">\n                                <span class=\"visually-hidden\">\n                                    Capa do livro L\u00f3gicas da m\u00eddia                                <\/span>\n                                <div class=\"noticias-widget-thumbs h-100\">\n                                    <img decoding=\"async\" class=\"object-fit-cover h-100 w-100\" alt=\"\" srcset=\"https:\/\/www.ufsm.br\/app\/uploads\/sites\/746\/2025\/01\/Capa-Logicas-da-midia-212x300.png 212w, https:\/\/www.ufsm.br\/app\/uploads\/sites\/746\/2025\/01\/Capa-Logicas-da-midia-724x1024.png 724w, https:\/\/www.ufsm.br\/app\/uploads\/sites\/746\/2025\/01\/Capa-Logicas-da-midia-768x1086.png 768w, https:\/\/www.ufsm.br\/app\/uploads\/sites\/746\/2025\/01\/Capa-Logicas-da-midia-1086x1536.png 1086w, https:\/\/www.ufsm.br\/app\/uploads\/sites\/746\/2025\/01\/Capa-Logicas-da-midia-1448x2048.png 1448w, https:\/\/www.ufsm.br\/app\/uploads\/sites\/746\/2025\/01\/Capa-Logicas-da-midia.png 1654w\" src=\"https:\/\/www.ufsm.br\/app\/uploads\/sites\/746\/2025\/01\/Capa-Logicas-da-midia-724x1024.png\"><\/img>\n                                <\/div>\n                            <\/a>\n                        <\/div>\n                                        \n                                        \n                    \n                    <a class=\"noticias-widget-title d-block  m-0 \"  title=\"L\u00f3gicas da m\u00eddia\" href=\"https:\/\/www.ufsm.br\/editoras\/facos\/logicas-da-midia\">\n                                                L\u00f3gicas da m\u00eddia                    <\/a>\n                    \n                    \n                                        \n                                        \n                                        <\/div>\n                                    <div class=\"col-12 col-lg-3 pb-4\">\n                                            <div class=\"noticias-widget-wrap\" style=\"height: 280px; overflow: hidden;\">\n                            <a title=\"\" href=\"https:\/\/www.ufsm.br\/editoras\/facos\/que-horas-ela-volta-elos-e-nexos-entre-o-audiovisual-e-a-interdisciplinaridade\">\n                                <span class=\"visually-hidden\">\n                                    Que horas ela volta? Elos e nexos entre o audiovisual e a interdisciplinaridade                                <\/span>\n                                <div class=\"noticias-widget-thumbs h-100\">\n                                    <img decoding=\"async\" class=\"object-fit-cover h-100 w-100\" alt=\"\" srcset=\"https:\/\/www.ufsm.br\/app\/uploads\/sites\/746\/2023\/07\/template-capas-siteque_horas_ela_volta-300x169.jpg 300w, https:\/\/www.ufsm.br\/app\/uploads\/sites\/746\/2023\/07\/template-capas-siteque_horas_ela_volta-1024x576.jpg 1024w, https:\/\/www.ufsm.br\/app\/uploads\/sites\/746\/2023\/07\/template-capas-siteque_horas_ela_volta-768x432.jpg 768w, https:\/\/www.ufsm.br\/app\/uploads\/sites\/746\/2023\/07\/template-capas-siteque_horas_ela_volta.jpg 1200w\" src=\"https:\/\/www.ufsm.br\/app\/uploads\/sites\/746\/2023\/07\/template-capas-siteque_horas_ela_volta-1024x576.jpg\"><\/img>\n                                <\/div>\n                            <\/a>\n                        <\/div>\n                                        \n                                        \n                    \n                    <a class=\"noticias-widget-title d-block  m-0 \"  title=\"Que horas ela volta? Elos e nexos entre o audiovisual e a interdisciplinaridade\" href=\"https:\/\/www.ufsm.br\/editoras\/facos\/que-horas-ela-volta-elos-e-nexos-entre-o-audiovisual-e-a-interdisciplinaridade\">\n                                                Que horas ela volta? Elos e nexos entre o audiovisual e a interdisciplinaridade                    <\/a>\n                    \n                    \n                                        \n                                        \n                                        <\/div>\n                                    <div class=\"col-12 col-lg-3 pb-4\">\n                                            <div class=\"noticias-widget-wrap\" style=\"height: 280px; overflow: hidden;\">\n                            <a title=\"\" href=\"https:\/\/www.ufsm.br\/editoras\/facos\/historias-da-midia-campos-da-publicidade-e-da-comunicacao-institucional\">\n                                <span class=\"visually-hidden\">\n                                    Hist\u00f3rias da m\u00eddia: campos da publicidade e da comunica\u00e7\u00e3o institucional                                <\/span>\n                                <div class=\"noticias-widget-thumbs h-100\">\n                                    <img decoding=\"async\" class=\"object-fit-cover h-100 w-100\" alt=\"\" srcset=\"https:\/\/www.ufsm.br\/app\/uploads\/sites\/746\/2023\/02\/template-capas-historias-da-midia-1-300x169.jpg 300w, https:\/\/www.ufsm.br\/app\/uploads\/sites\/746\/2023\/02\/template-capas-historias-da-midia-1-1024x576.jpg 1024w, https:\/\/www.ufsm.br\/app\/uploads\/sites\/746\/2023\/02\/template-capas-historias-da-midia-1-768x432.jpg 768w, https:\/\/www.ufsm.br\/app\/uploads\/sites\/746\/2023\/02\/template-capas-historias-da-midia-1.jpg 1200w\" src=\"https:\/\/www.ufsm.br\/app\/uploads\/sites\/746\/2023\/02\/template-capas-historias-da-midia-1-1024x576.jpg\"><\/img>\n                                <\/div>\n                            <\/a>\n                        <\/div>\n                                        \n                                        \n                    \n                    <a class=\"noticias-widget-title d-block  m-0 \"  title=\"Hist\u00f3rias da m\u00eddia: campos da publicidade e da comunica\u00e7\u00e3o institucional\" href=\"https:\/\/www.ufsm.br\/editoras\/facos\/historias-da-midia-campos-da-publicidade-e-da-comunicacao-institucional\">\n                                                Hist\u00f3rias da m\u00eddia: campos da publicidade e da comunica\u00e7\u00e3o institucional                    <\/a>\n                    \n                    \n                                        \n                                        \n                                        <\/div>\n                            <\/div>\n            <\/div>\n\t\t<\/div>\n\t\t\t\t<\/div>\n\t\t\t\t\t<\/div>\n\t\t<\/div>\n\t\t\t\t\t<\/div>\n\t\t<\/section>\n\t\t\t\t<\/div>\n\t\t","protected":false},"excerpt":{"rendered":"<p>Maternidade nas m\u00eddias Milena Freire de Oliveira-Cruz e Maria Collier de Mendon\u00e7a (organizadoras)<\/p>\n","protected":false},"author":3829,"featured_media":262,"parent":0,"menu_order":0,"comment_status":"closed","ping_status":"closed","template":"","meta":{"footnotes":""},"categories":[24,137],"tags":[160],"class_list":["post-260","page","type-page","status-publish","has-post-thumbnail","hentry","category-comunicacao","category-midia","tag-maternidade-midia-genero"],"acf":[],"_links":{"self":[{"href":"https:\/\/www.ufsm.br\/editoras\/facos\/wp-json\/wp\/v2\/pages\/260","targetHints":{"allow":["GET"]}}],"collection":[{"href":"https:\/\/www.ufsm.br\/editoras\/facos\/wp-json\/wp\/v2\/pages"}],"about":[{"href":"https:\/\/www.ufsm.br\/editoras\/facos\/wp-json\/wp\/v2\/types\/page"}],"author":[{"embeddable":true,"href":"https:\/\/www.ufsm.br\/editoras\/facos\/wp-json\/wp\/v2\/users\/3829"}],"replies":[{"embeddable":true,"href":"https:\/\/www.ufsm.br\/editoras\/facos\/wp-json\/wp\/v2\/comments?post=260"}],"version-history":[{"count":0,"href":"https:\/\/www.ufsm.br\/editoras\/facos\/wp-json\/wp\/v2\/pages\/260\/revisions"}],"wp:featuredmedia":[{"embeddable":true,"href":"https:\/\/www.ufsm.br\/editoras\/facos\/wp-json\/wp\/v2\/media\/262"}],"wp:attachment":[{"href":"https:\/\/www.ufsm.br\/editoras\/facos\/wp-json\/wp\/v2\/media?parent=260"}],"wp:term":[{"taxonomy":"category","embeddable":true,"href":"https:\/\/www.ufsm.br\/editoras\/facos\/wp-json\/wp\/v2\/categories?post=260"},{"taxonomy":"post_tag","embeddable":true,"href":"https:\/\/www.ufsm.br\/editoras\/facos\/wp-json\/wp\/v2\/tags?post=260"}],"curies":[{"name":"wp","href":"https:\/\/api.w.org\/{rel}","templated":true}]}}