{"id":333,"date":"2021-11-22T18:57:37","date_gmt":"2021-11-22T21:57:37","guid":{"rendered":"https:\/\/www.ufsm.br\/editoras\/facos\/?page_id=333"},"modified":"2024-02-12T17:20:02","modified_gmt":"2024-02-12T20:20:02","slug":"pesquisa-em-comunicacao-olhares-e-abordagens","status":"publish","type":"page","link":"https:\/\/www.ufsm.br\/editoras\/facos\/pesquisa-em-comunicacao-olhares-e-abordagens","title":{"rendered":"Pesquisa em Comunica\u00e7\u00e3o: olhares e abordagens"},"content":{"rendered":"\t\t<div data-elementor-type=\"wp-page\" data-elementor-id=\"333\" class=\"elementor elementor-333\">\n\t\t\t\t\t\t<section class=\"elementor-section elementor-top-section elementor-element elementor-element-6daf46c6 elementor-section-boxed elementor-section-height-default elementor-section-height-default\" data-id=\"6daf46c6\" data-element_type=\"section\">\n\t\t\t\t\t\t<div class=\"elementor-container elementor-column-gap-default\">\n\t\t\t\t\t<div class=\"elementor-column elementor-col-100 elementor-top-column elementor-element elementor-element-11e8991\" data-id=\"11e8991\" data-element_type=\"column\">\n\t\t\t<div class=\"elementor-widget-wrap elementor-element-populated\">\n\t\t\t\t\t\t<div class=\"elementor-element elementor-element-658ec99a elementor-widget elementor-widget-text-editor\" data-id=\"658ec99a\" data-element_type=\"widget\" data-widget_type=\"text-editor.default\">\n\t\t\t\t<div class=\"elementor-widget-container\">\n\t\t\t\t\t\t\t<h1>Pesquisa em Comunica\u00e7\u00e3o: olhares e abordagens<\/h1><h6>Eugenia Mariano da Rocha Barichello e Anelise Rublescki (organizadoras)<\/h6>\t\t\t\t\t\t<\/div>\n\t\t\t\t<\/div>\n\t\t\t\t<section class=\"elementor-section elementor-inner-section elementor-element elementor-element-18507ca0 elementor-hidden-tablet elementor-section-boxed elementor-section-height-default elementor-section-height-default\" data-id=\"18507ca0\" data-element_type=\"section\">\n\t\t\t\t\t\t<div class=\"elementor-container elementor-column-gap-default\">\n\t\t\t\t\t<div class=\"elementor-column elementor-col-50 elementor-inner-column elementor-element elementor-element-327615f3\" data-id=\"327615f3\" data-element_type=\"column\">\n\t\t\t<div class=\"elementor-widget-wrap elementor-element-populated\">\n\t\t\t\t\t\t<div class=\"elementor-element elementor-element-3b6e5854 elementor-widget elementor-widget-text-editor\" data-id=\"3b6e5854\" data-element_type=\"widget\" data-widget_type=\"text-editor.default\">\n\t\t\t\t<div class=\"elementor-widget-container\">\n\t\t\t\t\t\t\t<figure id=\"attachment_334\" aria-describedby=\"caption-attachment-334\" style=\"width: 200px\" class=\"wp-caption aligncenter\"><img fetchpriority=\"high\" decoding=\"async\" class=\"size-medium wp-image-334\" src=\"https:\/\/www.ufsm.br\/app\/uploads\/sites\/746\/2021\/11\/Pesquisa-em-comunicacao-olhares-e-abordagens-capa-200x300.jpg\" alt=\"\" width=\"200\" height=\"300\" srcset=\"https:\/\/www.ufsm.br\/app\/uploads\/sites\/746\/2021\/11\/Pesquisa-em-comunicacao-olhares-e-abordagens-capa-200x300.jpg 200w, https:\/\/www.ufsm.br\/app\/uploads\/sites\/746\/2021\/11\/Pesquisa-em-comunicacao-olhares-e-abordagens-capa-683x1024.jpg 683w, https:\/\/www.ufsm.br\/app\/uploads\/sites\/746\/2021\/11\/Pesquisa-em-comunicacao-olhares-e-abordagens-capa-768x1151.jpg 768w, https:\/\/www.ufsm.br\/app\/uploads\/sites\/746\/2021\/11\/Pesquisa-em-comunicacao-olhares-e-abordagens-capa-1025x1536.jpg 1025w, https:\/\/www.ufsm.br\/app\/uploads\/sites\/746\/2021\/11\/Pesquisa-em-comunicacao-olhares-e-abordagens-capa-1367x2048.jpg 1367w, https:\/\/www.ufsm.br\/app\/uploads\/sites\/746\/2021\/11\/Pesquisa-em-comunicacao-olhares-e-abordagens-capa.jpg 1657w\" sizes=\"(max-width: 200px) 100vw, 200px\" \/><figcaption id=\"caption-attachment-334\" class=\"wp-caption-text\">Pesquisa em Comunica\u00e7\u00e3o: olhares e abordagens<\/figcaption><\/figure>\t\t\t\t\t\t<\/div>\n\t\t\t\t<\/div>\n\t\t\t\t\t<\/div>\n\t\t<\/div>\n\t\t\t\t<div class=\"elementor-column elementor-col-50 elementor-inner-column elementor-element elementor-element-43960e3c\" data-id=\"43960e3c\" data-element_type=\"column\">\n\t\t\t<div class=\"elementor-widget-wrap elementor-element-populated\">\n\t\t\t\t\t\t<div class=\"elementor-element elementor-element-17fa5ebd elementor-widget elementor-widget-text-editor\" data-id=\"17fa5ebd\" data-element_type=\"widget\" data-widget_type=\"text-editor.default\">\n\t\t\t\t<div class=\"elementor-widget-container\">\n\t\t\t\t\t\t\t<p>&#8220;Se \u00e9 o objeto que demanda o percurso metodol\u00f3gico em qualquer pesquisa, tamb\u00e9m \u00e9 verdadeiro que sempre h\u00e1 m\u00faltiplos caminhos e olhares poss\u00edveis de acordo com a forma\u00e7\u00e3o te\u00f3rica e epistemol\u00f3gica dos autores. O livro Pesquisas em Comunica\u00e7\u00e3o: olhares e abordagens re\u00fane nove cap\u00edtulos de importantes pesquisadores que contribuem, a partir de sua experi\u00eancia de pesquisa e com questionamentos inovadores, para ampliar a discuss\u00e3o metodol\u00f3gica na Comunica\u00e7\u00e3o.&#8221; Trecho retirado da Apresenta\u00e7\u00e3o.<\/p>\t\t\t\t\t\t<\/div>\n\t\t\t\t<\/div>\n\t\t\t\t\t<\/div>\n\t\t<\/div>\n\t\t\t\t\t<\/div>\n\t\t<\/section>\n\t\t\t\t<div class=\"elementor-element elementor-element-531a50b0 elementor-hidden-desktop elementor-hidden-phone elementor-widget elementor-widget-text-editor\" data-id=\"531a50b0\" data-element_type=\"widget\" data-widget_type=\"text-editor.default\">\n\t\t\t\t<div class=\"elementor-widget-container\">\n\t\t\t\t\t\t\t<figure id=\"attachment_334\" aria-describedby=\"caption-attachment-334\" style=\"width: 200px\" class=\"wp-caption alignleft\"><img fetchpriority=\"high\" decoding=\"async\" class=\"size-medium wp-image-334\" src=\"https:\/\/www.ufsm.br\/app\/uploads\/sites\/746\/2021\/11\/Pesquisa-em-comunicacao-olhares-e-abordagens-capa-200x300.jpg\" alt=\"\" width=\"200\" height=\"300\" srcset=\"https:\/\/www.ufsm.br\/app\/uploads\/sites\/746\/2021\/11\/Pesquisa-em-comunicacao-olhares-e-abordagens-capa-200x300.jpg 200w, https:\/\/www.ufsm.br\/app\/uploads\/sites\/746\/2021\/11\/Pesquisa-em-comunicacao-olhares-e-abordagens-capa-683x1024.jpg 683w, https:\/\/www.ufsm.br\/app\/uploads\/sites\/746\/2021\/11\/Pesquisa-em-comunicacao-olhares-e-abordagens-capa-768x1151.jpg 768w, https:\/\/www.ufsm.br\/app\/uploads\/sites\/746\/2021\/11\/Pesquisa-em-comunicacao-olhares-e-abordagens-capa-1025x1536.jpg 1025w, https:\/\/www.ufsm.br\/app\/uploads\/sites\/746\/2021\/11\/Pesquisa-em-comunicacao-olhares-e-abordagens-capa-1367x2048.jpg 1367w, https:\/\/www.ufsm.br\/app\/uploads\/sites\/746\/2021\/11\/Pesquisa-em-comunicacao-olhares-e-abordagens-capa.jpg 1657w\" sizes=\"(max-width: 200px) 100vw, 200px\" \/><figcaption id=\"caption-attachment-334\" class=\"wp-caption-text\">Pesquisa em Comunica\u00e7\u00e3o: olhares e abordagens<\/figcaption><\/figure><p>&#8220;Se \u00e9 o objeto que demanda o percurso metodol\u00f3gico em qualquer pesquisa, tamb\u00e9m \u00e9 verdadeiro que sempre h\u00e1 m\u00faltiplos caminhos e olhares poss\u00edveis de acordo com a forma\u00e7\u00e3o te\u00f3rica e epistemol\u00f3gica dos autores. O livro Pesquisas em Comunica\u00e7\u00e3o: olhares e abordagens re\u00fane nove cap\u00edtulos de importantes pesquisadores que contribuem, a partir de sua experi\u00eancia de pesquisa e com questionamentos inovadores, para ampliar a discuss\u00e3o metodol\u00f3gica na Comunica\u00e7\u00e3o.&#8221; Trecho retirado da Apresenta\u00e7\u00e3o.<\/p>\t\t\t\t\t\t<\/div>\n\t\t\t\t<\/div>\n\t\t\t\t<div class=\"elementor-element elementor-element-bdf8697 elementor-widget elementor-widget-heading\" data-id=\"bdf8697\" data-element_type=\"widget\" data-widget_type=\"heading.default\">\n\t\t\t\t<div class=\"elementor-widget-container\">\n\t\t\t<h4 class=\"elementor-heading-title elementor-size-default\">Acesso \u00e0 obra<\/h4>\t\t<\/div>\n\t\t\t\t<\/div>\n\t\t\t\t\t<\/div>\n\t\t<\/div>\n\t\t\t\t\t<\/div>\n\t\t<\/section>\n\t\t\t\t<section class=\"elementor-section elementor-top-section elementor-element elementor-element-6ec06a2 elementor-section-boxed elementor-section-height-default elementor-section-height-default\" data-id=\"6ec06a2\" data-element_type=\"section\">\n\t\t\t\t\t\t<div class=\"elementor-container elementor-column-gap-default\">\n\t\t\t\t\t<div class=\"elementor-column elementor-col-25 elementor-top-column elementor-element elementor-element-103ca8e8\" data-id=\"103ca8e8\" data-element_type=\"column\">\n\t\t\t<div class=\"elementor-widget-wrap\">\n\t\t\t\t\t\t\t<\/div>\n\t\t<\/div>\n\t\t\t\t<div class=\"elementor-column elementor-col-25 elementor-top-column elementor-element elementor-element-17bde442\" data-id=\"17bde442\" data-element_type=\"column\">\n\t\t\t<div class=\"elementor-widget-wrap elementor-element-populated\">\n\t\t\t\t\t\t<div class=\"elementor-element elementor-element-4f760802 elementor-align-center elementor-widget elementor-widget-button\" data-id=\"4f760802\" data-element_type=\"widget\" data-widget_type=\"button.default\">\n\t\t\t\t<div class=\"elementor-widget-container\">\n\t\t\t\t\t\t\t<div class=\"elementor-button-wrapper\">\n\t\t\t\t\t<a class=\"elementor-button elementor-button-link elementor-size-md\" href=\"https:\/\/repositorio.ufsm.br\/bitstream\/handle\/1\/22914\/Pesquisa%20em%20Comuni%c3%a7%c3%a3o%20-%20olhares%20e%20abordagens.pdf?sequence=1&#038;isAllowed=y\">\n\t\t\t\t\t\t<span class=\"elementor-button-content-wrapper\">\n\t\t\t\t\t\t\t\t\t<span class=\"elementor-button-text\">Vers\u00e3o PDF<\/span>\n\t\t\t\t\t<\/span>\n\t\t\t\t\t<\/a>\n\t\t\t\t<\/div>\n\t\t\t\t\t\t<\/div>\n\t\t\t\t<\/div>\n\t\t\t\t\t<\/div>\n\t\t<\/div>\n\t\t\t\t<div class=\"elementor-column elementor-col-25 elementor-top-column elementor-element elementor-element-2740b2ca\" data-id=\"2740b2ca\" data-element_type=\"column\">\n\t\t\t<div class=\"elementor-widget-wrap elementor-element-populated\">\n\t\t\t\t\t\t<div class=\"elementor-element elementor-element-457dac3b elementor-align-center elementor-widget elementor-widget-button\" data-id=\"457dac3b\" data-element_type=\"widget\" data-widget_type=\"button.default\">\n\t\t\t\t<div class=\"elementor-widget-container\">\n\t\t\t\t\t\t\t<div class=\"elementor-button-wrapper\">\n\t\t\t\t\t<a class=\"elementor-button elementor-button-link elementor-size-md\" href=\"https:\/\/repositorio.ufsm.br\/handle\/1\/22914\">\n\t\t\t\t\t\t<span class=\"elementor-button-content-wrapper\">\n\t\t\t\t\t\t\t\t\t<span class=\"elementor-button-text\">No Manancial<\/span>\n\t\t\t\t\t<\/span>\n\t\t\t\t\t<\/a>\n\t\t\t\t<\/div>\n\t\t\t\t\t\t<\/div>\n\t\t\t\t<\/div>\n\t\t\t\t\t<\/div>\n\t\t<\/div>\n\t\t\t\t<div class=\"elementor-column elementor-col-25 elementor-top-column elementor-element elementor-element-54d2a493\" data-id=\"54d2a493\" data-element_type=\"column\">\n\t\t\t<div class=\"elementor-widget-wrap\">\n\t\t\t\t\t\t\t<\/div>\n\t\t<\/div>\n\t\t\t\t\t<\/div>\n\t\t<\/section>\n\t\t\t\t<section class=\"elementor-section elementor-top-section elementor-element elementor-element-7c9e1bb1 elementor-section-boxed elementor-section-height-default elementor-section-height-default\" data-id=\"7c9e1bb1\" data-element_type=\"section\">\n\t\t\t\t\t\t<div class=\"elementor-container elementor-column-gap-default\">\n\t\t\t\t\t<div class=\"elementor-column elementor-col-100 elementor-top-column elementor-element elementor-element-1653c47d\" data-id=\"1653c47d\" data-element_type=\"column\">\n\t\t\t<div class=\"elementor-widget-wrap elementor-element-populated\">\n\t\t\t\t\t\t<div class=\"elementor-element elementor-element-7e70efec elementor-tabs-alignment-stretch elementor-tabs-view-horizontal elementor-widget elementor-widget-tabs\" data-id=\"7e70efec\" data-element_type=\"widget\" data-settings=\"{&quot;_animation&quot;:&quot;none&quot;}\" data-widget_type=\"tabs.default\">\n\t\t\t\t<div class=\"elementor-widget-container\">\n\t\t\t\t\t<div class=\"elementor-tabs\">\n\t\t\t<div class=\"elementor-tabs-wrapper\" role=\"tablist\" >\n\t\t\t\t\t\t\t\t\t<div id=\"elementor-tab-title-2121\" class=\"elementor-tab-title elementor-tab-desktop-title\" aria-selected=\"true\" data-tab=\"1\" role=\"tab\" tabindex=\"0\" aria-controls=\"elementor-tab-content-2121\" aria-expanded=\"false\">Dados da obra<\/div>\n\t\t\t\t\t\t\t\t\t<div id=\"elementor-tab-title-2122\" class=\"elementor-tab-title elementor-tab-desktop-title\" aria-selected=\"false\" data-tab=\"2\" role=\"tab\" tabindex=\"-1\" aria-controls=\"elementor-tab-content-2122\" aria-expanded=\"false\">Sum\u00e1rio<\/div>\n\t\t\t\t\t\t\t\t\t<div id=\"elementor-tab-title-2123\" class=\"elementor-tab-title elementor-tab-desktop-title\" aria-selected=\"false\" data-tab=\"3\" role=\"tab\" tabindex=\"-1\" aria-controls=\"elementor-tab-content-2123\" aria-expanded=\"false\">Autoria<\/div>\n\t\t\t\t\t\t\t\t\t<div id=\"elementor-tab-title-2124\" class=\"elementor-tab-title elementor-tab-desktop-title\" aria-selected=\"false\" data-tab=\"4\" role=\"tab\" tabindex=\"-1\" aria-controls=\"elementor-tab-content-2124\" aria-expanded=\"false\">Licen\u00e7a Creative Commons<\/div>\n\t\t\t\t\t\t\t<\/div>\n\t\t\t<div class=\"elementor-tabs-content-wrapper\" role=\"tablist\" aria-orientation=\"vertical\">\n\t\t\t\t\t\t\t\t\t<div class=\"elementor-tab-title elementor-tab-mobile-title\" aria-selected=\"true\" data-tab=\"1\" role=\"tab\" tabindex=\"0\" aria-controls=\"elementor-tab-content-2121\" aria-expanded=\"false\">Dados da obra<\/div>\n\t\t\t\t\t<div id=\"elementor-tab-content-2121\" class=\"elementor-tab-content elementor-clearfix\" data-tab=\"1\" role=\"tabpanel\" aria-labelledby=\"elementor-tab-title-2121\" tabindex=\"0\" hidden=\"false\"><p><b>Publica\u00e7\u00e3o:<br \/><\/b>2014 \/ 1\u00aa edi\u00e7\u00e3o<br \/>ISBN: 978-85-66301-28-1<\/p><p><b>Refer\u00eancia:<\/b>\u00a0<br \/>BARICHELLO, Eugenia Mariano da Rocha; RUBLESCKI, Anelise (Org.). <strong>Pesquisa em comunica\u00e7\u00e3o<\/strong>: olhares e abordagens. Santa Maria\/RS: FACOS-UFSM. 2014. 232 p.<\/p><\/div>\n\t\t\t\t\t\t\t\t\t<div class=\"elementor-tab-title elementor-tab-mobile-title\" aria-selected=\"false\" data-tab=\"2\" role=\"tab\" tabindex=\"-1\" aria-controls=\"elementor-tab-content-2122\" aria-expanded=\"false\">Sum\u00e1rio<\/div>\n\t\t\t\t\t<div id=\"elementor-tab-content-2122\" class=\"elementor-tab-content elementor-clearfix\" data-tab=\"2\" role=\"tabpanel\" aria-labelledby=\"elementor-tab-title-2122\" tabindex=\"0\" hidden=\"hidden\"><ul><li>Apresenta\u00e7\u00e3o;<\/li><li>Dimensiones sociales de la Comunicaci\u00f3n; dimensiones comunicacionales de lo social: l\u00edneas y problem\u00e1ticas de investigaci\u00f3n;<\/li><li>A Semi\u00f3tica como pr\u00e1tica de pesquisa;<\/li><li>Produ\u00e7\u00e3o midi\u00e1tica: o ir e vir entre teoria, metodologia e an\u00e1lise;<\/li><li>A an\u00e1lise de conte\u00fado nas pesquisas brasileiras em comunica\u00e7\u00e3o: aplica\u00e7\u00f5es e deriva\u00e7\u00f5es do m\u00e9todo;<\/li><li>Subjetividades, estranhamentos e situacionalidades: contribui\u00e7\u00f5es da antropologia para a pesquisa em jornalismo;<\/li><li>Netnografia e an\u00e1lise de redes sociais: m\u00e9todos para investiga\u00e7\u00e3o de inclus\u00e3o social via socializa\u00e7\u00e3o online de pessoas com necessidades especiais;<\/li><li>Aproxima\u00e7\u00f5es a uma abordagem te\u00f3rico-metodol\u00f3gica a partir do newsmaking;<\/li><li>Socioan\u00e1lise comunicacional como dispositivo de an\u00e1lise, diagn\u00f3stico e interven\u00e7\u00e3o;<\/li><li>Sobre a possibilidade de ensinar o labor cient\u00edfico da investiga\u00e7\u00e3o: indaga\u00e7\u00f5es acerca da pr\u00e1tica metodol\u00f3gica acad\u00eamica.<\/li><\/ul><\/div>\n\t\t\t\t\t\t\t\t\t<div class=\"elementor-tab-title elementor-tab-mobile-title\" aria-selected=\"false\" data-tab=\"3\" role=\"tab\" tabindex=\"-1\" aria-controls=\"elementor-tab-content-2123\" aria-expanded=\"false\">Autoria<\/div>\n\t\t\t\t\t<div id=\"elementor-tab-content-2123\" class=\"elementor-tab-content elementor-clearfix\" data-tab=\"3\" role=\"tabpanel\" aria-labelledby=\"elementor-tab-title-2123\" tabindex=\"0\" hidden=\"hidden\"><div style=\"color: #333333;font-family: 'Helvetica Neue', Helvetica, Arial, sans-serif;font-size: 14px\"><span style=\"color: #000000;font-size: 12pt;font-family: georgia, palatino, serif\"><b>Organizadoras:<\/b><\/span><\/div><div style=\"color: #333333;font-family: 'Helvetica Neue', Helvetica, Arial, sans-serif;font-size: 14px\"><span style=\"color: #000000;font-size: 12pt;font-family: georgia, palatino, serif\">Eugenia Mariano da Rocha Barichello e Anelise Rublescki.<\/span><br \/><span style=\"color: #000000;font-size: 12pt;font-family: georgia, palatino, serif\"><br \/><\/span><\/div><div style=\"color: #333333;font-family: 'Helvetica Neue', Helvetica, Arial, sans-serif;font-size: 14px\"><span style=\"font-family: georgia, palatino, serif;font-size: 12pt\"><b>Autores:<\/b><\/span><\/div><div style=\"color: #333333;font-family: 'Helvetica Neue', Helvetica, Arial, sans-serif;font-size: 14px\"><div class=\"ds-dc_contributor_author-authority\">Eugenia Mariano da Rocha Barichello,<\/div><div class=\"ds-dc_contributor_author-authority\">Anelise Rublescki,<\/div><div class=\"ds-dc_contributor_author-authority\">Eduardo A. Vizer,<\/div><div class=\"ds-dc_contributor_author-authority\">Helenice Carvalho,<\/div><div class=\"ds-dc_contributor_author-authority\">Alexandre Rocha da Silva,<\/div><div class=\"ds-dc_contributor_author-authority\">Jo\u00e3o Fabricio Flores da Cunha,<\/div><div class=\"ds-dc_contributor_author-authority\">Elizabeth Bastos Duarte,<\/div><div class=\"ds-dc_contributor_author-authority\">Maria L\u00edlia Dias de Castro,<\/div><div class=\"ds-dc_contributor_author-authority\">Mirian Quadros,<\/div><div class=\"ds-dc_contributor_author-authority\">Gabriela Assmann,<\/div><div class=\"ds-dc_contributor_author-authority\">Debora Cristina Lopez,<\/div><div class=\"ds-dc_contributor_author-authority\">Juliana Loureiro de Oliveira,<\/div><div class=\"ds-dc_contributor_author-authority\">Virginia Pradelina da Silveira Fonseca,<\/div><div class=\"ds-dc_contributor_author-authority\">Sandra Portella Montardo,<\/div><div class=\"ds-dc_contributor_author-authority\">Marizandra Rutilli,<\/div><div class=\"ds-dc_contributor_author-authority\">Ada Cristina Machado da Silveira.<\/div><\/div><\/div>\n\t\t\t\t\t\t\t\t\t<div class=\"elementor-tab-title elementor-tab-mobile-title\" aria-selected=\"false\" data-tab=\"4\" role=\"tab\" tabindex=\"-1\" aria-controls=\"elementor-tab-content-2124\" aria-expanded=\"false\">Licen\u00e7a Creative Commons<\/div>\n\t\t\t\t\t<div id=\"elementor-tab-content-2124\" class=\"elementor-tab-content elementor-clearfix\" data-tab=\"4\" role=\"tabpanel\" aria-labelledby=\"elementor-tab-title-2124\" tabindex=\"0\" hidden=\"hidden\"><p><span style=\"color: #000000;font-size: 16px\">Esta obra est\u00e1 licenciada sob uma Licen\u00e7a Creative\u00a0Commons Atribui\u00e7\u00e3o-N\u00e3oComercial-SemDeriva\u00e7\u00f5es 4.0\u00a0Internacional. Para ver uma c\u00f3pia desta licen\u00e7a, visite:\u00a0<\/span><a style=\"background-color: #ffffff;font-size: 1rem\" href=\"http:\/\/creativecommons.org\/licenses\/by-nc-nd\/4.0\/\" target=\"_blank\" rel=\"noopener\">http:\/\/creativecommons.org\/licenses\/by-nc-nd\/4.0\/<\/a><\/p><\/div>\n\t\t\t\t\t\t\t<\/div>\n\t\t<\/div>\n\t\t\t\t<\/div>\n\t\t\t\t<\/div>\n\t\t\t\t\t<\/div>\n\t\t<\/div>\n\t\t\t\t\t<\/div>\n\t\t<\/section>\n\t\t\t\t<section class=\"elementor-section elementor-top-section elementor-element elementor-element-7d9971f4 elementor-section-boxed elementor-section-height-default elementor-section-height-default\" data-id=\"7d9971f4\" data-element_type=\"section\">\n\t\t\t\t\t\t<div class=\"elementor-container elementor-column-gap-default\">\n\t\t\t\t\t<div class=\"elementor-column elementor-col-100 elementor-top-column elementor-element elementor-element-5740ed31\" data-id=\"5740ed31\" data-element_type=\"column\">\n\t\t\t<div class=\"elementor-widget-wrap elementor-element-populated\">\n\t\t\t\t\t\t<div class=\"elementor-element elementor-element-7e8eda25 elementor-widget elementor-widget-wp-widget-ufsm_noticias_widget\" data-id=\"7e8eda25\" data-element_type=\"widget\" data-widget_type=\"wp-widget-ufsm_noticias_widget.default\">\n\t\t\t\t<div class=\"elementor-widget-container\">\n\t\t\t<h5 class='titulo-conteudos'>Publica\u00e7\u00f5es Relacionadas<\/h5><div class='widget-noticias-inside'>\n                        <div class=\"row\">\n                                    <div class=\"col-12 col-lg-12 pb-4\">\n                                        \n                                        \n                    \n                    <a class=\"noticias-widget-title d-block \"  title=\"Territ\u00f3rios conectados pela sororidade\" href=\"https:\/\/www.ufsm.br\/editoras\/facos\/territorios-conectados-pela-sororidade\">\n                                                Territ\u00f3rios conectados pela sororidade                    <\/a>\n                    \n                    \n                                        \n                                        \n                                        <\/div>\n                            <\/div>\n                    <div class=\"row\">\n                                    <div class=\"col-12 col-lg-12 pb-4\">\n                                        \n                                        \n                    \n                    <a class=\"noticias-widget-title d-block \"  title=\"Jornalismo e mem\u00f3ria: escrituras poss\u00edveis, lugares (in)comuns\" href=\"https:\/\/www.ufsm.br\/editoras\/facos\/jornalismo-e-memoria-escrituras-possiveis-lugares-incomuns\">\n                                                Jornalismo e mem\u00f3ria: escrituras poss\u00edveis, lugares (in)comuns                    <\/a>\n                    \n                    \n                                        \n                                        \n                                        <\/div>\n                            <\/div>\n                    <div class=\"row\">\n                                    <div class=\"col-12 col-lg-12 pb-4\">\n                                        \n                                        \n                    \n                    <a class=\"noticias-widget-title d-block \"  title=\"Pesquisa e Desenvolvimento Criativo para divulga\u00e7\u00e3o de Indicadores da Educa\u00e7\u00e3o Superior\" href=\"https:\/\/www.ufsm.br\/editoras\/facos\/pesquisa-e-desenvolvimento-criativo-para-divulgacao-de-indicadores-da-educacao-superior\">\n                                                Pesquisa e Desenvolvimento Criativo para divulga\u00e7\u00e3o de Indicadores da Educa\u00e7\u00e3o Superior                    <\/a>\n                    \n                    \n                                        \n                                        \n                                        <\/div>\n                            <\/div>\n                    <div class=\"row\">\n                                    <div class=\"col-12 col-lg-12 pb-4\">\n                                        \n                                        \n                    \n                    <a class=\"noticias-widget-title d-block \"  title=\"Investigar en plataformas medi\u00e1ticas desde Am\u00e9rica Latina: Um estado de situa\u00e7\u00e3o e uma ferramenta para o di\u00e1logo\" href=\"https:\/\/www.ufsm.br\/editoras\/facos\/investigar-en-plataformas-mediaticas-desde-america-latina-um-estado-de-situacao-e-uma-ferramenta-para-o-dialogo\">\n                                                Investigar en plataformas medi\u00e1ticas desde Am\u00e9rica Latina: Um estado de situa\u00e7\u00e3o e uma ferramenta para o di\u00e1logo                    <\/a>\n                    \n                    \n                                        \n                                        \n                                        <\/div>\n                            <\/div>\n                    <div class=\"row\">\n                                    <div class=\"col-12 col-lg-12 pb-4\">\n                                        \n                                        \n                    \n                    <a class=\"noticias-widget-title d-block \"  title=\"Publicidade contempor\u00e2nea: pensamentos brasileiros &#8211; vol. 2\" href=\"https:\/\/www.ufsm.br\/editoras\/facos\/publicidade-contemporanea-pensamentos-brasileiros-vol-2\">\n                                                Publicidade contempor\u00e2nea: pensamentos brasileiros &#8211; vol. 2                    <\/a>\n                    \n                    \n                                        \n                                        \n                                        <\/div>\n                            <\/div>\n            <\/div>\n\t\t<\/div>\n\t\t\t\t<\/div>\n\t\t\t\t\t<\/div>\n\t\t<\/div>\n\t\t\t\t\t<\/div>\n\t\t<\/section>\n\t\t\t\t<\/div>\n\t\t","protected":false},"excerpt":{"rendered":"<p>Pesquisa em Comunica\u00e7\u00e3o: olhares e abordagens Eugenia Mariano da Rocha Barichello e Anelise Rublescki (organizadoras) &#8220;Se \u00e9 o objeto que demanda o percurso metodol\u00f3gico em qualquer pesquisa, tamb\u00e9m \u00e9 verdadeiro que sempre h\u00e1 m\u00faltiplos caminhos e olhares poss\u00edveis de acordo com a forma\u00e7\u00e3o te\u00f3rica e epistemol\u00f3gica dos autores. O livro Pesquisas em Comunica\u00e7\u00e3o: olhares e [&hellip;]<\/p>\n","protected":false},"author":3829,"featured_media":449,"parent":0,"menu_order":0,"comment_status":"closed","ping_status":"closed","template":"","meta":{"footnotes":""},"categories":[24,136,137,152],"tags":[],"class_list":["post-333","page","type-page","status-publish","has-post-thumbnail","hentry","category-comunicacao","category-jornalismo","category-midia","category-relacoes-publicas"],"acf":[],"_links":{"self":[{"href":"https:\/\/www.ufsm.br\/editoras\/facos\/wp-json\/wp\/v2\/pages\/333","targetHints":{"allow":["GET"]}}],"collection":[{"href":"https:\/\/www.ufsm.br\/editoras\/facos\/wp-json\/wp\/v2\/pages"}],"about":[{"href":"https:\/\/www.ufsm.br\/editoras\/facos\/wp-json\/wp\/v2\/types\/page"}],"author":[{"embeddable":true,"href":"https:\/\/www.ufsm.br\/editoras\/facos\/wp-json\/wp\/v2\/users\/3829"}],"replies":[{"embeddable":true,"href":"https:\/\/www.ufsm.br\/editoras\/facos\/wp-json\/wp\/v2\/comments?post=333"}],"version-history":[{"count":0,"href":"https:\/\/www.ufsm.br\/editoras\/facos\/wp-json\/wp\/v2\/pages\/333\/revisions"}],"wp:featuredmedia":[{"embeddable":true,"href":"https:\/\/www.ufsm.br\/editoras\/facos\/wp-json\/wp\/v2\/media\/449"}],"wp:attachment":[{"href":"https:\/\/www.ufsm.br\/editoras\/facos\/wp-json\/wp\/v2\/media?parent=333"}],"wp:term":[{"taxonomy":"category","embeddable":true,"href":"https:\/\/www.ufsm.br\/editoras\/facos\/wp-json\/wp\/v2\/categories?post=333"},{"taxonomy":"post_tag","embeddable":true,"href":"https:\/\/www.ufsm.br\/editoras\/facos\/wp-json\/wp\/v2\/tags?post=333"}],"curies":[{"name":"wp","href":"https:\/\/api.w.org\/{rel}","templated":true}]}}