{"id":434,"date":"2023-01-31T11:07:44","date_gmt":"2023-01-31T14:07:44","guid":{"rendered":"https:\/\/www.ufsm.br\/editoras\/facos\/?page_id=434"},"modified":"2024-02-12T17:15:34","modified_gmt":"2024-02-12T20:15:34","slug":"laboratorio-lageolam-ufsm-25-anos-estudando-areas-de-risco-a-desastres-naturais-volume-1-o-periodo-de-1995-a-2010","status":"publish","type":"page","link":"https:\/\/www.ufsm.br\/editoras\/facos\/laboratorio-lageolam-ufsm-25-anos-estudando-areas-de-risco-a-desastres-naturais-volume-1-o-periodo-de-1995-a-2010","title":{"rendered":"Laborat\u00f3rio LAGEOLAM\/UFSM: 25 anos estudando \u00e1reas de risco a desastres naturais &#8211; volume 1 &#8211; o per\u00edodo de 1995 a 2010"},"content":{"rendered":"\t\t<div data-elementor-type=\"wp-page\" data-elementor-id=\"434\" class=\"elementor elementor-434\">\n\t\t\t\t\t\t<section class=\"elementor-section elementor-top-section elementor-element elementor-element-5a64c556 elementor-section-boxed elementor-section-height-default elementor-section-height-default\" data-id=\"5a64c556\" data-element_type=\"section\">\n\t\t\t\t\t\t<div class=\"elementor-container elementor-column-gap-default\">\n\t\t\t\t\t<div class=\"elementor-column elementor-col-100 elementor-top-column elementor-element elementor-element-3226edfb\" data-id=\"3226edfb\" data-element_type=\"column\">\n\t\t\t<div class=\"elementor-widget-wrap elementor-element-populated\">\n\t\t\t\t\t\t<div class=\"elementor-element elementor-element-1825a27a elementor-widget elementor-widget-text-editor\" data-id=\"1825a27a\" data-element_type=\"widget\" data-widget_type=\"text-editor.default\">\n\t\t\t\t<div class=\"elementor-widget-container\">\n\t\t\t\t\t\t\t<h2 class=\"page-header first-page-header\">Laborat\u00f3rio LAGEOLAM\/UFSM: 25 anos estudando \u00e1reas de risco a desastres naturais &#8211; volume 1 &#8211; o per\u00edodo de 1995 a 2010<\/h2><h6>Lu\u00eds Eduardo de Souza Robaina e Romario Trentin (organizadores)<\/h6>\t\t\t\t\t\t<\/div>\n\t\t\t\t<\/div>\n\t\t\t\t\t<\/div>\n\t\t<\/div>\n\t\t\t\t\t<\/div>\n\t\t<\/section>\n\t\t\t\t<section class=\"elementor-section elementor-top-section elementor-element elementor-element-4698b8e7 elementor-section-boxed elementor-section-height-default elementor-section-height-default\" data-id=\"4698b8e7\" data-element_type=\"section\">\n\t\t\t\t\t\t<div class=\"elementor-container elementor-column-gap-default\">\n\t\t\t\t\t<div class=\"elementor-column elementor-col-100 elementor-top-column elementor-element elementor-element-ea112bf\" data-id=\"ea112bf\" data-element_type=\"column\">\n\t\t\t<div class=\"elementor-widget-wrap elementor-element-populated\">\n\t\t\t\t\t\t<div class=\"elementor-element elementor-element-8b88abf elementor-widget elementor-widget-wp-widget-ufsm_manancial_ficha_apresentacao\" data-id=\"8b88abf\" data-element_type=\"widget\" data-widget_type=\"wp-widget-ufsm_manancial_ficha_apresentacao.default\">\n\t\t\t\t<div class=\"elementor-widget-container\">\n\t\t\t<div class=\"alert alert-info rounded-0 mt-3\" role=\"alert\">\n    <h4 class=\"alert-heading\">Ocorreu um erro durante a exibi\u00e7\u00e3o do widget<\/h4>\n        <p class='mb-0 '>Por favor, entre em contato com os administradores para resolu\u00e7\u00e3o.<\/p><\/div>\n\t\t<\/div>\n\t\t\t\t<\/div>\n\t\t\t\t<div class=\"elementor-element elementor-element-53bd04e2 elementor-widget elementor-widget-spacer\" data-id=\"53bd04e2\" data-element_type=\"widget\" data-widget_type=\"spacer.default\">\n\t\t\t\t<div class=\"elementor-widget-container\">\n\t\t\t\t\t<div class=\"elementor-spacer\">\n\t\t\t<div class=\"elementor-spacer-inner\"><\/div>\n\t\t<\/div>\n\t\t\t\t<\/div>\n\t\t\t\t<\/div>\n\t\t\t\t<div class=\"elementor-element elementor-element-5ad5d4cd elementor-widget elementor-widget-wp-widget-ufsm_noticias_widget\" data-id=\"5ad5d4cd\" data-element_type=\"widget\" data-widget_type=\"wp-widget-ufsm_noticias_widget.default\">\n\t\t\t\t<div class=\"elementor-widget-container\">\n\t\t\t<h5 class='titulo-conteudos'>Publica\u00e7\u00f5es Relacionadas<\/h5><div class='widget-noticias-inside'>\n                        <div class=\"row\">\n                                    <div class=\"col-12 col-lg-3 pb-4\">\n                                            <div class=\"noticias-widget-wrap\" style=\"height: 280px; overflow: hidden;\">\n                            <a title=\"Territ\u00f3rios conectados pela sororidade\" href=\"https:\/\/www.ufsm.br\/editoras\/facos\/territorios-conectados-pela-sororidade\">\n                                <span class=\"visually-hidden\">\n                                    Territ\u00f3rios conectados pela sororidade                                <\/span>\n                                <div class=\"noticias-widget-thumbs h-100\">\n                                    <img decoding=\"async\" class=\"object-fit-cover h-100 w-100\" alt=\"\" srcset=\"https:\/\/www.ufsm.br\/app\/uploads\/sites\/746\/2026\/03\/Territorios-conectados-212x300.jpg 212w, https:\/\/www.ufsm.br\/app\/uploads\/sites\/746\/2026\/03\/Territorios-conectados-724x1024.jpg 724w, https:\/\/www.ufsm.br\/app\/uploads\/sites\/746\/2026\/03\/Territorios-conectados-768x1086.jpg 768w, https:\/\/www.ufsm.br\/app\/uploads\/sites\/746\/2026\/03\/Territorios-conectados-1086x1536.jpg 1086w, https:\/\/www.ufsm.br\/app\/uploads\/sites\/746\/2026\/03\/Territorios-conectados-1448x2048.jpg 1448w, https:\/\/www.ufsm.br\/app\/uploads\/sites\/746\/2026\/03\/Territorios-conectados-scaled.jpg 1810w\" src=\"https:\/\/www.ufsm.br\/app\/uploads\/sites\/746\/2026\/03\/Territorios-conectados-724x1024.jpg\"><\/img>\n                                <\/div>\n                            <\/a>\n                        <\/div>\n                                        \n                                        \n                    \n                    <a class=\"noticias-widget-title d-block  m-0 \"  title=\"Territ\u00f3rios conectados pela sororidade\" href=\"https:\/\/www.ufsm.br\/editoras\/facos\/territorios-conectados-pela-sororidade\">\n                                                Territ\u00f3rios conectados pela sororidade                    <\/a>\n                    \n                    \n                                        \n                                        \n                                        <\/div>\n                                    <div class=\"col-12 col-lg-3 pb-4\">\n                                            <div class=\"noticias-widget-wrap\" style=\"height: 280px; overflow: hidden;\">\n                            <a title=\"Capa do livro jornalismo e mem\u00f3ria\" href=\"https:\/\/www.ufsm.br\/editoras\/facos\/jornalismo-e-memoria-escrituras-possiveis-lugares-incomuns\">\n                                <span class=\"visually-hidden\">\n                                    Capa do livro jornalismo e mem\u00f3ria                                <\/span>\n                                <div class=\"noticias-widget-thumbs h-100\">\n                                    <img decoding=\"async\" class=\"object-fit-cover h-100 w-100\" alt=\"\" srcset=\"https:\/\/www.ufsm.br\/app\/uploads\/sites\/746\/2025\/12\/Jornalismo_e_memoria-212x300.jpg 212w, https:\/\/www.ufsm.br\/app\/uploads\/sites\/746\/2025\/12\/Jornalismo_e_memoria-724x1024.jpg 724w, https:\/\/www.ufsm.br\/app\/uploads\/sites\/746\/2025\/12\/Jornalismo_e_memoria-768x1086.jpg 768w, https:\/\/www.ufsm.br\/app\/uploads\/sites\/746\/2025\/12\/Jornalismo_e_memoria-1086x1536.jpg 1086w, https:\/\/www.ufsm.br\/app\/uploads\/sites\/746\/2025\/12\/Jornalismo_e_memoria-1448x2048.jpg 1448w, https:\/\/www.ufsm.br\/app\/uploads\/sites\/746\/2025\/12\/Jornalismo_e_memoria.jpg 1655w\" src=\"https:\/\/www.ufsm.br\/app\/uploads\/sites\/746\/2025\/12\/Jornalismo_e_memoria-724x1024.jpg\"><\/img>\n                                <\/div>\n                            <\/a>\n                        <\/div>\n                                        \n                                        \n                    \n                    <a class=\"noticias-widget-title d-block  m-0 \"  title=\"Jornalismo e mem\u00f3ria: escrituras poss\u00edveis, lugares (in)comuns\" href=\"https:\/\/www.ufsm.br\/editoras\/facos\/jornalismo-e-memoria-escrituras-possiveis-lugares-incomuns\">\n                                                Jornalismo e mem\u00f3ria: escrituras poss\u00edveis, lugares (in)comuns                    <\/a>\n                    \n                    \n                                        \n                                        \n                                        <\/div>\n                                    <div class=\"col-12 col-lg-3 pb-4\">\n                                            <div class=\"noticias-widget-wrap\" style=\"height: 280px; overflow: hidden;\">\n                            <a title=\"Capa do livro Pesquisa e Desenvolvimento Criativo para divulga\u00e7\u00e3o de Indicadores da Educa\u00e7\u00e3o Superior\" href=\"https:\/\/www.ufsm.br\/editoras\/facos\/pesquisa-e-desenvolvimento-criativo-para-divulgacao-de-indicadores-da-educacao-superior\">\n                                <span class=\"visually-hidden\">\n                                    Capa do livro Pesquisa e Desenvolvimento Criativo para divulga\u00e7\u00e3o de Indicadores da Educa\u00e7\u00e3o Superior                                <\/span>\n                                <div class=\"noticias-widget-thumbs h-100\">\n                                    <img decoding=\"async\" class=\"object-fit-cover h-100 w-100\" alt=\"\" srcset=\"https:\/\/www.ufsm.br\/app\/uploads\/sites\/746\/2025\/10\/IMG-20251006-WA0112-212x300.jpg 212w, https:\/\/www.ufsm.br\/app\/uploads\/sites\/746\/2025\/10\/IMG-20251006-WA0112-722x1024.jpg 722w, https:\/\/www.ufsm.br\/app\/uploads\/sites\/746\/2025\/10\/IMG-20251006-WA0112-768x1089.jpg 768w, https:\/\/www.ufsm.br\/app\/uploads\/sites\/746\/2025\/10\/IMG-20251006-WA0112.jpg 840w\" src=\"https:\/\/www.ufsm.br\/app\/uploads\/sites\/746\/2025\/10\/IMG-20251006-WA0112-722x1024.jpg\"><\/img>\n                                <\/div>\n                            <\/a>\n                        <\/div>\n                                        \n                                        \n                    \n                    <a class=\"noticias-widget-title d-block  m-0 \"  title=\"Pesquisa e Desenvolvimento Criativo para divulga\u00e7\u00e3o de Indicadores da Educa\u00e7\u00e3o Superior\" href=\"https:\/\/www.ufsm.br\/editoras\/facos\/pesquisa-e-desenvolvimento-criativo-para-divulgacao-de-indicadores-da-educacao-superior\">\n                                                Pesquisa e Desenvolvimento Criativo para divulga\u00e7\u00e3o de Indicadores da Educa\u00e7\u00e3o Superior                    <\/a>\n                    \n                    \n                                        \n                                        \n                                        <\/div>\n                                    <div class=\"col-12 col-lg-3 pb-4\">\n                                            <div class=\"noticias-widget-wrap\" style=\"height: 280px; overflow: hidden;\">\n                            <a title=\"Capa do livro Investigar en plataformas\" href=\"https:\/\/www.ufsm.br\/editoras\/facos\/investigar-en-plataformas-mediaticas-desde-america-latina-um-estado-de-situacao-e-uma-ferramenta-para-o-dialogo\">\n                                <span class=\"visually-hidden\">\n                                    Capa do livro Investigar en plataformas                                <\/span>\n                                <div class=\"noticias-widget-thumbs h-100\">\n                                    <img decoding=\"async\" class=\"object-fit-cover h-100 w-100\" alt=\"\" srcset=\"https:\/\/www.ufsm.br\/app\/uploads\/sites\/746\/2025\/09\/investigar-en-plataformas-212x300.png 212w, https:\/\/www.ufsm.br\/app\/uploads\/sites\/746\/2025\/09\/investigar-en-plataformas-724x1024.png 724w, https:\/\/www.ufsm.br\/app\/uploads\/sites\/746\/2025\/09\/investigar-en-plataformas-768x1086.png 768w, https:\/\/www.ufsm.br\/app\/uploads\/sites\/746\/2025\/09\/investigar-en-plataformas-1086x1536.png 1086w, https:\/\/www.ufsm.br\/app\/uploads\/sites\/746\/2025\/09\/investigar-en-plataformas.png 1240w\" src=\"https:\/\/www.ufsm.br\/app\/uploads\/sites\/746\/2025\/09\/investigar-en-plataformas-724x1024.png\"><\/img>\n                                <\/div>\n                            <\/a>\n                        <\/div>\n                                        \n                                        \n                    \n                    <a class=\"noticias-widget-title d-block  m-0 \"  title=\"Investigar en plataformas medi\u00e1ticas desde Am\u00e9rica Latina: Um estado de situa\u00e7\u00e3o e uma ferramenta para o di\u00e1logo\" href=\"https:\/\/www.ufsm.br\/editoras\/facos\/investigar-en-plataformas-mediaticas-desde-america-latina-um-estado-de-situacao-e-uma-ferramenta-para-o-dialogo\">\n                                                Investigar en plataformas medi\u00e1ticas desde Am\u00e9rica Latina: Um estado de situa\u00e7\u00e3o e uma ferramenta para o di\u00e1logo                    <\/a>\n                    \n                    \n                                        \n                                        \n                                        <\/div>\n                            <\/div>\n            <\/div>\n\t\t<\/div>\n\t\t\t\t<\/div>\n\t\t\t\t\t<\/div>\n\t\t<\/div>\n\t\t\t\t\t<\/div>\n\t\t<\/section>\n\t\t\t\t<\/div>\n\t\t","protected":false},"excerpt":{"rendered":"<p>Laborat\u00f3rio LAGEOLAM\/UFSM: 25 anos estudando \u00e1reas de risco a desastres naturais &#8211; volume 1 &#8211; o per\u00edodo de 1995 a 2010 Lu\u00eds Eduardo de Souza Robaina e Romario Trentin (organizadores)<\/p>\n","protected":false},"author":2180,"featured_media":435,"parent":0,"menu_order":0,"comment_status":"closed","ping_status":"closed","template":"","meta":{"footnotes":""},"categories":[138,151],"tags":[],"class_list":["post-434","page","type-page","status-publish","has-post-thumbnail","hentry","category-educacao","category-ambiente"],"acf":[],"_links":{"self":[{"href":"https:\/\/www.ufsm.br\/editoras\/facos\/wp-json\/wp\/v2\/pages\/434","targetHints":{"allow":["GET"]}}],"collection":[{"href":"https:\/\/www.ufsm.br\/editoras\/facos\/wp-json\/wp\/v2\/pages"}],"about":[{"href":"https:\/\/www.ufsm.br\/editoras\/facos\/wp-json\/wp\/v2\/types\/page"}],"author":[{"embeddable":true,"href":"https:\/\/www.ufsm.br\/editoras\/facos\/wp-json\/wp\/v2\/users\/2180"}],"replies":[{"embeddable":true,"href":"https:\/\/www.ufsm.br\/editoras\/facos\/wp-json\/wp\/v2\/comments?post=434"}],"version-history":[{"count":0,"href":"https:\/\/www.ufsm.br\/editoras\/facos\/wp-json\/wp\/v2\/pages\/434\/revisions"}],"wp:featuredmedia":[{"embeddable":true,"href":"https:\/\/www.ufsm.br\/editoras\/facos\/wp-json\/wp\/v2\/media\/435"}],"wp:attachment":[{"href":"https:\/\/www.ufsm.br\/editoras\/facos\/wp-json\/wp\/v2\/media?parent=434"}],"wp:term":[{"taxonomy":"category","embeddable":true,"href":"https:\/\/www.ufsm.br\/editoras\/facos\/wp-json\/wp\/v2\/categories?post=434"},{"taxonomy":"post_tag","embeddable":true,"href":"https:\/\/www.ufsm.br\/editoras\/facos\/wp-json\/wp\/v2\/tags?post=434"}],"curies":[{"name":"wp","href":"https:\/\/api.w.org\/{rel}","templated":true}]}}

Laboratório LAGEOLAM/UFSM: 25 anos estudando áreas de risco a desastres naturais &#8211; volume 1 &#8211; o período de 1995 a 2010

<div data-elementor-type="wp-page" data-elementor-id="434" class="elementor elementor-434">
						<section class="elementor-section elementor-top-section elementor-element elementor-element-5a64c556 elementor-section-boxed elementor-section-height-default elementor-section-height-default" data-id="5a64c556" data-element_type="section">
						<div class="elementor-container elementor-column-gap-default">
					<div class="elementor-column elementor-col-100 elementor-top-column elementor-element elementor-element-3226edfb" data-id="3226edfb" data-element_type="column">
			<div class="elementor-widget-wrap elementor-element-populated">
						<div class="elementor-element elementor-element-1825a27a elementor-widget elementor-widget-text-editor" data-id="1825a27a" data-element_type="widget" data-widget_type="text-editor.default">
				<div class="elementor-widget-container">
							<h2 class="page-header first-page-header">Laboratório LAGEOLAM/UFSM: 25 anos estudando áreas de risco a desastres naturais &#8211; volume 1 &#8211; o período de 1995 a 2010</h2><h6>Luís Eduardo de Souza Robaina e Romario Trentin (organizadores)</h6>						</div>
				</div>
					</div>
		</div>
					</div>
		</section>
				<section class="elementor-section elementor-top-section elementor-element elementor-element-4698b8e7 elementor-section-boxed elementor-section-height-default elementor-section-height-default" data-id="4698b8e7" data-element_type="section">
						<div class="elementor-container elementor-column-gap-default">
					<div class="elementor-column elementor-col-100 elementor-top-column elementor-element elementor-element-ea112bf" data-id="ea112bf" data-element_type="column">
			<div class="elementor-widget-wrap elementor-element-populated">
						<div class="elementor-element elementor-element-8b88abf elementor-widget elementor-widget-wp-widget-ufsm_manancial_ficha_apresentacao" data-id="8b88abf" data-element_type="widget" data-widget_type="wp-widget-ufsm_manancial_ficha_apresentacao.default">
				<div class="elementor-widget-container">
			<div class="alert alert-info rounded-0 mt-3" role="alert">
    <h4 class="alert-heading">Ocorreu um erro durante a exibição do widget</h4>
        <p class='mb-0 '>Por favor, entre em contato com os administradores para resolução.</p></div>
		</div>
				</div>
				<div class="elementor-element elementor-element-53bd04e2 elementor-widget elementor-widget-spacer" data-id="53bd04e2" data-element_type="widget" data-widget_type="spacer.default">
				<div class="elementor-widget-container">
					<div class="elementor-spacer">
			<div class="elementor-spacer-inner"></div>
		</div>
				</div>
				</div>
				<div class="elementor-element elementor-element-5ad5d4cd elementor-widget elementor-widget-wp-widget-ufsm_noticias_widget" data-id="5ad5d4cd" data-element_type="widget" data-widget_type="wp-widget-ufsm_noticias_widget.default">
				<div class="elementor-widget-container">
			<h5 class='titulo-conteudos'>Publicações Relacionadas</h5><div class='widget-noticias-inside'>
                        <div class="row">
                                    <div class="col-12 col-lg-3 pb-4">
                                            <div class="noticias-widget-wrap" style="height: 280px; overflow: hidden;">
                            <a title="Territórios conectados pela sororidade" href="https://www.ufsm.br/editoras/facos/territorios-conectados-pela-sororidade">
                                <span class="visually-hidden">
                                    Territórios conectados pela sororidade                                </span>
                                <div class="noticias-widget-thumbs h-100">
                                    <img decoding="async" class="object-fit-cover h-100 w-100" alt="" srcset="https://www.ufsm.br/app/uploads/sites/746/2026/03/Territorios-conectados-212x300.jpg 212w, https://www.ufsm.br/app/uploads/sites/746/2026/03/Territorios-conectados-724x1024.jpg 724w, https://www.ufsm.br/app/uploads/sites/746/2026/03/Territorios-conectados-768x1086.jpg 768w, https://www.ufsm.br/app/uploads/sites/746/2026/03/Territorios-conectados-1086x1536.jpg 1086w, https://www.ufsm.br/app/uploads/sites/746/2026/03/Territorios-conectados-1448x2048.jpg 1448w, https://www.ufsm.br/app/uploads/sites/746/2026/03/Territorios-conectados-scaled.jpg 1810w" src="https://www.ufsm.br/app/uploads/sites/746/2026/03/Territorios-conectados-724x1024.jpg"></img>
                                </div>
                            </a>
                        </div>
                                        
                                        
                    
                    <a class="noticias-widget-title d-block  m-0 "  title="Territórios conectados pela sororidade" href="https://www.ufsm.br/editoras/facos/territorios-conectados-pela-sororidade">
                                                Territórios conectados pela sororidade                    </a>
                    
                    
                                        
                                        
                                        </div>
                                    <div class="col-12 col-lg-3 pb-4">
                                            <div class="noticias-widget-wrap" style="height: 280px; overflow: hidden;">
                            <a title="Capa do livro jornalismo e memória" href="https://www.ufsm.br/editoras/facos/jornalismo-e-memoria-escrituras-possiveis-lugares-incomuns">
                                <span class="visually-hidden">
                                    Capa do livro jornalismo e memória                                </span>
                                <div class="noticias-widget-thumbs h-100">
                                    <img decoding="async" class="object-fit-cover h-100 w-100" alt="" srcset="https://www.ufsm.br/app/uploads/sites/746/2025/12/Jornalismo_e_memoria-212x300.jpg 212w, https://www.ufsm.br/app/uploads/sites/746/2025/12/Jornalismo_e_memoria-724x1024.jpg 724w, https://www.ufsm.br/app/uploads/sites/746/2025/12/Jornalismo_e_memoria-768x1086.jpg 768w, https://www.ufsm.br/app/uploads/sites/746/2025/12/Jornalismo_e_memoria-1086x1536.jpg 1086w, https://www.ufsm.br/app/uploads/sites/746/2025/12/Jornalismo_e_memoria-1448x2048.jpg 1448w, https://www.ufsm.br/app/uploads/sites/746/2025/12/Jornalismo_e_memoria.jpg 1655w" src="https://www.ufsm.br/app/uploads/sites/746/2025/12/Jornalismo_e_memoria-724x1024.jpg"></img>
                                </div>
                            </a>
                        </div>
                                        
                                        
                    
                    <a class="noticias-widget-title d-block  m-0 "  title="Jornalismo e memória: escrituras possíveis, lugares (in)comuns" href="https://www.ufsm.br/editoras/facos/jornalismo-e-memoria-escrituras-possiveis-lugares-incomuns">
                                                Jornalismo e memória: escrituras possíveis, lugares (in)comuns                    </a>
                    
                    
                                        
                                        
                                        </div>
                                    <div class="col-12 col-lg-3 pb-4">
                                            <div class="noticias-widget-wrap" style="height: 280px; overflow: hidden;">
                            <a title="Capa do livro Pesquisa e Desenvolvimento Criativo para divulgação de Indicadores da Educação Superior" href="https://www.ufsm.br/editoras/facos/pesquisa-e-desenvolvimento-criativo-para-divulgacao-de-indicadores-da-educacao-superior">
                                <span class="visually-hidden">
                                    Capa do livro Pesquisa e Desenvolvimento Criativo para divulgação de Indicadores da Educação Superior                                </span>
                                <div class="noticias-widget-thumbs h-100">
                                    <img decoding="async" class="object-fit-cover h-100 w-100" alt="" srcset="https://www.ufsm.br/app/uploads/sites/746/2025/10/IMG-20251006-WA0112-212x300.jpg 212w, https://www.ufsm.br/app/uploads/sites/746/2025/10/IMG-20251006-WA0112-722x1024.jpg 722w, https://www.ufsm.br/app/uploads/sites/746/2025/10/IMG-20251006-WA0112-768x1089.jpg 768w, https://www.ufsm.br/app/uploads/sites/746/2025/10/IMG-20251006-WA0112.jpg 840w" src="https://www.ufsm.br/app/uploads/sites/746/2025/10/IMG-20251006-WA0112-722x1024.jpg"></img>
                                </div>
                            </a>
                        </div>
                                        
                                        
                    
                    <a class="noticias-widget-title d-block  m-0 "  title="Pesquisa e Desenvolvimento Criativo para divulgação de Indicadores da Educação Superior" href="https://www.ufsm.br/editoras/facos/pesquisa-e-desenvolvimento-criativo-para-divulgacao-de-indicadores-da-educacao-superior">
                                                Pesquisa e Desenvolvimento Criativo para divulgação de Indicadores da Educação Superior                    </a>
                    
                    
                                        
                                        
                                        </div>
                                    <div class="col-12 col-lg-3 pb-4">
                                            <div class="noticias-widget-wrap" style="height: 280px; overflow: hidden;">
                            <a title="Capa do livro Investigar en plataformas" href="https://www.ufsm.br/editoras/facos/investigar-en-plataformas-mediaticas-desde-america-latina-um-estado-de-situacao-e-uma-ferramenta-para-o-dialogo">
                                <span class="visually-hidden">
                                    Capa do livro Investigar en plataformas                                </span>
                                <div class="noticias-widget-thumbs h-100">
                                    <img decoding="async" class="object-fit-cover h-100 w-100" alt="" srcset="https://www.ufsm.br/app/uploads/sites/746/2025/09/investigar-en-plataformas-212x300.png 212w, https://www.ufsm.br/app/uploads/sites/746/2025/09/investigar-en-plataformas-724x1024.png 724w, https://www.ufsm.br/app/uploads/sites/746/2025/09/investigar-en-plataformas-768x1086.png 768w, https://www.ufsm.br/app/uploads/sites/746/2025/09/investigar-en-plataformas-1086x1536.png 1086w, https://www.ufsm.br/app/uploads/sites/746/2025/09/investigar-en-plataformas.png 1240w" src="https://www.ufsm.br/app/uploads/sites/746/2025/09/investigar-en-plataformas-724x1024.png"></img>
                                </div>
                            </a>
                        </div>
                                        
                                        
                    
                    <a class="noticias-widget-title d-block  m-0 "  title="Investigar en plataformas mediáticas desde América Latina: Um estado de situação e uma ferramenta para o diálogo" href="https://www.ufsm.br/editoras/facos/investigar-en-plataformas-mediaticas-desde-america-latina-um-estado-de-situacao-e-uma-ferramenta-para-o-dialogo">
                                                Investigar en plataformas mediáticas desde América Latina: Um estado de situação e uma ferramenta para o diálogo                    </a>
                    
                    
                                        
                                        
                                        </div>
                            </div>
            </div>
		</div>
				</div>
					</div>
		</div>
					</div>
		</section>
				</div>

<p>Laboratório LAGEOLAM/UFSM: 25 anos estudando áreas de risco a desastres naturais &#8211; volume 1 &#8211; o período de 1995 a 2010 Luís Eduardo de Souza Robaina e Romario Trentin (organizadores)</p>
