{"id":548,"date":"2024-08-20T18:52:04","date_gmt":"2024-08-20T21:52:04","guid":{"rendered":"https:\/\/www.ufsm.br\/editoras\/facos\/?page_id=548"},"modified":"2026-01-07T15:58:24","modified_gmt":"2026-01-07T18:58:24","slug":"formacao-e-saberes-em-comunicacao-e-midia-volume-i","status":"publish","type":"page","link":"https:\/\/www.ufsm.br\/editoras\/facos\/formacao-e-saberes-em-comunicacao-e-midia-volume-i","title":{"rendered":"Forma\u00e7\u00e3o e saberes em comunica\u00e7\u00e3o e m\u00eddia: volume I"},"content":{"rendered":"\t\t<div data-elementor-type=\"wp-page\" data-elementor-id=\"548\" class=\"elementor elementor-548\">\n\t\t\t\t\t\t<section class=\"elementor-section elementor-top-section elementor-element elementor-element-defe028 elementor-section-boxed elementor-section-height-default elementor-section-height-default\" data-id=\"defe028\" data-element_type=\"section\">\n\t\t\t\t\t\t<div class=\"elementor-container elementor-column-gap-default\">\n\t\t\t\t\t<div class=\"elementor-column elementor-col-100 elementor-top-column elementor-element elementor-element-4594f75\" data-id=\"4594f75\" data-element_type=\"column\">\n\t\t\t<div class=\"elementor-widget-wrap elementor-element-populated\">\n\t\t\t\t\t\t<div class=\"elementor-element elementor-element-3ec7a07 elementor-widget elementor-widget-text-editor\" data-id=\"3ec7a07\" data-element_type=\"widget\" data-widget_type=\"text-editor.default\">\n\t\t\t\t<div class=\"elementor-widget-container\">\n\t\t\t\t\t\t\t<h1><strong>Forma\u00e7\u00e3o e saberes em comunica\u00e7\u00e3o e m\u00eddia &#8211; volume I<\/strong><\/h1><h6>Sandra Depexe, Maria Ivete Trevisan Foss\u00e1, Mar\u00edlia de Araujo Barcellos (orgs.)<\/h6>\t\t\t\t\t\t<\/div>\n\t\t\t\t<\/div>\n\t\t\t\t\t<\/div>\n\t\t<\/div>\n\t\t\t\t\t<\/div>\n\t\t<\/section>\n\t\t\t\t<section class=\"elementor-section elementor-top-section elementor-element elementor-element-a9e4632 elementor-section-boxed elementor-section-height-default elementor-section-height-default\" data-id=\"a9e4632\" data-element_type=\"section\">\n\t\t\t\t\t\t<div class=\"elementor-container elementor-column-gap-default\">\n\t\t\t\t\t<div class=\"elementor-column elementor-col-100 elementor-top-column elementor-element elementor-element-30a6cbc\" data-id=\"30a6cbc\" data-element_type=\"column\">\n\t\t\t<div class=\"elementor-widget-wrap elementor-element-populated\">\n\t\t\t\t\t\t<div class=\"elementor-element elementor-element-8188e9f elementor-widget elementor-widget-wp-widget-ufsm_manancial_ficha_apresentacao\" data-id=\"8188e9f\" data-element_type=\"widget\" data-widget_type=\"wp-widget-ufsm_manancial_ficha_apresentacao.default\">\n\t\t\t\t<div class=\"elementor-widget-container\">\n\t\t\t<div class=\"row g-0\">\n    <div class=\"col-12 col-lg-5\">\n        <div class=\"card rounded-0 bg-primary text-white\">\n                            <img decoding=\"async\" src=\"https:\/\/repositorio.ufsm.br\/bitstream\/handle\/1\/32849\/Ebook Depexe Foss\u00e1 e Barcellos-1_page-0001.jpg\" class=\"img-fluid img-thumbnail mx-5 mt-5 mb-1\" >\n                        <div class=\"card-body bg-transparent-on-contraste ms-4 ps-4 me-3\">\n                <p class=\"card-title fs-5 lh-sm\">Forma\u00e7\u00e3o e saberes em comunica\u00e7\u00e3o e m\u00eddia: volume I<\/p>\n                <div class=\"d-flex flex-wrap\">\n                    <a href=\"https:\/\/repositorio.ufsm.br\/handle\/1\/32849\" class=\"small link-light underline-on-hover me-3\" target=\"_blank\">\n                        <i class=\"fa fa-external-link me-1\" aria-hidden=\"true\"><\/i>\n                        Ver no Manancial\n                    <\/a>\n                                            <a href=\"https:\/\/repositorio.ufsm.br\/bitstream\/handle\/1\/32849\/Ebook Depexe Foss\u00e1 e Barcellos.pdf\" class=\"small link-light underline-on-hover\" target=\"_blank\">\n                            <i class=\"fa fa-file-pdf-o me-1\" aria-hidden=\"true\"><\/i>\n                            Ver o PDF\n                        <\/a>\n                                                        <\/div>\n            <\/div>\n        <\/div>\n    <\/div>\n    <div class=\"col-12 col-lg-7 d-flex\">\n        <div class=\"card rounded-0 rounded-end border-0 shadow w-100\">\n            <div class=\"card-body bg-transparent-on-contraste my-2 mx-3\">\n                <ul class=\"nav nav-pills justify-content-center\" id=\"e2eda057-140a-4437-9dbd-5ca3355b6352\" role=\"tablist\">\n                    <li class=\"nav-item\" role=\"presentation\">\n            <button class=\"nav-link active\" id=\"section-e2eda057-140a-4437-9dbd-5ca3355b6352-resumo-tab\" data-bs-toggle=\"tab\" data-bs-target=\"#section-e2eda057-140a-4437-9dbd-5ca3355b6352-resumo\" type=\"button\" role=\"tab\" aria-controls=\"section-e2eda057-140a-4437-9dbd-5ca3355b6352-resumo\"  aria-selected=\"true\" >Resumo<\/button>\n        <\/li>\n                    <li class=\"nav-item\" role=\"presentation\">\n            <button class=\"nav-link \" id=\"section-e2eda057-140a-4437-9dbd-5ca3355b6352-organizacao-tab\" data-bs-toggle=\"tab\" data-bs-target=\"#section-e2eda057-140a-4437-9dbd-5ca3355b6352-organizacao\" type=\"button\" role=\"tab\" aria-controls=\"section-e2eda057-140a-4437-9dbd-5ca3355b6352-organizacao\" >Organiza\u00e7\u00e3o<\/button>\n        <\/li>\n                    <li class=\"nav-item\" role=\"presentation\">\n            <button class=\"nav-link \" id=\"section-e2eda057-140a-4437-9dbd-5ca3355b6352-autoria-tab\" data-bs-toggle=\"tab\" data-bs-target=\"#section-e2eda057-140a-4437-9dbd-5ca3355b6352-autoria\" type=\"button\" role=\"tab\" aria-controls=\"section-e2eda057-140a-4437-9dbd-5ca3355b6352-autoria\" >Autoria<\/button>\n        <\/li>\n                    <li class=\"nav-item\" role=\"presentation\">\n            <button class=\"nav-link \" id=\"section-e2eda057-140a-4437-9dbd-5ca3355b6352-outros-dados-tab\" data-bs-toggle=\"tab\" data-bs-target=\"#section-e2eda057-140a-4437-9dbd-5ca3355b6352-outros-dados\" type=\"button\" role=\"tab\" aria-controls=\"section-e2eda057-140a-4437-9dbd-5ca3355b6352-outros-dados\" >Dados da Obra<\/button>\n        <\/li>\n                    <li class=\"nav-item\" role=\"presentation\">\n            <button class=\"nav-link \" id=\"section-e2eda057-140a-4437-9dbd-5ca3355b6352-cnpq-tab\" data-bs-toggle=\"tab\" data-bs-target=\"#section-e2eda057-140a-4437-9dbd-5ca3355b6352-cnpq\" type=\"button\" role=\"tab\" aria-controls=\"section-e2eda057-140a-4437-9dbd-5ca3355b6352-cnpq\" >CNPq<\/button>\n        <\/li>\n    <\/ul>\n<div class=\"tab-content\" id=\"e2eda057-140a-4437-9dbd-5ca3355b6352Content\">\n            <div class=\"tab-pane fade show active pt-3\" id=\"section-e2eda057-140a-4437-9dbd-5ca3355b6352-resumo\" role=\"tabpanel\" aria-labelledby=\"section-e2eda057-140a-4437-9dbd-5ca3355b6352-resumo-tab\">\n            A colet\u00e2nea Forma\u00e7\u00e3o e saberes em comunica\u00e7\u00e3o e m\u00eddia congrega esfor\u00e7os investigativos de autores, docentes e discentes do Programa de P\u00f3s-Gradua\u00e7\u00e3o em Comunica\u00e7\u00e3o da Universidade Federal de Santa Maria, envolvidos no tema da forma\u00e7\u00e3o e saberes nas diferentes pr\u00e1ticas profissionais em Comunica\u00e7\u00e3o. A obra pretende ser a primeira de uma s\u00e9rie dedicada ao tema. Na primeira parte, temas como as mudan\u00e7as na m\u00eddia, a forma\u00e7\u00e3o superior em jornalismo e em publicidade, e a forma\u00e7\u00e3o em cidadania comunicativa s\u00e3o analisados. Na segunda parte, pr\u00e1ticas profissionais de fotografia, cidadania, literatura e games, produ\u00e7\u00e3o editorial, juventude publicit\u00e1ria e jornalismo regional s\u00e3o estudados com vistas a registrar e refletir sobre pr\u00e1ticas profissionais emergentes em temas sens\u00edveis para a sociedade brasileira. Na terceira parte, a forma\u00e7\u00e3o superior em \r\nlaborat\u00f3rios did\u00e1ticos \u00e9 abordada atrav\u00e9s de um estudo etnogr\u00e1fico dedicado a compreender como ocorre a forma\u00e7\u00e3o audiovisual em contexto universit\u00e1rio.        <\/div>\n            <div class=\"tab-pane fade  pt-3\" id=\"section-e2eda057-140a-4437-9dbd-5ca3355b6352-organizacao\" role=\"tabpanel\" aria-labelledby=\"section-e2eda057-140a-4437-9dbd-5ca3355b6352-organizacao-tab\">\n            <div class=\"row row-cols-1 row-cols-md-2\">\n            <div class=\"col p-1\">\n            <div class=\"border-bottom border-1 h-100\">\n                Depexe, Sandra            <\/div>\n        <\/div>\n            <div class=\"col p-1\">\n            <div class=\"border-bottom border-1 h-100\">\n                Foss\u00e1, Maria Ivete Trevisan            <\/div>\n        <\/div>\n            <div class=\"col p-1\">\n            <div class=\"border-bottom border-1 h-100\">\n                Barcellos, Mar\u00edlia de Araujo            <\/div>\n        <\/div>\n        \n<\/div>\n        <\/div>\n            <div class=\"tab-pane fade  pt-3\" id=\"section-e2eda057-140a-4437-9dbd-5ca3355b6352-autoria\" role=\"tabpanel\" aria-labelledby=\"section-e2eda057-140a-4437-9dbd-5ca3355b6352-autoria-tab\">\n            <div class=\"tab-content\" id=\"1777307336Content\">\n            <div class=\"tab-pane fade show active pt-3\" id=\"section-1777307336-0\" role=\"tabpanel\" aria-labelledby=\"section-1777307336-0-tab\">\n            <div class=\"row row-cols-1 row-cols-md-2\">\n            <div class=\"col p-1\">\n            <div class=\"border-bottom border-1 h-100\">\n                Silveira, Ada Cristina Machado            <\/div>\n        <\/div>\n            <div class=\"col p-1\">\n            <div class=\"border-bottom border-1 h-100\">\n                Dalmolin, Aline Roes            <\/div>\n        <\/div>\n            <div class=\"col p-1\">\n            <div class=\"border-bottom border-1 h-100\">\n                Loose, Ariadni            <\/div>\n        <\/div>\n            <div class=\"col p-1\">\n            <div class=\"border-bottom border-1 h-100\">\n                Tomaim, C\u00e1ssio dos Santos            <\/div>\n        <\/div>\n            <div class=\"col p-1\">\n            <div class=\"border-bottom border-1 h-100\">\n                Leit\u00e3o, D\u00e9bora Krischke            <\/div>\n        <\/div>\n            <div class=\"col p-1\">\n            <div class=\"border-bottom border-1 h-100\">\n                Almeida, Edileuson Santos            <\/div>\n        <\/div>\n            <div class=\"col p-1\">\n            <div class=\"border-bottom border-1 h-100\">\n                Vargas, Emanuelly            <\/div>\n        <\/div>\n            <div class=\"col p-1\">\n            <div class=\"border-bottom border-1 h-100\">\n                Fernandes, Fabio Fr\u00e1            <\/div>\n        <\/div>\n            <div class=\"col p-1\">\n            <div class=\"border-bottom border-1 h-100\">\n                Barros, Janayna            <\/div>\n        <\/div>\n            <div class=\"col p-1\">\n            <div class=\"border-bottom border-1 h-100\">\n                Bitencourt, Jo\u00e3o Vitor da Silva            <\/div>\n        <\/div>\n            <div class=\"col p-1\">\n            <div class=\"border-bottom border-1 h-100\">\n                Petermann, Juliana            <\/div>\n        <\/div>\n            <div class=\"col p-1\">\n            <div class=\"border-bottom border-1 h-100\">\n                Dias, Karohelen            <\/div>\n        <\/div>\n            <div class=\"col p-1\">\n            <div class=\"border-bottom border-1 h-100\">\n                Cezar, Lara Timm            <\/div>\n        <\/div>\n            <div class=\"col p-1\">\n            <div class=\"border-bottom border-1 h-100\">\n                Koltermann, Liana Estela Merladete de Souza Pozeczek            <\/div>\n        <\/div>\n            <div class=\"col p-1\">\n            <div class=\"border-bottom border-1 h-100\">\n                Foss\u00e1, Maria Ivete Trevisan            <\/div>\n        <\/div>\n            <div class=\"col p-1\">\n            <div class=\"border-bottom border-1 h-100\">\n                Daronco, Marilice            <\/div>\n        <\/div>\n        \n<\/div>\n        <\/div>\n            <div class=\"tab-pane fade  pt-3\" id=\"section-1777307336-1\" role=\"tabpanel\" aria-labelledby=\"section-1777307336-1-tab\">\n            <div class=\"row row-cols-1 row-cols-md-2\">\n            <div class=\"col p-1\">\n            <div class=\"border-bottom border-1 h-100\">\n                Pozobon, Rejane de Oliveira            <\/div>\n        <\/div>\n            <div class=\"col p-1\">\n            <div class=\"border-bottom border-1 h-100\">\n                Depexe, Sandra            <\/div>\n        <\/div>\n            <div class=\"col p-1\">\n            <div class=\"border-bottom border-1 h-100\">\n                Borelli, Viviane            <\/div>\n        <\/div>\n        \n<\/div>\n        <\/div>\n    <\/div>\n<ul class=\"nav nav-pills justify-content-end\" id=\"1777307336\" role=\"tablist\">\n                    <li class=\"nav-item\" role=\"presentation\">\n            <button class=\"nav-link active\" id=\"section-1777307336-0-tab\" data-bs-toggle=\"tab\" data-bs-target=\"#section-1777307336-0\" type=\"button\" role=\"tab\" aria-controls=\"section-1777307336-0\"  aria-selected=\"true\" >1<\/button>\n        <\/li>\n                    <li class=\"nav-item\" role=\"presentation\">\n            <button class=\"nav-link \" id=\"section-1777307336-1-tab\" data-bs-toggle=\"tab\" data-bs-target=\"#section-1777307336-1\" type=\"button\" role=\"tab\" aria-controls=\"section-1777307336-1\" >2<\/button>\n        <\/li>\n    <\/ul>\n        <\/div>\n            <div class=\"tab-pane fade  pt-3\" id=\"section-e2eda057-140a-4437-9dbd-5ca3355b6352-outros-dados\" role=\"tabpanel\" aria-labelledby=\"section-e2eda057-140a-4437-9dbd-5ca3355b6352-outros-dados-tab\">\n            <dl class=\"row\">\n    <dt class=\"col-12 col-md-3\">Publica\u00e7\u00e3o<\/dt>\n    <dd class=\"col-12 col-md-9\">\n        <dl class=\"row\">\n            <dt class=\"col-12 col-md-4\">Ano<\/dt>\n            <dd class=\"col-12 col-md-8\">2023<\/dd>\n            <dt class=\"col-12 col-md-4\">ISBN<\/dt>\n            <dd class=\"col-12 col-md-8\">978-65-5773-066-9<\/dd>\n        <\/dl>\n    <\/dd>\n                <dt class=\"col-12 col-md-3\">Assuntos<\/dt>\n        <dd class=\"col-12 col-md-9\">Forma\u00e7\u00e3o;<br>Ensino;<br>Pr\u00e1ticas;<br>Comunica\u00e7\u00e3o;<br>M\u00eddia<\/dd>\n                <dt class=\"col-12 col-md-3\">Licen\u00e7a<\/dt>\n        <dd class=\"col-12 col-md-9\">\n            Acesso Aberto;<br>Attribution-NonCommercial-ShareAlike 4.0 International;<br><a target='_blank' href='http:\/\/creativecommons.org\/licenses\/by-nc-sa\/4.0\/'>http:\/\/creativecommons.org\/licenses\/by-nc-sa\/4.0\/<\/a>        <\/dd>\n        \n<\/dl>\n        <\/div>\n            <div class=\"tab-pane fade  pt-3\" id=\"section-e2eda057-140a-4437-9dbd-5ca3355b6352-cnpq\" role=\"tabpanel\" aria-labelledby=\"section-e2eda057-140a-4437-9dbd-5ca3355b6352-cnpq-tab\">\n            <dl class=\"row\">\n    <dt class=\"col-12 col-md-3\">Grande \u00e1rea<\/dt>\n    <dd class=\"col-12 col-md-9 text-capitalize\">ciencias sociais aplicadas<\/dd>\n    \n            <dt class=\"col-12 col-md-3\">\u00c1rea<\/dt>\n        <dd class=\"col-12 col-md-9 text-capitalize\">comunicacao<\/dd>\n        \n            \n    <\/dl>\n        <\/div>\n    <\/div>\n            <\/div>\n        <\/div>\n    <\/div>\n<\/div>\n\t\t<\/div>\n\t\t\t\t<\/div>\n\t\t\t\t\t<\/div>\n\t\t<\/div>\n\t\t\t\t\t<\/div>\n\t\t<\/section>\n\t\t\t\t<\/div>\n\t\t","protected":false},"excerpt":{"rendered":"<p>Forma\u00e7\u00e3o e saberes em comunica\u00e7\u00e3o e m\u00eddia &#8211; volume I Sandra Depexe, Maria Ivete Trevisan Foss\u00e1, Mar\u00edlia de Araujo Barcellos (orgs.)<\/p>\n","protected":false},"author":68,"featured_media":549,"parent":0,"menu_order":0,"comment_status":"closed","ping_status":"closed","template":"","meta":{"footnotes":""},"categories":[24],"tags":[48,22,105,88,155,154],"class_list":["post-548","page","type-page","status-publish","has-post-thumbnail","hentry","category-comunicacao","tag-comunicacao","tag-ebook","tag-ensino","tag-formacao","tag-pratica","tag-profissao"],"acf":[],"_links":{"self":[{"href":"https:\/\/www.ufsm.br\/editoras\/facos\/wp-json\/wp\/v2\/pages\/548","targetHints":{"allow":["GET"]}}],"collection":[{"href":"https:\/\/www.ufsm.br\/editoras\/facos\/wp-json\/wp\/v2\/pages"}],"about":[{"href":"https:\/\/www.ufsm.br\/editoras\/facos\/wp-json\/wp\/v2\/types\/page"}],"author":[{"embeddable":true,"href":"https:\/\/www.ufsm.br\/editoras\/facos\/wp-json\/wp\/v2\/users\/68"}],"replies":[{"embeddable":true,"href":"https:\/\/www.ufsm.br\/editoras\/facos\/wp-json\/wp\/v2\/comments?post=548"}],"version-history":[{"count":0,"href":"https:\/\/www.ufsm.br\/editoras\/facos\/wp-json\/wp\/v2\/pages\/548\/revisions"}],"wp:featuredmedia":[{"embeddable":true,"href":"https:\/\/www.ufsm.br\/editoras\/facos\/wp-json\/wp\/v2\/media\/549"}],"wp:attachment":[{"href":"https:\/\/www.ufsm.br\/editoras\/facos\/wp-json\/wp\/v2\/media?parent=548"}],"wp:term":[{"taxonomy":"category","embeddable":true,"href":"https:\/\/www.ufsm.br\/editoras\/facos\/wp-json\/wp\/v2\/categories?post=548"},{"taxonomy":"post_tag","embeddable":true,"href":"https:\/\/www.ufsm.br\/editoras\/facos\/wp-json\/wp\/v2\/tags?post=548"}],"curies":[{"name":"wp","href":"https:\/\/api.w.org\/{rel}","templated":true}]}}