{"id":573,"date":"2025-01-09T15:12:04","date_gmt":"2025-01-09T18:12:04","guid":{"rendered":"https:\/\/www.ufsm.br\/editoras\/facos\/?page_id=573"},"modified":"2026-01-07T15:56:32","modified_gmt":"2026-01-07T18:56:32","slug":"logicas-da-midia","status":"publish","type":"page","link":"https:\/\/www.ufsm.br\/editoras\/facos\/logicas-da-midia","title":{"rendered":"L\u00f3gicas da m\u00eddia"},"content":{"rendered":"\t\t<div data-elementor-type=\"wp-page\" data-elementor-id=\"573\" class=\"elementor elementor-573\">\n\t\t\t\t\t\t<section class=\"elementor-section elementor-top-section elementor-element elementor-element-68930b5c elementor-section-boxed elementor-section-height-default elementor-section-height-default\" data-id=\"68930b5c\" data-element_type=\"section\">\n\t\t\t\t\t\t<div class=\"elementor-container elementor-column-gap-default\">\n\t\t\t\t\t<div class=\"elementor-column elementor-col-100 elementor-top-column elementor-element elementor-element-3c0806a7\" data-id=\"3c0806a7\" data-element_type=\"column\">\n\t\t\t<div class=\"elementor-widget-wrap elementor-element-populated\">\n\t\t\t\t\t\t<div class=\"elementor-element elementor-element-66f979fc elementor-widget elementor-widget-text-editor\" data-id=\"66f979fc\" data-element_type=\"widget\" data-widget_type=\"text-editor.default\">\n\t\t\t\t<div class=\"elementor-widget-container\">\n\t\t\t\t\t\t\t<!-- wp:tadv\/classic-paragraph \/-->\n\n<!-- wp:tadv\/classic-paragraph \/-->\t\t\t\t\t\t<\/div>\n\t\t\t\t<\/div>\n\t\t\t\t\t<\/div>\n\t\t<\/div>\n\t\t\t\t\t<\/div>\n\t\t<\/section>\n\t\t\t\t<section class=\"elementor-section elementor-top-section elementor-element elementor-element-356ac31 elementor-section-boxed elementor-section-height-default elementor-section-height-default\" data-id=\"356ac31\" data-element_type=\"section\">\n\t\t\t\t\t\t<div class=\"elementor-container elementor-column-gap-default\">\n\t\t\t\t\t<div class=\"elementor-column elementor-col-100 elementor-top-column elementor-element elementor-element-1ca4c67d\" data-id=\"1ca4c67d\" data-element_type=\"column\">\n\t\t\t<div class=\"elementor-widget-wrap elementor-element-populated\">\n\t\t\t\t\t\t<div class=\"elementor-element elementor-element-73d96181 elementor-widget elementor-widget-text-editor\" data-id=\"73d96181\" data-element_type=\"widget\" data-widget_type=\"text-editor.default\">\n\t\t\t\t<div class=\"elementor-widget-container\">\n\t\t\t\t\t\t\t<h1><strong>L\u00f3gicas da m\u00eddia: interse\u00e7\u00f5es entre comunica\u00e7\u00e3o, cultura e sociedade<\/strong><\/h1>\n<h6>Carlise Schneider Rudnicki e Laura Storch (organizadoras)<\/h6>\t\t\t\t\t\t<\/div>\n\t\t\t\t<\/div>\n\t\t\t\t\t<\/div>\n\t\t<\/div>\n\t\t\t\t\t<\/div>\n\t\t<\/section>\n\t\t\t\t<section class=\"elementor-section elementor-top-section elementor-element elementor-element-44b15ef4 elementor-section-boxed elementor-section-height-default elementor-section-height-default\" data-id=\"44b15ef4\" data-element_type=\"section\">\n\t\t\t\t\t\t<div class=\"elementor-container elementor-column-gap-default\">\n\t\t\t\t\t<div class=\"elementor-column elementor-col-100 elementor-top-column elementor-element elementor-element-5276af8a\" data-id=\"5276af8a\" data-element_type=\"column\">\n\t\t\t<div class=\"elementor-widget-wrap elementor-element-populated\">\n\t\t\t\t\t\t<div class=\"elementor-element elementor-element-315a57ba elementor-widget elementor-widget-wp-widget-ufsm_manancial_ficha_apresentacao\" data-id=\"315a57ba\" data-element_type=\"widget\" data-widget_type=\"wp-widget-ufsm_manancial_ficha_apresentacao.default\">\n\t\t\t\t<div class=\"elementor-widget-container\">\n\t\t\t<div class=\"row g-0\">\n    <div class=\"col-12 col-lg-5\">\n        <div class=\"card rounded-0 bg-primary text-white\">\n                            <img decoding=\"async\" src=\"https:\/\/repositorio.ufsm.br\/bitstream\/handle\/1\/33783\/Capa-Logicas da midia.png\" class=\"img-fluid img-thumbnail mx-5 mt-5 mb-1\" style='max-height:400px; object-fit:contain;'>\n                        <div class=\"card-body bg-transparent-on-contraste ms-4 ps-4 me-3\">\n                <p class=\"card-title fs-5 lh-sm\">L\u00f3gicas da m\u00eddia: interse\u00e7\u00f5es entre comunica\u00e7\u00e3o, cultura e sociedade<\/p>\n                <div class=\"d-flex flex-wrap\">\n                    <a href=\"https:\/\/repositorio.ufsm.br\/handle\/1\/33783\" class=\"small link-light underline-on-hover me-3\" target=\"_blank\">\n                        <i class=\"fa fa-external-link me-1\" aria-hidden=\"true\"><\/i>\n                        Ver no Manancial\n                    <\/a>\n                                            <a href=\"https:\/\/repositorio.ufsm.br\/bitstream\/handle\/1\/33783\/Logicas da midia.pdf\" class=\"small link-light underline-on-hover\" target=\"_blank\">\n                            <i class=\"fa fa-file-pdf-o me-1\" aria-hidden=\"true\"><\/i>\n                            Ver o PDF\n                        <\/a>\n                                                        <\/div>\n            <\/div>\n        <\/div>\n    <\/div>\n    <div class=\"col-12 col-lg-7 d-flex\">\n        <div class=\"card rounded-0 rounded-end border-0 shadow w-100\">\n            <div class=\"card-body bg-transparent-on-contraste my-2 mx-3\">\n                <ul class=\"nav nav-pills justify-content-center\" id=\"0ea343ba-eab7-405c-b289-7ee0f875e94f\" role=\"tablist\">\n                    <li class=\"nav-item\" role=\"presentation\">\n            <button class=\"nav-link active\" id=\"section-0ea343ba-eab7-405c-b289-7ee0f875e94f-resumo-tab\" data-bs-toggle=\"tab\" data-bs-target=\"#section-0ea343ba-eab7-405c-b289-7ee0f875e94f-resumo\" type=\"button\" role=\"tab\" aria-controls=\"section-0ea343ba-eab7-405c-b289-7ee0f875e94f-resumo\"  aria-selected=\"true\" >Resumo<\/button>\n        <\/li>\n                    <li class=\"nav-item\" role=\"presentation\">\n            <button class=\"nav-link \" id=\"section-0ea343ba-eab7-405c-b289-7ee0f875e94f-organizacao-tab\" data-bs-toggle=\"tab\" data-bs-target=\"#section-0ea343ba-eab7-405c-b289-7ee0f875e94f-organizacao\" type=\"button\" role=\"tab\" aria-controls=\"section-0ea343ba-eab7-405c-b289-7ee0f875e94f-organizacao\" >Organiza\u00e7\u00e3o<\/button>\n        <\/li>\n                    <li class=\"nav-item\" role=\"presentation\">\n            <button class=\"nav-link \" id=\"section-0ea343ba-eab7-405c-b289-7ee0f875e94f-autoria-tab\" data-bs-toggle=\"tab\" data-bs-target=\"#section-0ea343ba-eab7-405c-b289-7ee0f875e94f-autoria\" type=\"button\" role=\"tab\" aria-controls=\"section-0ea343ba-eab7-405c-b289-7ee0f875e94f-autoria\" >Autoria<\/button>\n        <\/li>\n                    <li class=\"nav-item\" role=\"presentation\">\n            <button class=\"nav-link \" id=\"section-0ea343ba-eab7-405c-b289-7ee0f875e94f-outros-dados-tab\" data-bs-toggle=\"tab\" data-bs-target=\"#section-0ea343ba-eab7-405c-b289-7ee0f875e94f-outros-dados\" type=\"button\" role=\"tab\" aria-controls=\"section-0ea343ba-eab7-405c-b289-7ee0f875e94f-outros-dados\" >Dados da Obra<\/button>\n        <\/li>\n                    <li class=\"nav-item\" role=\"presentation\">\n            <button class=\"nav-link \" id=\"section-0ea343ba-eab7-405c-b289-7ee0f875e94f-cnpq-tab\" data-bs-toggle=\"tab\" data-bs-target=\"#section-0ea343ba-eab7-405c-b289-7ee0f875e94f-cnpq\" type=\"button\" role=\"tab\" aria-controls=\"section-0ea343ba-eab7-405c-b289-7ee0f875e94f-cnpq\" >CNPq<\/button>\n        <\/li>\n    <\/ul>\n<div class=\"tab-content\" id=\"0ea343ba-eab7-405c-b289-7ee0f875e94fContent\">\n            <div class=\"tab-pane fade show active pt-3\" id=\"section-0ea343ba-eab7-405c-b289-7ee0f875e94f-resumo\" role=\"tabpanel\" aria-labelledby=\"section-0ea343ba-eab7-405c-b289-7ee0f875e94f-resumo-tab\">\n            O desafio de interpretar e entender a m\u00eddia em sua totalidade \u00e9 essencial para que possamos nos posicionar criticamente diante das transforma\u00e7\u00f5es que vivenciamos. Ao explorar as l\u00f3gicas que regem os processos midi\u00e1ticos, somos instigados a pensar criticamente sobre os desafios sociais contempor\u00e2neos e a forma como a Comunica\u00e7\u00e3o colabora para a constru\u00e7\u00e3o de sentidos sociais sobre a realidade. O livro \u201cL\u00f3gicas da M\u00eddia: interse\u00e7\u00f5es entre Comunica\u00e7\u00e3o, Cultura e Sociedade\u201d n\u00e3o apenas\r\nilumina as complexidades do mundo midi\u00e1tico, mas tamb\u00e9m nos encoraja a sermos participantes ativos na constru\u00e7\u00e3o de uma sociedade mais informada, cr\u00edtica e engajada.        <\/div>\n            <div class=\"tab-pane fade  pt-3\" id=\"section-0ea343ba-eab7-405c-b289-7ee0f875e94f-organizacao\" role=\"tabpanel\" aria-labelledby=\"section-0ea343ba-eab7-405c-b289-7ee0f875e94f-organizacao-tab\">\n            <div class=\"row row-cols-1 row-cols-md-2\">\n            <div class=\"col p-1\">\n            <div class=\"border-bottom border-1 h-100\">\n                Rudnicki, Carlise Schneider            <\/div>\n        <\/div>\n            <div class=\"col p-1\">\n            <div class=\"border-bottom border-1 h-100\">\n                Storch, Laura            <\/div>\n        <\/div>\n        \n<\/div>\n        <\/div>\n            <div class=\"tab-pane fade  pt-3\" id=\"section-0ea343ba-eab7-405c-b289-7ee0f875e94f-autoria\" role=\"tabpanel\" aria-labelledby=\"section-0ea343ba-eab7-405c-b289-7ee0f875e94f-autoria-tab\">\n            <div class=\"row row-cols-1 row-cols-md-2\">\n            <div class=\"col p-1\">\n            <div class=\"border-bottom border-1 h-100\">\n                Rudnicki, Carlise Schneider            <\/div>\n        <\/div>\n            <div class=\"col p-1\">\n            <div class=\"border-bottom border-1 h-100\">\n                Storch, Laura            <\/div>\n        <\/div>\n        \n<\/div>\n        <\/div>\n            <div class=\"tab-pane fade  pt-3\" id=\"section-0ea343ba-eab7-405c-b289-7ee0f875e94f-outros-dados\" role=\"tabpanel\" aria-labelledby=\"section-0ea343ba-eab7-405c-b289-7ee0f875e94f-outros-dados-tab\">\n            <dl class=\"row\">\n    <dt class=\"col-12 col-md-3\">Publica\u00e7\u00e3o<\/dt>\n    <dd class=\"col-12 col-md-9\">\n        <dl class=\"row\">\n            <dt class=\"col-12 col-md-4\">Ano<\/dt>\n            <dd class=\"col-12 col-md-8\">2024<\/dd>\n            <dt class=\"col-12 col-md-4\">ISBN<\/dt>\n            <dd class=\"col-12 col-md-8\">978-65-5773-088-1<\/dd>\n        <\/dl>\n    <\/dd>\n            <dt class=\"col-12 col-md-3\">Refer\u00eancia<\/dt>\n        <dd class=\"col-12 col-md-9\">RUDNICKI, Carlise Schneider; STORCH, Laura (orgs.). L\u00f3gicas da m\u00eddia [recurso eletr\u00f4nico]: interse\u00e7\u00f5es entre comunica\u00e7\u00e3o,\r\ncultura e sociedade. Santa Maria, RS: FACOS-UFSM, 2024.<\/dd>\n                <dt class=\"col-12 col-md-3\">Assuntos<\/dt>\n        <dd class=\"col-12 col-md-9\">comunica\u00e7\u00e3o;<br>m\u00eddia;<br>midiatiza\u00e7\u00e3o;<br>cultura;<br>sociedade<\/dd>\n                <dt class=\"col-12 col-md-3\">Licen\u00e7a<\/dt>\n        <dd class=\"col-12 col-md-9\">\n            Acesso Aberto;<br>Attribution-NonCommercial-NoDerivatives 4.0 International;<br><a target='_blank' href='http:\/\/creativecommons.org\/licenses\/by-nc-nd\/4.0\/'>http:\/\/creativecommons.org\/licenses\/by-nc-nd\/4.0\/<\/a>        <\/dd>\n        \n<\/dl>\n        <\/div>\n            <div class=\"tab-pane fade  pt-3\" id=\"section-0ea343ba-eab7-405c-b289-7ee0f875e94f-cnpq\" role=\"tabpanel\" aria-labelledby=\"section-0ea343ba-eab7-405c-b289-7ee0f875e94f-cnpq-tab\">\n            <dl class=\"row\">\n    <dt class=\"col-12 col-md-3\">Grande \u00e1rea<\/dt>\n    <dd class=\"col-12 col-md-9 text-capitalize\">ciencias sociais aplicadas<\/dd>\n    \n            <dt class=\"col-12 col-md-3\">\u00c1rea<\/dt>\n        <dd class=\"col-12 col-md-9 text-capitalize\">comunicacao<\/dd>\n        \n            \n    <\/dl>\n        <\/div>\n    <\/div>\n            <\/div>\n        <\/div>\n    <\/div>\n<\/div>\n\t\t<\/div>\n\t\t\t\t<\/div>\n\t\t\t\t\t<\/div>\n\t\t<\/div>\n\t\t\t\t\t<\/div>\n\t\t<\/section>\n\t\t\t\t<\/div>\n\t\t","protected":false},"excerpt":{"rendered":"<p>L\u00f3gicas da m\u00eddia: interse\u00e7\u00f5es entre comunica\u00e7\u00e3o, cultura e sociedade Carlise Schneider Rudnicki e Laura Storch (organizadoras)<\/p>\n","protected":false},"author":68,"featured_media":572,"parent":0,"menu_order":0,"comment_status":"closed","ping_status":"closed","template":"","meta":{"footnotes":""},"categories":[24,137],"tags":[48,121,71,64,180],"class_list":["post-573","page","type-page","status-publish","has-post-thumbnail","hentry","category-comunicacao","category-midia","tag-comunicacao","tag-cultura","tag-midia","tag-midiatizacao","tag-sociedade"],"acf":[],"_links":{"self":[{"href":"https:\/\/www.ufsm.br\/editoras\/facos\/wp-json\/wp\/v2\/pages\/573","targetHints":{"allow":["GET"]}}],"collection":[{"href":"https:\/\/www.ufsm.br\/editoras\/facos\/wp-json\/wp\/v2\/pages"}],"about":[{"href":"https:\/\/www.ufsm.br\/editoras\/facos\/wp-json\/wp\/v2\/types\/page"}],"author":[{"embeddable":true,"href":"https:\/\/www.ufsm.br\/editoras\/facos\/wp-json\/wp\/v2\/users\/68"}],"replies":[{"embeddable":true,"href":"https:\/\/www.ufsm.br\/editoras\/facos\/wp-json\/wp\/v2\/comments?post=573"}],"version-history":[{"count":0,"href":"https:\/\/www.ufsm.br\/editoras\/facos\/wp-json\/wp\/v2\/pages\/573\/revisions"}],"wp:featuredmedia":[{"embeddable":true,"href":"https:\/\/www.ufsm.br\/editoras\/facos\/wp-json\/wp\/v2\/media\/572"}],"wp:attachment":[{"href":"https:\/\/www.ufsm.br\/editoras\/facos\/wp-json\/wp\/v2\/media?parent=573"}],"wp:term":[{"taxonomy":"category","embeddable":true,"href":"https:\/\/www.ufsm.br\/editoras\/facos\/wp-json\/wp\/v2\/categories?post=573"},{"taxonomy":"post_tag","embeddable":true,"href":"https:\/\/www.ufsm.br\/editoras\/facos\/wp-json\/wp\/v2\/tags?post=573"}],"curies":[{"name":"wp","href":"https:\/\/api.w.org\/{rel}","templated":true}]}}