{"id":59,"date":"2019-09-04T15:03:40","date_gmt":"2019-09-04T18:03:40","guid":{"rendered":"https:\/\/www.ufsm.br\/editoras\/facos\/?page_id=59"},"modified":"2023-04-11T16:50:48","modified_gmt":"2023-04-11T19:50:48","slug":"editores-e-conselho-editorial","status":"publish","type":"page","link":"https:\/\/www.ufsm.br\/editoras\/facos\/editores-e-conselho-editorial","title":{"rendered":"Editores e Conselho Editorial"},"content":{"rendered":"\n<h5><strong>Diretora Editorial<\/strong><\/h5>\n<p>Ada Cristina Machado da Silveira (UFSM)<\/p>\n<h5><strong>Editora Executiva<\/strong><\/h5>\n<p>Sandra Depexe (UFSM)<\/p>\n<h5><strong>Comiss\u00e3o editorial<\/strong><\/h5>\n<p>Ada Cristina Machado da Silveira (UFSM)<br \/>Eduardo Andr\u00e9s Vizer (UBA)<br \/>Flavi Ferreira Lisb\u00f4a Filho (UFSM)<br \/>Gisela Cramer (UNAL)<br \/>Maria Ivete Trevisan Foss\u00e1 (UFSM)<br \/>Marina Poggi (UNQ)<br \/>Monica Marona (UDELAR)<br \/>Paulo C\u00e9sar Castro (UFRJ)<br \/>Sonia Rosa Tedeschi (UNL)<br \/>Suzana Bleil de Souza (UFRGS)<br \/>Vladir Jos\u00e9 Morigi (UFRGS)<br \/>Valentina Ayrolo (UNMDP)<br \/>Veneza Mayora Ronsini (UFSM)<\/p>\n<h5><strong>Comit\u00ea t\u00e9cnico<\/strong><\/h5>\n<p>Prof\u00aa Sandra Depexe (UFSM)<br \/>Acad. Ana Ribeiro (UFSM)<br \/>Acad. Larissa Ta\u00eds Ferreira (UFSM)<br \/>Acad. Bruna Paim (UFSM)<br \/>Acad. Lucas Braga dos Anjos (UFSM)<\/p>\n\n\n","protected":false},"excerpt":{"rendered":"<p>Diretora Editorial Ada Cristina Machado da Silveira (UFSM) Editora Executiva Sandra Depexe (UFSM) Comiss\u00e3o editorial Ada Cristina Machado da Silveira (UFSM)Eduardo Andr\u00e9s Vizer (UBA)Flavi Ferreira Lisb\u00f4a Filho (UFSM)Gisela Cramer (UNAL)Maria Ivete Trevisan Foss\u00e1 (UFSM)Marina Poggi (UNQ)Monica Marona (UDELAR)Paulo C\u00e9sar Castro (UFRJ)Sonia Rosa Tedeschi (UNL)Suzana Bleil de Souza (UFRGS)Vladir Jos\u00e9 Morigi (UFRGS)Valentina Ayrolo (UNMDP)Veneza Mayora Ronsini [&hellip;]<\/p>\n","protected":false},"author":115,"featured_media":0,"parent":0,"menu_order":0,"comment_status":"closed","ping_status":"closed","template":"","meta":{"footnotes":""},"categories":[],"tags":[],"class_list":["post-59","page","type-page","status-publish","hentry"],"acf":[],"_links":{"self":[{"href":"https:\/\/www.ufsm.br\/editoras\/facos\/wp-json\/wp\/v2\/pages\/59","targetHints":{"allow":["GET"]}}],"collection":[{"href":"https:\/\/www.ufsm.br\/editoras\/facos\/wp-json\/wp\/v2\/pages"}],"about":[{"href":"https:\/\/www.ufsm.br\/editoras\/facos\/wp-json\/wp\/v2\/types\/page"}],"author":[{"embeddable":true,"href":"https:\/\/www.ufsm.br\/editoras\/facos\/wp-json\/wp\/v2\/users\/115"}],"replies":[{"embeddable":true,"href":"https:\/\/www.ufsm.br\/editoras\/facos\/wp-json\/wp\/v2\/comments?post=59"}],"version-history":[{"count":0,"href":"https:\/\/www.ufsm.br\/editoras\/facos\/wp-json\/wp\/v2\/pages\/59\/revisions"}],"wp:attachment":[{"href":"https:\/\/www.ufsm.br\/editoras\/facos\/wp-json\/wp\/v2\/media?parent=59"}],"wp:term":[{"taxonomy":"category","embeddable":true,"href":"https:\/\/www.ufsm.br\/editoras\/facos\/wp-json\/wp\/v2\/categories?post=59"},{"taxonomy":"post_tag","embeddable":true,"href":"https:\/\/www.ufsm.br\/editoras\/facos\/wp-json\/wp\/v2\/tags?post=59"}],"curies":[{"name":"wp","href":"https:\/\/api.w.org\/{rel}","templated":true}]}}