{"id":278,"date":"2019-06-05T16:43:07","date_gmt":"2019-06-05T19:43:07","guid":{"rendered":"https:\/\/www.ufsm.br\/grupos-de-pesquisa\/nexuspampa\/?page_id=278"},"modified":"2022-03-10T13:35:51","modified_gmt":"2022-03-10T16:35:51","slug":"trabalhos-completos","status":"publish","type":"page","link":"https:\/\/www.ufsm.br\/grupos-de-pesquisa\/nexuspampa\/publicacoes\/publicacao-em-congresso\/trabalhos-completos","title":{"rendered":"Trabalhos Completos"},"content":{"rendered":"\n<ul>\n<li>\n<p><a href=\"https:\/\/www.ufsm.br\/grupos-de-pesquisa\/nexuspampa\/wp-content\/uploads\/sites\/364\/2019\/12\/Mariana.pdf\">INFLU\u00caNCIAS DO CRESCIMENTO DO PLANTIO DE SOJA NOS BIOMAS DO RIO GRANDE DO SUL<strong>. <\/strong><\/a><em>(8\u00ba F\u00f3rum Internacional Ecoinovar, 15 A 17 de Outubro de 2019, Santa Maria-RS)<\/em><\/p>\n<\/li>\n<li>\n<p><a href=\"https:\/\/www.ufsm.br\/grupos-de-pesquisa\/nexuspampa\/wp-content\/uploads\/sites\/364\/2019\/12\/Manoela.pdf\">PERCEP\u00c7\u00d5ES DE UMA ESTUDANTE DE ENSINO M\u00c9DIO SOBRE ARTIGOS CIENT\u00cdFICOS ESCRITOS EM INGL\u00caS COM ENFOQUE NEXUS<\/a>.<strong>\u00a0<\/strong><em>(8\u00ba F\u00f3rum Internacional Ecoinovar, 15 A 17 de Outubro de 2019, Santa Maria-RS)<\/em><\/p>\n<\/li>\n<li>\n<p><a href=\"https:\/\/www.ufsm.br\/grupos-de-pesquisa\/nexuspampa\/wp-content\/uploads\/sites\/364\/2020\/04\/TrabalhoAnais.pdf\">A METODOLOGIA MESMIS APLICADA AO ENFOQUE NEXUS: O CASO DO PROJETO NEXUS PAMPA<\/a> <em>(IV Encontro Nacional de Pesquisa em Soberania e Seguran\u00e7a Alimentar, 10 A 13 de Setembro de 2019, Goi\u00e2nia-GO)<\/em><\/p>\n<\/li>\n<li><a href=\"https:\/\/www.ufsm.br\/grupos-de-pesquisa\/nexuspampa\/wp-content\/uploads\/sites\/364\/2019\/10\/Paper-Tropentag_En.pdf\" target=\"_blank\" rel=\"noopener noreferrer\">APPLYING THE MESMIS METHODOLOGY TO THE NEXUS APPROACH: THE NEXUS PAMPA PROJECT\u00a0<\/a> (<em>Tropentag 2019: Filling gaps and removing traps for sustainable resources management &#8211; 18 a 20 de setembro de 2019, kassel, Alemanha<\/em>)<\/li>\n<li><a href=\"https:\/\/www.ufsm.br\/grupos-de-pesquisa\/nexuspampa\/wp-content\/uploads\/sites\/364\/2019\/10\/124_Os_sistemas_de_produ\u00e7\u00e3o-_pecu\u00e1riosna_Bacia_do_Rio_Ibirapuit\u00e3_e_suas_rela\u00e7\u00f5es_com_\u00e1gua_e_a_energia_na_produ\u00e7\u00e3o_de_alimentos.pdf\">Os sistemas de produ\u00e7\u00e3o pecu\u00e1rios na Bacia do Rio Ibirapuit\u00e3 e suas rela\u00e7\u00f5es com \u00e1gua e a energia na produ\u00e7\u00e3o de alimentos<\/a> (<em>II CONGRESO AGUA AMBIENTE Y ENERG\u00cdA 2019 DE AUGM &#8211; 25 a 27 de setembro de 2019, Montevid\u00e9u, Uruguai<\/em>)<\/li>\n<li><a href=\"https:\/\/www.ufsm.br\/grupos-de-pesquisa\/nexuspampa\/wp-content\/uploads\/sites\/364\/2019\/10\/Pensando-o-campo-natural-como-um-bem-comum-como-alternativa-para-a-manuten\u00e7\u00e3o-Trabalho-Completo.pdf\" target=\"_blank\" rel=\"noopener noreferrer\">Pensando o campo natural como um bem comum como alternativa para a manuten\u00e7\u00e3o da socioecossistema\u00a0<\/a>(<em>XIV Jornada\u00a0<\/em>NESPro &amp; IV Simp\u00f3sio<em> Internacional sobre Sistemas de Produ\u00e7\u00e3o de Bovinos de Corte \u2013 NESPro\/UFRGS, 10 a 12 de junho de 2019, Porto Alegre-RS)<\/em><\/li>\n<li><a href=\"https:\/\/login.semead.com.br\/23semead\/anais\/resumo.php?cod_trabalho=1000\" target=\"_blank\" rel=\"noopener\">INSTITUI\u00c7\u00d5ES E DESEMPENHO DA CADEIA PRODUTIVA DO LEITE NO BRASIL: UM OLHAR SOB A PERSPECTIVA DAS MESO-INSTITUI\u00c7\u00d5ES<\/a> (<em>XXIII SEMEAD &#8211; Semin\u00e1rios em Administra\u00e7\u00e3o, 25 a 27 de novembro de 2020, S\u00e3o Paulo-SP<\/em>)<\/li>\n<li><a href=\"https:\/\/www.ufsm.br\/app\/uploads\/sites\/364\/2022\/03\/Rohden-2020.pdf\" target=\"_blank\" rel=\"noopener\">DIN\u00c2MICA ECON\u00d4MICA DOS MUNIC\u00cdPIOS DA BACIA DO RIO IBIRAPUIT\u00c3: AN\u00c1LISE COM BASE NOS DADOS DO PIB MUNICIPAL NO PER\u00cdODO 1990 A 2017<\/a>\u00a0(<em>58\u00ba Congresso da Sociedade Brasileira de Economia, Administra\u00e7\u00e3o e Sociologia Rural (SOBER), de 09 a 13 de agosto de 2020, Foz do Igua\u00e7u-PR<\/em>)<\/li>\n<li><a href=\"https:\/\/www.ufsm.br\/app\/uploads\/sites\/364\/2022\/03\/CONVIBRA-2020.pdf\" target=\"_blank\" rel=\"noopener\">TRAJET\u00d3RIAS EM PROCESSOS INOVATIVOS: experi\u00eancias na pecu\u00e1ria familiar na regi\u00e3o da Campanha Ga\u00facha<\/a> <em>(XVII CONVIBRA, de 01 a 05\/12\/2020, S\u00e3o Paulo-SP)<\/em><\/li>\n<li><a href=\"https:\/\/www.even3.com.br\/anais\/soberebpc2021\/343183-meso-instituicoes-e-o-desempenho-da-cadeia-produtiva-do-leite-na-fronteira-oeste-do-rio-grande-do-sul\/\" target=\"_blank\" rel=\"noopener\">MESO-INSTITUI\u00c7\u00d5ES E O DESEMPENHO DA CADEIA PRODUTIVA DO LEITE NA FRONTEIRA OESTE DO RIO GRANDE DO SUL<\/a> (<em>59\u00ba Congresso da Sociedade Brasileira de Economia, Administra\u00e7\u00e3o e Sociologia Rural (SOBER) &amp; 6\u00ba Encontro Brasileiro de Pesquisadores em Cooperativismo (EBPC), de 02 a 06 de agosto de 2021, Bras\u00edlia-DF<\/em>)<\/li>\n<li><a href=\"https:\/\/www.even3.com.br\/anais\/soberebpc2021\/341549-trajetorias-historicas-da-pecuaria-familiar-e-processos-de-mudancas-na-campanha-gauchars\/\" target=\"_blank\" rel=\"noopener\">TRAJET\u00d3RIAS HIST\u00d3RICAS DA PECU\u00c1RIA FAMILIAR E PROCESSOS DE MUDAN\u00c7AS NA CAMPANHA GA\u00daCHA\/RS<\/a>\u00a0(<em>59\u00ba Congresso da Sociedade Brasileira de Economia, Administra\u00e7\u00e3o e Sociologia Rural (SOBER) &amp; 6\u00ba Encontro Brasileiro de Pesquisadores em Cooperativismo (EBPC), de 02 a 06 de agosto de 2021, Bras\u00edlia-DF<\/em>)<\/li>\n<li><a href=\"https:\/\/www.even3.com.br\/anais\/soberebpc2021\/343598-expansao-da-soja-e-seu-impacto-na-pecuaria-de-corte-do-bioma-pampa-do-brasil\/\" target=\"_blank\" rel=\"noopener\">EXPANS\u00c3O DA SOJA E SEU IMPACTO NA PECU\u00c1RIA DE CORTE DO BIOMA PAMPA DO BRASIL<\/a>\u00a0(<em>59\u00ba Congresso da Sociedade Brasileira de Economia, Administra\u00e7\u00e3o e Sociologia Rural (SOBER) &amp; 6\u00ba Encontro Brasileiro de Pesquisadores em Cooperativismo (EBPC), de 02 a 06 de agosto de 2021, Bras\u00edlia-DF<\/em>)<\/li>\n<li><a href=\"https:\/\/www.ufsm.br\/app\/uploads\/sites\/364\/2022\/03\/Rohden-2021.pdf\" target=\"_blank\" rel=\"noopener\">MUDAN\u00c7AS NA MATRIZ PRODUTIVA AGROPECU\u00c1RIA DO RIO GRANDE DO SUL E RESPECTIVOS \u00cdNDICES DE CONCENTRA\u00c7\u00c3O DO REPASSE DE ICMS EM RELA\u00c7\u00c3O AO PIB<\/a>\u00a0(<em>59\u00ba Congresso da Sociedade Brasileira de Economia, Administra\u00e7\u00e3o e Sociologia Rural (SOBER) &amp; 6\u00ba Encontro Brasileiro de Pesquisadores em Cooperativismo (EBPC), de 02 a 06 de agosto de 2021, Bras\u00edlia-DF<\/em>)<\/li>\n<li><a href=\"https:\/\/www.ufsm.br\/app\/uploads\/sites\/364\/2022\/03\/claudio_merged.pdf\" target=\"_blank\" rel=\"noopener\">Predicting forage intake by sheep through the Pampa Corte model<\/a> (<em>The Joint International Grassland and <\/em><em>International Rangeland Congress 2021, 23 a 29 October 2021, Kenyatta International Convention Centre, Nairobi, Kenya<\/em>)<\/li>\n<li><a href=\"https:\/\/www.ufsm.br\/app\/uploads\/sites\/364\/2022\/03\/Fernando_merged.pdf\" target=\"_blank\" rel=\"noopener\">An approach to evaluate soils influence on floristic composition of natural grasslands<\/a>\u00a0(<em>The Joint International Grassland and <\/em><em>International Rangeland Congress 2021, 23 a 29 October 2021, Kenyatta International Convention Centre, Nairobi, Kenya<\/em>)<\/li>\n<li><a href=\"https:\/\/www.ufsm.br\/app\/uploads\/sites\/364\/2022\/03\/Maronna_merged.pdf\" target=\"_blank\" rel=\"noopener\">Collective Approach of Rural Development: Case Study of \u201cMaronna Foundation\u201d in the Pampa Bioma, Rio Grande do Sul, Brazil<\/a>\u00a0(<em>The Joint International Grassland and <\/em><em>International Rangeland Congress 2021, 23 a 29 October 2021, Kenyatta International Convention Centre, Nairobi, Kenya<\/em>)<\/li>\n<li><a href=\"https:\/\/www.ufsm.br\/app\/uploads\/sites\/364\/2022\/03\/Mesmis_merged.pdf\" target=\"_blank\" rel=\"noopener\">The Mesmis Methodology Applied to Apa do Ibirapuit\u00e3 Farmers in the Nexus Pampa Context<\/a>\u00a0(<em>The Joint International Grassland and <\/em><em>International Rangeland Congress 2021, 23 a 29 October 2021, Kenyatta International Convention Centre, Nairobi, Kenya<\/em>)<\/li>\n<li><span class=\"fontstyle0\"><a href=\"https:\/\/www.ufsm.br\/app\/uploads\/sites\/364\/2021\/11\/Reuniao-Sul-Solos-2020-Resumo-Carlos-Eduardo-Linhares-Feitosa.pdf\" target=\"_blank\" rel=\"noopener\">Din\u00e2mica Pluvi\u2011Fluviom\u00e9trica da Bacia Hidrogr\u00e1fica do Rio Ibirapuit\u00e3 no Oeste do Rio Grande do Sul<\/a> (<em>XIII Reuni\u00e3o Sul Brasileira de Ci\u00eancia do Solo, 26 e 27 de novembro de 2021, Porto Alegre-RS<\/em>)<\/span><\/li>\n<\/ul>\n","protected":false},"excerpt":{"rendered":"<p>INFLU\u00caNCIAS DO CRESCIMENTO DO PLANTIO DE SOJA NOS BIOMAS DO RIO GRANDE DO SUL. (8\u00ba F\u00f3rum Internacional Ecoinovar, 15 A 17 de Outubro de 2019, Santa Maria-RS) PERCEP\u00c7\u00d5ES DE UMA ESTUDANTE DE ENSINO M\u00c9DIO SOBRE ARTIGOS CIENT\u00cdFICOS ESCRITOS EM INGL\u00caS COM ENFOQUE NEXUS.\u00a0(8\u00ba F\u00f3rum Internacional Ecoinovar, 15 A 17 de Outubro de 2019, Santa Maria-RS) [&hellip;]<\/p>\n","protected":false},"author":110,"featured_media":0,"parent":274,"menu_order":2,"comment_status":"closed","ping_status":"closed","template":"","meta":{"footnotes":""},"categories":[],"tags":[],"class_list":["post-278","page","type-page","status-publish","hentry"],"acf":[],"_links":{"self":[{"href":"https:\/\/www.ufsm.br\/grupos-de-pesquisa\/nexuspampa\/wp-json\/wp\/v2\/pages\/278","targetHints":{"allow":["GET"]}}],"collection":[{"href":"https:\/\/www.ufsm.br\/grupos-de-pesquisa\/nexuspampa\/wp-json\/wp\/v2\/pages"}],"about":[{"href":"https:\/\/www.ufsm.br\/grupos-de-pesquisa\/nexuspampa\/wp-json\/wp\/v2\/types\/page"}],"author":[{"embeddable":true,"href":"https:\/\/www.ufsm.br\/grupos-de-pesquisa\/nexuspampa\/wp-json\/wp\/v2\/users\/110"}],"replies":[{"embeddable":true,"href":"https:\/\/www.ufsm.br\/grupos-de-pesquisa\/nexuspampa\/wp-json\/wp\/v2\/comments?post=278"}],"version-history":[{"count":0,"href":"https:\/\/www.ufsm.br\/grupos-de-pesquisa\/nexuspampa\/wp-json\/wp\/v2\/pages\/278\/revisions"}],"up":[{"embeddable":true,"href":"https:\/\/www.ufsm.br\/grupos-de-pesquisa\/nexuspampa\/wp-json\/wp\/v2\/pages\/274"}],"wp:attachment":[{"href":"https:\/\/www.ufsm.br\/grupos-de-pesquisa\/nexuspampa\/wp-json\/wp\/v2\/media?parent=278"}],"wp:term":[{"taxonomy":"category","embeddable":true,"href":"https:\/\/www.ufsm.br\/grupos-de-pesquisa\/nexuspampa\/wp-json\/wp\/v2\/categories?post=278"},{"taxonomy":"post_tag","embeddable":true,"href":"https:\/\/www.ufsm.br\/grupos-de-pesquisa\/nexuspampa\/wp-json\/wp\/v2\/tags?post=278"}],"curies":[{"name":"wp","href":"https:\/\/api.w.org\/{rel}","templated":true}]}}