{"id":137,"date":"2019-07-18T09:34:55","date_gmt":"2019-07-18T12:34:55","guid":{"rendered":"https:\/\/www.ufsm.br\/laboratorios\/bioex\/?page_id=137"},"modified":"2019-07-18T09:34:56","modified_gmt":"2019-07-18T12:34:56","slug":"colaboracao","status":"publish","type":"page","link":"https:\/\/www.ufsm.br\/laboratorios\/bioex\/colaboracao","title":{"rendered":"Colabora\u00e7\u00e3o"},"content":{"rendered":"\n<p><strong>Prof. Dr. F\u00e9lix Alexandre Antunes Soares<br \/><\/strong>Universidade Federal de Santa Maria, UFSM, Brasil.<br \/>Pr\u00e9dio 19, sala 3216<br \/>(55) 3220-9522<br \/><a href=\"mailto:felix_antunes_soares@yahoo.com.br\">felix_antunes_soares@yahoo.com.br<\/a><\/p>\n<hr \/>\n<p><strong>Instituto de Biomedicina &#8211; IBIOMED<\/strong><br \/>Universidad de Le\u00f3n, Espanha.<br \/>Tel: +34 987291000 ext. 5658; Fax: +34 98729126<br \/><a href=\"http:\/\/institutobiomedicina.unileon.es\/\" target=\"_blank\" rel=\"noopener noreferrer\">http:\/\/institutobiomedicina.unileon.es\/<\/a><\/p>\n<hr \/>\n<p><strong>Prof. Dr. Jo\u00e3o Bento Torres Neto<\/strong>\u00a0<\/p>\n<p>Universidade Federal do Par\u00e1, Conselho Superior de Ensino e Pesquisa.\u00a0<br class=\"clear\" \/>Augusto Correa s\/n<br class=\"clear\" \/>Guam\u00e1<br class=\"clear\" \/>66075-900 &#8211; Belem, PA &#8211; Brasil<br class=\"clear\" \/>Telefone: (091) 31831741<\/p>\n<hr \/>\n<p><strong>Prof. Dr. Juliano Ferreira<br \/><\/strong>Universidade Federal de Santa Catarina, UFSC, Brasil<br \/>Trindade<br \/>88040900 &#8211; Florian\u00f3polis, SC &#8211; Brasil<br \/>Telefone: (48) 37219491<br \/>Ramal: 2474<br \/><a href=\"mailto:juliano.ferreira@ufsc.br\">juliano.ferreira@ufsc.br<\/a><\/p>\n<hr \/>\n<p><strong>Prof.\u00aa Dr.\u00aa Ana Fl\u00e1via Furian<br \/><\/strong>Laborat\u00f3rio de Neurotoxicidade, Universidade Federal de Santa Maria, UFSM, Brasil<br \/>Avenida Roraima, 1000 &#8211; Pr\u00e9dio 21, sala 5219<br \/>Camobi<br \/>97105900 &#8211; Santa Maria, RS &#8211; Brasil<br \/>Telefone: (55) 32209378<\/p>\n<hr \/>\n<p><strong>Prof. Dr. Carlos Fernando de Mello<\/strong>\u00a0<br \/>Laborat\u00f3rio de Neurotoxicidade e Psicofarmacologia, Universidade Federal de Santa Maria, UFSM, Brasil.<br \/>97105-900 &#8211; Santa Maria, RS &#8211; Brasil<br \/>Telefone: (55) 32209378<br \/>Fax: (55) 32208031<br \/><a href=\"http:\/\/www.ufsm.br\/neurotoxicidade\" target=\"_blank\" rel=\"noopener noreferrer\">www.ufsm.br\/neurotoxicidade<\/a><\/p>\n<hr \/>\n<p><strong>Prof. Dr. Mauro Schneider Oliveira<br \/><\/strong>Laborat\u00f3rio de Neurotoxicidade, Universidade Federal de Santa Maria, UFSM, Brasil<br \/>Avenida Roraima, 1000 &#8211; Pr\u00e9dio 21, sala 5219<br \/>Camobi<br \/>97105900 &#8211; Santa Maria, RS &#8211; Brasil<br \/>Telefone: (55) 32209378<br \/><a href=\"mailto:oliveira.ms@gmail.com\">oliveira.ms@gmail.com<\/a><\/p>\n<hr \/>\n<p><strong>Emilio R. Garrido &#8211; Sanabria, MD, PhD<\/strong><br \/>Laboratory of Epilepsy Research<br \/>University of Texas Brownsville<br \/>Department of Biomedicine<br \/>College of Biomedical Sciences and Health Professions<br \/>Center of Biomedical Studies\u00a0<br \/>80 Fort Brown, BRHP 2.117<br \/>Brownsville, Texas 78520<br \/>Tel: (956) 882-5053 Fax: (956) 882-5043<br \/><a href=\"mailto:oliveira.ms@gmail.com\">emilio.garrido@UTB.edu<\/a><\/p>\n<hr \/>\n<p><strong>Prof. Dr. Leandro Machado de Carvalho<br \/><\/strong>Laborat\u00f3rio de An\u00e1lises Qu\u00edmicas \u2013 Funda\u00e7\u00e3o de Apoio \u00e0 Tecnologia e Ci\u00eancia &#8211; Lachem\u00a0<br \/>Universidade Federal de Santa Maria, UFSM, Brasil<br \/>Campus Camobi<br \/>97111-970 &#8211; Santa Maria, RS &#8211; Brasil &#8211; Caixa-postal: 5051<br \/>Telefone: (55) 32208870<br \/>Fax: (55) 2208870<\/p>\n<hr \/>\n<p><strong>Prof. Dr. Adair Roberto Soares dos Santos<br \/><\/strong>Laborat\u00f3rio de Neurobiologia da Dor e da Inflama\u00e7\u00e3o &#8211; LANDI, Universidade Federal de Santa Catarina, UFSC, Brasil.<br \/>Campus Universit\u00e1rio &#8211; Trindade &#8211; 88040-900 &#8211; Florian\u00f3polis<br \/>Fax: (048) 3721-9672; Tel \/ Fax: (048) 3721-9352 \/ Ramal 206<br \/><a href=\"http:\/\/www.landi.ufsc.br\/laboratorio.php\" target=\"_blank\" rel=\"noopener noreferrer\">http:\/\/www.landi.ufsc.br\/laboratorio.php<\/a><\/p>\n<hr \/>\n<p><strong>Prof.\u00aa Dr.\u00aa Ana L\u00facia Severo Rodrigues<br \/><\/strong>Laborat\u00f3rio de Neurobiologia da Depress\u00e3o, Universidade Federal de Santa Catarina, UFSC, Brasil.<br \/>Laborat\u00f3rio de Neurotoxicologia<br \/>Fone: (48) 3721-5043<br \/><a href=\"mailto:alsrodri@gmail.com\">alsrodri@gmail.com<\/a><\/p>\n<hr \/>\n<p><strong>Prof. Dr. Guilherme Bresciani<\/strong><\/p>\n<p>Faculdad de Ciencias de la Salud<\/p>\n<p>Universidad Aut\u00f3noma de Chile, Temuco, Chile<\/p>\n<p>Telephone: +56994901648<\/p>\n<p>E-mail:<a href=\"mailto:guilhermebresciani@gmail.com\">guilhermebresciani@gmail.com<\/a><\/p>\n<hr \/>\n<p><strong>Prof. Dr. Fernando Gomez-Pinilla<\/strong><\/p>\n<p>NeuroLife Laboratory<\/p>\n<p>University of California at Los Angeles (UCLA), USA<\/p>\n<p>Telephone: (310) 206-9693<\/p>\n<p>E-mail:<a href=\"mailto:gomezpi@mednet.ucla.edu\">gomezpi@mednet.ucla.edu<\/a><\/p>\n<p><a href=\"https:\/\/www.ibp.ucla.edu\/research\/GomezPinilla\/TheNeuroLifeLab\/Welcome.html\">https:\/\/www.ibp.ucla.edu\/research\/GomezPinilla\/TheNeuroLifeLab\/Welcome.html<\/a><\/p>\n<p>\u00a0<\/p>\n","protected":false},"excerpt":{"rendered":"<p>Prof. Dr. F\u00e9lix Alexandre Antunes SoaresUniversidade Federal de Santa Maria, UFSM, Brasil.Pr\u00e9dio 19, sala 3216(55) 3220-9522felix_antunes_soares@yahoo.com.br Instituto de Biomedicina &#8211; IBIOMEDUniversidad de Le\u00f3n, Espanha.Tel: +34 987291000 ext. 5658; Fax: +34 98729126http:\/\/institutobiomedicina.unileon.es\/ Prof. Dr. Jo\u00e3o Bento Torres Neto\u00a0 Universidade Federal do Par\u00e1, Conselho Superior de Ensino e Pesquisa.\u00a0Augusto Correa s\/nGuam\u00e166075-900 &#8211; Belem, PA &#8211; BrasilTelefone: (091) [&hellip;]<\/p>\n","protected":false},"author":115,"featured_media":0,"parent":0,"menu_order":0,"comment_status":"closed","ping_status":"closed","template":"","meta":{"footnotes":""},"categories":[],"tags":[],"class_list":["post-137","page","type-page","status-publish","hentry"],"acf":[],"_links":{"self":[{"href":"https:\/\/www.ufsm.br\/laboratorios\/bioex\/wp-json\/wp\/v2\/pages\/137","targetHints":{"allow":["GET"]}}],"collection":[{"href":"https:\/\/www.ufsm.br\/laboratorios\/bioex\/wp-json\/wp\/v2\/pages"}],"about":[{"href":"https:\/\/www.ufsm.br\/laboratorios\/bioex\/wp-json\/wp\/v2\/types\/page"}],"author":[{"embeddable":true,"href":"https:\/\/www.ufsm.br\/laboratorios\/bioex\/wp-json\/wp\/v2\/users\/115"}],"replies":[{"embeddable":true,"href":"https:\/\/www.ufsm.br\/laboratorios\/bioex\/wp-json\/wp\/v2\/comments?post=137"}],"version-history":[{"count":0,"href":"https:\/\/www.ufsm.br\/laboratorios\/bioex\/wp-json\/wp\/v2\/pages\/137\/revisions"}],"wp:attachment":[{"href":"https:\/\/www.ufsm.br\/laboratorios\/bioex\/wp-json\/wp\/v2\/media?parent=137"}],"wp:term":[{"taxonomy":"category","embeddable":true,"href":"https:\/\/www.ufsm.br\/laboratorios\/bioex\/wp-json\/wp\/v2\/categories?post=137"},{"taxonomy":"post_tag","embeddable":true,"href":"https:\/\/www.ufsm.br\/laboratorios\/bioex\/wp-json\/wp\/v2\/tags?post=137"}],"curies":[{"name":"wp","href":"https:\/\/api.w.org\/{rel}","templated":true}]}}