{"id":112,"date":"2019-07-10T11:50:08","date_gmt":"2019-07-10T14:50:08","guid":{"rendered":"https:\/\/www.ufsm.br\/laboratorios\/biorep\/?page_id=112"},"modified":"2019-07-10T11:50:10","modified_gmt":"2019-07-10T14:50:10","slug":"termociclador","status":"publish","type":"page","link":"https:\/\/www.ufsm.br\/laboratorios\/biorep\/termociclador","title":{"rendered":"Termociclador"},"content":{"rendered":"\n<p><strong>Termociclador Applied Biosystems (SimpliAmpTM)<\/strong><\/p>\n<hr \/>\n<p>NORMAS DE USO<\/p>\n<p>Antes de utilizar este equipamento, favor consultar as &#8220;normas gerais de uso&#8221;\u00a0<\/p>\n<p><strong>Aten\u00e7\u00e3o:\u00a0\u00c9 obrigat\u00f3rio o uso de equipamentos de prote\u00e7\u00e3o individual nas depend\u00eancias do BioRep.<\/strong><\/p>\n<p>1. Os usu\u00e1rios s\u00e3o respons\u00e1veis pelo experimento, principalmente no que se refere ao m\u00e9todo e \u00e0 verifica\u00e7\u00e3o da operacionalidade do equipamento.<\/p>\n<p>2. Somente \u00e9 permitido o uso de insumos compat\u00edveis com o modelo do equipamento\u00a0<strong>(Tubos eppendorf 0,3ml).<\/strong><\/p>\n<p>3. Os materiais e os reagentes que ser\u00e3o necess\u00e1rios para a realiza\u00e7\u00e3o do experimento s\u00e3o de responsabilidade, \u00fanica e exclusiva, do usu\u00e1rio.<\/p>\n<p>4. Por quest\u00e3o de espa\u00e7o f\u00edsico, somente ser\u00e1 permitida a perman\u00eancia de dois usu\u00e1rios na sala do equipamento. Caso haja necessidade de um n\u00famero maior de pessoas acompanharem o experimento, ser\u00e1 necess\u00e1ria a autoriza\u00e7\u00e3o pelo Corpo T\u00e9cnico do BioRep.<\/p>\n<p>5. Atrasos para o in\u00edcio da leitura, quando implicarem em preju\u00edzos no hor\u00e1rio subsequente, N\u00c3O ser\u00e3o tolerados. Nesses casos, o usu\u00e1rio atrasado ser\u00e1 advertido e perder\u00e1 o direito ao hor\u00e1rio reservado. Um novo agendamento de reserva poder\u00e1 ser feito de acordo com a disponibilidade de hor\u00e1rios na agenda do equipamento.<\/p>\n<p>6. Em caso de desrespeito injustificado aos hor\u00e1rios das reservas (falta ou atraso) e\/ou o n\u00e3o cumprimento das normas de uso do equipamento, o usu\u00e1rio ser\u00e1 advertido Corpo T\u00e9cnico do BioRep, podendo ter restrito ou suspenso o seu acesso ao laborat\u00f3rio.<\/p>\n<p>7. Qualquer erro ou problema que venha ocorrer com o equipamento, dever\u00e1 ser obrigatoriamente informado ao Corpo T\u00e9cnico do BioRep.<\/p>\n<p><strong>8. N\u00e3o ser\u00e3o admitidas altera\u00e7\u00f5es na configura\u00e7\u00f5es padr\u00f5es dos programas. Caso sejam necess\u00e1rias altera\u00e7\u00f5es entrar em contato com o Corpo T\u00e9cnico.<\/strong><\/p>\n<p>10. \u00c9 de responsabilidade do usu\u00e1rio desligar o equipamento bem como recuperar seus tubos eppendorf.<\/p>\n<p><strong>Observa\u00e7\u00e3o:\u00a0O equipamento n\u00e3o deve ser ligado diretamente na rede el\u00e9trica e sim no estabilizador com sa\u00edda 220V situado ao lado do equipamento.<\/strong><\/p>\n<p>11. As normas acima citadas se referem ao uso \u00fanica e exclusivamente do equipamento Termociclador. Em caso de necessidade do espa\u00e7o f\u00edsico do BioRep para preparo de amostras o usu\u00e1rio dever\u00e1 agendar tamb\u00e9m a\u00a0capela de fluxo.\u00a0<\/p>\n<p>12. Ao final, preencher a ficha de uso do equipamento.<\/p>\n<p><a href=\"https:\/\/www.ufsm.br\/laboratorios\/biorep\/wp-content\/uploads\/sites\/672\/2019\/07\/MAN0009889_SimpliAmp_ThermalCycler_UserGuide.pdf\">\u00a0Clique aqui para acessar o manual de uso do equipamento<\/a><\/p>\n<figure id=\"attachment_113\" aria-describedby=\"caption-attachment-113\" style=\"width: 300px\" class=\"wp-caption alignnone\"><img fetchpriority=\"high\" decoding=\"async\" class=\"wp-image-113 size-medium\" src=\"https:\/\/www.ufsm.br\/laboratorios\/biorep\/wp-content\/uploads\/sites\/672\/2019\/07\/P6193493-300x225.jpg\" alt=\"\" width=\"300\" height=\"225\" srcset=\"https:\/\/www.ufsm.br\/app\/uploads\/sites\/672\/2019\/07\/P6193493-300x225.jpg 300w, https:\/\/www.ufsm.br\/app\/uploads\/sites\/672\/2019\/07\/P6193493-768x576.jpg 768w, https:\/\/www.ufsm.br\/app\/uploads\/sites\/672\/2019\/07\/P6193493-1024x768.jpg 1024w, https:\/\/www.ufsm.br\/app\/uploads\/sites\/672\/2019\/07\/P6193493.jpg 1920w\" sizes=\"(max-width: 300px) 100vw, 300px\" \/><figcaption id=\"caption-attachment-113\" class=\"wp-caption-text\">\u00a0<\/figcaption><\/figure>\n","protected":false},"excerpt":{"rendered":"<p>Termociclador Applied Biosystems (SimpliAmpTM) NORMAS DE USO Antes de utilizar este equipamento, favor consultar as &#8220;normas gerais de uso&#8221;\u00a0 Aten\u00e7\u00e3o:\u00a0\u00c9 obrigat\u00f3rio o uso de equipamentos de prote\u00e7\u00e3o individual nas depend\u00eancias do BioRep. 1. Os usu\u00e1rios s\u00e3o respons\u00e1veis pelo experimento, principalmente no que se refere ao m\u00e9todo e \u00e0 verifica\u00e7\u00e3o da operacionalidade do equipamento. 2. Somente [&hellip;]<\/p>\n","protected":false},"author":115,"featured_media":0,"parent":0,"menu_order":0,"comment_status":"closed","ping_status":"closed","template":"","meta":{"footnotes":""},"categories":[],"tags":[],"class_list":["post-112","page","type-page","status-publish","hentry"],"acf":[],"_links":{"self":[{"href":"https:\/\/www.ufsm.br\/laboratorios\/biorep\/wp-json\/wp\/v2\/pages\/112","targetHints":{"allow":["GET"]}}],"collection":[{"href":"https:\/\/www.ufsm.br\/laboratorios\/biorep\/wp-json\/wp\/v2\/pages"}],"about":[{"href":"https:\/\/www.ufsm.br\/laboratorios\/biorep\/wp-json\/wp\/v2\/types\/page"}],"author":[{"embeddable":true,"href":"https:\/\/www.ufsm.br\/laboratorios\/biorep\/wp-json\/wp\/v2\/users\/115"}],"replies":[{"embeddable":true,"href":"https:\/\/www.ufsm.br\/laboratorios\/biorep\/wp-json\/wp\/v2\/comments?post=112"}],"version-history":[{"count":0,"href":"https:\/\/www.ufsm.br\/laboratorios\/biorep\/wp-json\/wp\/v2\/pages\/112\/revisions"}],"wp:attachment":[{"href":"https:\/\/www.ufsm.br\/laboratorios\/biorep\/wp-json\/wp\/v2\/media?parent=112"}],"wp:term":[{"taxonomy":"category","embeddable":true,"href":"https:\/\/www.ufsm.br\/laboratorios\/biorep\/wp-json\/wp\/v2\/categories?post=112"},{"taxonomy":"post_tag","embeddable":true,"href":"https:\/\/www.ufsm.br\/laboratorios\/biorep\/wp-json\/wp\/v2\/tags?post=112"}],"curies":[{"name":"wp","href":"https:\/\/api.w.org\/{rel}","templated":true}]}}