{"id":23,"date":"2019-05-14T17:02:03","date_gmt":"2019-05-14T20:02:03","guid":{"rendered":"https:\/\/www.ufsm.br\/template-laboratprio\/?page_id=23"},"modified":"2024-11-11T21:08:13","modified_gmt":"2024-11-12T00:08:13","slug":"equipe","status":"publish","type":"page","link":"https:\/\/www.ufsm.br\/laboratorios\/cads\/equipe","title":{"rendered":"Equipe"},"content":{"rendered":"\t\t<div data-elementor-type=\"wp-page\" data-elementor-id=\"23\" class=\"elementor elementor-23\">\n\t\t\t\t\t\t<section class=\"elementor-section elementor-top-section elementor-element elementor-element-9f422dd elementor-section-boxed elementor-section-height-default elementor-section-height-default\" data-id=\"9f422dd\" data-element_type=\"section\">\n\t\t\t\t\t\t<div class=\"elementor-container elementor-column-gap-default\">\n\t\t\t\t\t<div class=\"elementor-column elementor-col-100 elementor-top-column elementor-element elementor-element-5a0acc3\" data-id=\"5a0acc3\" data-element_type=\"column\">\n\t\t\t<div class=\"elementor-widget-wrap elementor-element-populated\">\n\t\t\t\t\t\t<div class=\"elementor-element elementor-element-c555a92 elementor-widget elementor-widget-toggle\" data-id=\"c555a92\" data-element_type=\"widget\" data-widget_type=\"toggle.default\">\n\t\t\t\t<div class=\"elementor-widget-container\">\n\t\t\t\t\t<div class=\"elementor-toggle\">\n\t\t\t\t\t\t\t<div class=\"elementor-toggle-item\">\n\t\t\t\t\t<div id=\"elementor-tab-title-2061\" class=\"elementor-tab-title\" data-tab=\"1\" role=\"button\" aria-controls=\"elementor-tab-content-2061\" aria-expanded=\"false\">\n\t\t\t\t\t\t\t\t\t\t\t\t<span class=\"elementor-toggle-icon elementor-toggle-icon-left\" aria-hidden=\"true\">\n\t\t\t\t\t\t\t\t\t\t\t\t\t\t\t<span class=\"elementor-toggle-icon-closed\"><i class=\"fas fa-caret-right\"><\/i><\/span>\n\t\t\t\t\t\t\t\t<span class=\"elementor-toggle-icon-opened\"><i class=\"elementor-toggle-icon-opened fas fa-caret-up\"><\/i><\/span>\n\t\t\t\t\t\t\t\t\t\t\t\t\t<\/span>\n\t\t\t\t\t\t\t\t\t\t\t\t<a class=\"elementor-toggle-title\" tabindex=\"0\">Docentes<\/a>\n\t\t\t\t\t<\/div>\n\n\t\t\t\t\t<div id=\"elementor-tab-content-2061\" class=\"elementor-tab-content elementor-clearfix\" data-tab=\"1\" role=\"region\" aria-labelledby=\"elementor-tab-title-2061\"><p class=\"MsoNormal\" style=\"color: #000000;font-size: 16px;text-align: justify;line-height: normal\"><span style=\"font-family: 'Times New Roman', serif;color: black;font-size: 12pt\">Prof. Celso Aita<\/span><\/p><p class=\"MsoNormal\" style=\"color: #000000;font-size: 16px;text-align: justify;line-height: normal\"><span style=\"font-family: 'Times New Roman', serif;color: black;font-size: 12pt;background-image: initial;background-position: initial;background-size: initial;background-repeat: initial;background-attachment: initial\">Prof. Danilo Rheinheimer dos Santos<\/span><\/p><p class=\"MsoNormal\" style=\"color: #000000;font-size: 16px;text-align: justify;line-height: normal\"><span style=\"font-family: 'Times New Roman', serif;color: black;font-size: 12pt;background-image: initial;background-position: initial;background-size: initial;background-repeat: initial;background-attachment: initial\">Prof. F\u00e1bio Joel Kochem Mallmann<\/span><\/p><p class=\"MsoNormal\" style=\"color: #000000;font-size: 16px\"><span style=\"font-family: 'Times New Roman', serif;font-size: 12pt;line-height: 17.12px\">Prof. Fabricio de Ara\u00fajo Pedron<\/span><\/p><p class=\"MsoNormal\" style=\"color: #000000;font-size: 16px\"><span style=\"font-family: 'Times New Roman', serif;font-size: 12pt;line-height: 17.12px\">Prof. Gustavo Brunetto<\/span><\/p><p class=\"MsoNormal\" style=\"color: #000000;font-size: 16px\"><span style=\"font-family: 'Times New Roman', serif;font-size: 12pt;line-height: 17.12px\">Prof. Jean Paolo Minella<\/span><\/p><p class=\"MsoNormal\" style=\"color: #000000;font-size: 16px;text-align: justify;line-height: normal\"><span style=\"font-family: 'Times New Roman', serif;color: black;font-size: 12pt\">Prof.\u00a0<\/span><span style=\"font-family: 'Times New Roman', serif;color: black;font-size: 12pt;background-image: initial;background-position: initial;background-size: initial;background-repeat: initial;background-attachment: initial\">Leandro Souza da Silva<\/span><\/p><p class=\"MsoNormal\" style=\"color: #000000;font-size: 16px\"><span style=\"font-family: 'Times New Roman', serif;font-size: 12pt;line-height: 17.12px\">Prof. Paulo Gubiani<\/span><\/p><p class=\"MsoNormal\" style=\"color: #000000;font-size: 16px\"><span style=\"font-family: 'Times New Roman', serif;font-size: 12pt;line-height: 17.12px\">Prof. Ricardo Bergamo Schenatto<\/span><\/p><p class=\"MsoNormal\" style=\"color: #000000;font-size: 16px;text-align: justify;line-height: normal\"><span style=\"font-family: 'Times New Roman', serif;color: black;font-size: 12pt;background-image: initial;background-position: initial;background-size: initial;background-repeat: initial;background-attachment: initial\">Prof. Ricardo Sim\u00e3o Diniz Dalmolin<\/span><\/p><p class=\"MsoNormal\" style=\"color: #000000;font-size: 16px\"><span style=\"font-family: 'Times New Roman', serif;font-size: 12pt;line-height: 17.12px\">Prof. Rodrigo Josemar Seminotti Jacques<\/span><\/p><p class=\"MsoNormal\" style=\"color: #000000;font-size: 16px\"><span style=\"font-family: 'Times New Roman', serif;font-size: 12pt;line-height: 17.12px\">Prof. Sandro Jos\u00e9 Giacomini<\/span><\/p><p class=\"MsoNormal\" style=\"color: #000000;font-size: 16px\"><span style=\"font-family: 'Times New Roman', serif;font-size: 12pt;line-height: 17.12px\">Profa. Zaida In\u00eas Antoniolli<\/span><\/p><\/div>\n\t\t\t\t<\/div>\n\t\t\t\t\t\t\t<div class=\"elementor-toggle-item\">\n\t\t\t\t\t<div id=\"elementor-tab-title-2062\" class=\"elementor-tab-title\" data-tab=\"2\" role=\"button\" aria-controls=\"elementor-tab-content-2062\" aria-expanded=\"false\">\n\t\t\t\t\t\t\t\t\t\t\t\t<span class=\"elementor-toggle-icon elementor-toggle-icon-left\" aria-hidden=\"true\">\n\t\t\t\t\t\t\t\t\t\t\t\t\t\t\t<span class=\"elementor-toggle-icon-closed\"><i class=\"fas fa-caret-right\"><\/i><\/span>\n\t\t\t\t\t\t\t\t<span class=\"elementor-toggle-icon-opened\"><i class=\"elementor-toggle-icon-opened fas fa-caret-up\"><\/i><\/span>\n\t\t\t\t\t\t\t\t\t\t\t\t\t<\/span>\n\t\t\t\t\t\t\t\t\t\t\t\t<a class=\"elementor-toggle-title\" tabindex=\"0\">T\u00e9cnicos de Laborat\u00f3rio<\/a>\n\t\t\t\t\t<\/div>\n\n\t\t\t\t\t<div id=\"elementor-tab-content-2062\" class=\"elementor-tab-content elementor-clearfix\" data-tab=\"2\" role=\"region\" aria-labelledby=\"elementor-tab-title-2062\"><p class=\"MsoNormal\" style=\"color: #000000;font-size: 16px;text-align: justify;line-height: normal\"><span style=\"font-family: 'Times New Roman', serif;color: black;font-size: 12pt\">Elci Gubiani<\/span><\/p><p class=\"MsoNormal\" style=\"color: #000000;font-size: 16px;text-align: justify;line-height: normal\"><span style=\"font-family: 'Times New Roman', serif;color: black;font-size: 12pt\">Douglas Leandro Scheid<\/span><\/p><p class=\"MsoNormal\" style=\"color: #000000;font-size: 16px;text-align: justify;line-height: normal\"><span style=\"font-family: 'Times New Roman', serif;color: black;font-size: 12pt\">Ant\u00f4nio Carlos Bassaco<\/span><\/p><p class=\"MsoNormal\" style=\"color: #000000;font-size: 16px;text-align: justify;line-height: normal\"><span style=\"font-family: 'Times New Roman', serif;color: black;font-size: 12pt\">Fl\u00e1vio Fontinelli<\/span><\/p><p class=\"MsoNormal\" style=\"color: #000000;font-size: 16px;text-align: justify;line-height: normal\"><span style=\"font-family: 'Times New Roman', serif;color: black;font-size: 12pt\">M\u00e1rio Andr\u00e9 Marangoni<\/span><\/p><p style=\"color: #000000;font-size: 16px\">\u00a0<\/p><p class=\"MsoNormal\" style=\"color: #000000;font-size: 16px;text-align: justify;line-height: normal\"><span style=\"font-family: 'Times New Roman', serif;color: black;font-size: 12pt\">\u00a0<\/span><\/p><\/div>\n\t\t\t\t<\/div>\n\t\t\t\t\t\t\t\t<\/div>\n\t\t\t\t<\/div>\n\t\t\t\t<\/div>\n\t\t\t\t\t<\/div>\n\t\t<\/div>\n\t\t\t\t\t<\/div>\n\t\t<\/section>\n\t\t\t\t<\/div>\n\t\t","protected":false},"excerpt":{"rendered":"<p>Docentes Prof. Celso Aita Prof. Danilo Rheinheimer dos Santos Prof. F\u00e1bio Joel Kochem Mallmann Prof. Fabricio de Ara\u00fajo Pedron Prof. Gustavo Brunetto Prof. Jean Paolo Minella Prof.\u00a0Leandro Souza da Silva Prof. Paulo Gubiani Prof. Ricardo Bergamo Schenatto Prof. Ricardo Sim\u00e3o Diniz Dalmolin Prof. Rodrigo Josemar Seminotti Jacques Prof. Sandro Jos\u00e9 Giacomini Profa. Zaida In\u00eas Antoniolli [&hellip;]<\/p>\n","protected":false},"author":124,"featured_media":0,"parent":0,"menu_order":0,"comment_status":"closed","ping_status":"closed","template":"","meta":{"footnotes":""},"categories":[],"tags":[],"class_list":["post-23","page","type-page","status-publish","hentry"],"acf":[],"_links":{"self":[{"href":"https:\/\/www.ufsm.br\/laboratorios\/cads\/wp-json\/wp\/v2\/pages\/23","targetHints":{"allow":["GET"]}}],"collection":[{"href":"https:\/\/www.ufsm.br\/laboratorios\/cads\/wp-json\/wp\/v2\/pages"}],"about":[{"href":"https:\/\/www.ufsm.br\/laboratorios\/cads\/wp-json\/wp\/v2\/types\/page"}],"author":[{"embeddable":true,"href":"https:\/\/www.ufsm.br\/laboratorios\/cads\/wp-json\/wp\/v2\/users\/124"}],"replies":[{"embeddable":true,"href":"https:\/\/www.ufsm.br\/laboratorios\/cads\/wp-json\/wp\/v2\/comments?post=23"}],"version-history":[{"count":0,"href":"https:\/\/www.ufsm.br\/laboratorios\/cads\/wp-json\/wp\/v2\/pages\/23\/revisions"}],"wp:attachment":[{"href":"https:\/\/www.ufsm.br\/laboratorios\/cads\/wp-json\/wp\/v2\/media?parent=23"}],"wp:term":[{"taxonomy":"category","embeddable":true,"href":"https:\/\/www.ufsm.br\/laboratorios\/cads\/wp-json\/wp\/v2\/categories?post=23"},{"taxonomy":"post_tag","embeddable":true,"href":"https:\/\/www.ufsm.br\/laboratorios\/cads\/wp-json\/wp\/v2\/tags?post=23"}],"curies":[{"name":"wp","href":"https:\/\/api.w.org\/{rel}","templated":true}]}}