{"id":56,"date":"2024-11-11T21:33:32","date_gmt":"2024-11-12T00:33:32","guid":{"rendered":"https:\/\/www.ufsm.br\/laboratorios\/cads\/?page_id=56"},"modified":"2025-03-11T08:51:47","modified_gmt":"2025-03-11T11:51:47","slug":"gestao","status":"publish","type":"page","link":"https:\/\/www.ufsm.br\/laboratorios\/cads\/gestao","title":{"rendered":"Regimento e Gest\u00e3o"},"content":{"rendered":"\t\t<div data-elementor-type=\"wp-page\" data-elementor-id=\"56\" class=\"elementor elementor-56\">\n\t\t\t\t\t\t<section class=\"elementor-section elementor-top-section elementor-element elementor-element-c82a573 elementor-section-boxed elementor-section-height-default elementor-section-height-default\" data-id=\"c82a573\" data-element_type=\"section\">\n\t\t\t\t\t\t<div class=\"elementor-container elementor-column-gap-default\">\n\t\t\t\t\t<div class=\"elementor-column elementor-col-100 elementor-top-column elementor-element elementor-element-cae6c7c\" data-id=\"cae6c7c\" data-element_type=\"column\">\n\t\t\t<div class=\"elementor-widget-wrap elementor-element-populated\">\n\t\t\t\t\t\t<div class=\"elementor-element elementor-element-7a00952 elementor-widget elementor-widget-text-editor\" data-id=\"7a00952\" data-element_type=\"widget\" data-widget_type=\"text-editor.default\">\n\t\t\t\t<div class=\"elementor-widget-container\">\n\t\t\t\t\t\t\t<p><b><span style=\"font-size: 16.0pt;line-height: 107%;font-family: 'Times New Roman',serif\">Regimento <\/span><\/b><\/p><p><span style=\"font-family: 'Times New Roman', serif;color: #000000;font-size: 12pt;font-weight: var( --e-global-typography-text-font-weight );text-align: var(--bs-body-text-align);line-height: 107%\">A CADS est\u00e1 ligada ao Departamento de Solos. O seu Regimento foi aprovado pelo Colegiado do Departamento de Solos conforme<a href=\"https:\/\/drive.google.com\/file\/d\/10-wXBqKHaEN6V4GPpJUNp8YN0aXkOe_i\/view?pli=1\"> ATA 11\/2024<\/a>\u00a0 e <a href=\"https:\/\/drive.google.com\/file\/d\/11TmGWHpNqapfaZ1FfEcdrqAWmAHGUak8\/view\">ATA 04\/2025<\/a><\/span><\/p><div><div><div><p><!-- [if !supportAnnotations]--><\/p><\/div><p><!--[endif]--><\/p><\/div><\/div>\t\t\t\t\t\t<\/div>\n\t\t\t\t<\/div>\n\t\t\t\t<div class=\"elementor-element elementor-element-5f80f83 elementor-widget__width-initial elementor-widget elementor-widget-button\" data-id=\"5f80f83\" data-element_type=\"widget\" data-widget_type=\"button.default\">\n\t\t\t\t<div class=\"elementor-widget-container\">\n\t\t\t\t\t\t\t<div class=\"elementor-button-wrapper\">\n\t\t\t\t\t<a class=\"elementor-button elementor-button-link elementor-size-sm\" href=\"https:\/\/drive.google.com\/file\/d\/1SvPhMbonS2TcxtTpW85tP7a0_F3r7_gI\/view?usp=sharing\">\n\t\t\t\t\t\t<span class=\"elementor-button-content-wrapper\">\n\t\t\t\t\t\t\t\t\t<span class=\"elementor-button-text\">Para acessar o regimento clique aqui!<\/span>\n\t\t\t\t\t<\/span>\n\t\t\t\t\t<\/a>\n\t\t\t\t<\/div>\n\t\t\t\t\t\t<\/div>\n\t\t\t\t<\/div>\n\t\t\t\t\t<\/div>\n\t\t<\/div>\n\t\t\t\t\t<\/div>\n\t\t<\/section>\n\t\t\t\t<section class=\"elementor-section elementor-top-section elementor-element elementor-element-e170019 elementor-section-boxed elementor-section-height-default elementor-section-height-default\" data-id=\"e170019\" data-element_type=\"section\">\n\t\t\t\t\t\t<div class=\"elementor-container elementor-column-gap-default\">\n\t\t\t\t\t<div class=\"elementor-column elementor-col-100 elementor-top-column elementor-element elementor-element-b80867c\" data-id=\"b80867c\" data-element_type=\"column\">\n\t\t\t<div class=\"elementor-widget-wrap elementor-element-populated\">\n\t\t\t\t\t\t<div class=\"elementor-element elementor-element-f5b56b6 elementor-widget elementor-widget-text-editor\" data-id=\"f5b56b6\" data-element_type=\"widget\" data-widget_type=\"text-editor.default\">\n\t\t\t\t<div class=\"elementor-widget-container\">\n\t\t\t\t\t\t\t<p style=\"color: #000000;font-size: 16px\"><span style=\"font-weight: bold\"><span style=\"font-family: 'Times New Roman', serif;font-size: 16pt;line-height: 17.12px\">Gest\u00e3o<\/span><\/span><\/p><p><span style=\"font-size: 12.0pt;line-height: 107%;font-family: 'Times New Roman',serif\">A CADS est\u00e1 sob gest\u00e3o do Comit\u00ea Gestor. O Comit\u00ea<br \/>Gestor \u00e9 composto por sete docentes, sendo cinco integrantes dos Laborat\u00f3rios<br \/>Multiusu\u00e1rios da CADS, um externo a CADS e um externo a UFSM.<\/span><\/p><p><span style=\"font-size: 12.0pt;line-height: 107%;font-family: 'Times New Roman',serif\">\u00a0<\/span><\/p><p class=\"MsoNormal\"><b><span style=\"font-size: 12.0pt;line-height: 107%;font-family: 'Times New Roman',serif\">Comit\u00ea Gestor<\/span><\/b><\/p><p class=\"MsoNormal\"><span style=\"font-size: 12.0pt;line-height: 107%;font-family: 'Times New Roman',serif\">Prof. Sandro Jos\u00e9 Giacomini (Coordenador)<\/span><\/p><p class=\"MsoNormal\"><span style=\"font-size: 12.0pt;line-height: 107%;font-family: 'Times New Roman',serif\">Prof. Cim\u00e9lio Bayer \u2013 DSOL\/PPGCS &#8211; UFRGS<\/span><\/p><p class=\"MsoNormal\"><span style=\"font-size: 12.0pt;line-height: 107%;font-family: 'Times New Roman',serif\">Prof. Eduardo Bohrer De Azevedo \u2013 DZOT\/PPGZ &#8211; UFSM<\/span><\/p><p class=\"MsoNormal\"><span style=\"font-size: 12.0pt;line-height: 107%;font-family: 'Times New Roman',serif\">Prof. Gustavo Brunetto \u2013 DSOL\/PPGCS &#8211; UFSM<\/span><\/p><p class=\"MsoNormal\"><span style=\"font-size: 12.0pt;line-height: 107%;font-family: 'Times New Roman',serif\">Prof. Jean Paolo Minella \u2013 DSOL\/PPGCS &#8211; UFSM<\/span><\/p><p class=\"MsoNormal\"><span style=\"font-size: 12.0pt;line-height: 107%;font-family: 'Times New Roman',serif\">Prof. Paulo Gubiani \u2013 DSOL\/PPGCS &#8211; UFSM<\/span><\/p><p class=\"MsoNormal\"><span style=\"font-size: 12.0pt;line-height: 107%;font-family: 'Times New Roman',serif\">Prof. Rodrigo Josemar Seminotti Jacques \u2013 DSOL\/PPGCS &#8211;<br \/>UFSM<\/span><\/p><p class=\"MsoNormal\"><span style=\"font-size: 12.0pt;line-height: 107%;font-family: 'Times New Roman',serif\">\u00a0<\/span><\/p><p class=\"MsoNormal\"><span style=\"font-size: 12.0pt;line-height: 107%;font-family: 'Times New Roman',serif\">\u00a0<\/span><\/p><p class=\"MsoNormal\"><span style=\"font-size: 12.0pt;line-height: 107%;font-family: 'Times New Roman',serif\">A CADS possui Comit\u00ea de Usu\u00e1rios.<\/span><\/p><p class=\"MsoNormal\"><b><span style=\"font-size: 12.0pt;line-height: 107%;font-family: 'Times New Roman',serif\">Comit\u00ea de Usu\u00e1rios<\/span><\/b><\/p><p class=\"MsoNormal\" style=\"text-align: justify;line-height: normal\"><span style=\"font-size: 12pt;font-family: 'Times New Roman', serif;color: black;background-image: initial;background-position: initial;background-size: initial;background-repeat: initial;background-attachment: initial\">Prof. F\u00e1bio Joel Kochem Mallmann <\/span><span style=\"font-size: 12.0pt;font-family: 'Times New Roman',serif\">\u2013 DSOL\/PPGCS &#8211;<br \/>UFSM<\/span><\/p><p class=\"MsoNormal\"><span style=\"font-size: 12.0pt;line-height: 107%;font-family: 'Times New Roman',serif\">Prof. Ricardo Bergamo Schenatto \u2013 DSOL\/PPGCS &#8211; UFSM<\/span><\/p><p class=\"MsoNormal\"><span style=\"font-size: 12.0pt;line-height: 107%;font-family: 'Times New Roman',serif\">Profa. Zaida In\u00eas Antoniolli \u2013 DSOL\/PPGCS &#8211; UFSM<\/span><\/p><p class=\"MsoNormal\"><span style=\"font-size: 12.0pt;line-height: 107%;font-family: 'Times New Roman',serif\">Profa. Luciana Potter \u2013 DZOT\/PPGZ &#8211; UFSM<\/span><\/p><p class=\"MsoNormal\"><span style=\"font-size: 12.0pt;line-height: 107%;font-family: 'Times New Roman',serif\">Tec. Lab.\u00a0Douglas Leandro Scheid \u2013 DSOL \u2013 UFSM<\/span><\/p><p class=\"MsoNormal\"><span style=\"font-size: 12.0pt;line-height: 107%;font-family: 'Times New Roman',serif\">Estudante Roberta Lago Giovelli \u2013 PPGCS -UFSM<\/span><\/p><p><span style=\"font-size: 12.0pt;line-height: 107%;font-family: 'Times New Roman',serif\">\u00a0<\/span><\/p>\t\t\t\t\t\t<\/div>\n\t\t\t\t<\/div>\n\t\t\t\t\t<\/div>\n\t\t<\/div>\n\t\t\t\t\t<\/div>\n\t\t<\/section>\n\t\t\t\t<\/div>\n\t\t","protected":false},"excerpt":{"rendered":"<p>Regimento A CADS est\u00e1 ligada ao Departamento de Solos. O seu Regimento foi aprovado pelo Colegiado do Departamento de Solos conforme ATA 11\/2024\u00a0 e ATA 04\/2025 Para acessar o regimento clique aqui! Gest\u00e3o A CADS est\u00e1 sob gest\u00e3o do Comit\u00ea Gestor. O Comit\u00eaGestor \u00e9 composto por sete docentes, sendo cinco integrantes dos Laborat\u00f3riosMultiusu\u00e1rios da CADS, [&hellip;]<\/p>\n","protected":false},"author":6484,"featured_media":0,"parent":0,"menu_order":0,"comment_status":"closed","ping_status":"closed","template":"","meta":{"footnotes":""},"categories":[],"tags":[],"class_list":["post-56","page","type-page","status-publish","hentry"],"acf":[],"_links":{"self":[{"href":"https:\/\/www.ufsm.br\/laboratorios\/cads\/wp-json\/wp\/v2\/pages\/56","targetHints":{"allow":["GET"]}}],"collection":[{"href":"https:\/\/www.ufsm.br\/laboratorios\/cads\/wp-json\/wp\/v2\/pages"}],"about":[{"href":"https:\/\/www.ufsm.br\/laboratorios\/cads\/wp-json\/wp\/v2\/types\/page"}],"author":[{"embeddable":true,"href":"https:\/\/www.ufsm.br\/laboratorios\/cads\/wp-json\/wp\/v2\/users\/6484"}],"replies":[{"embeddable":true,"href":"https:\/\/www.ufsm.br\/laboratorios\/cads\/wp-json\/wp\/v2\/comments?post=56"}],"version-history":[{"count":0,"href":"https:\/\/www.ufsm.br\/laboratorios\/cads\/wp-json\/wp\/v2\/pages\/56\/revisions"}],"wp:attachment":[{"href":"https:\/\/www.ufsm.br\/laboratorios\/cads\/wp-json\/wp\/v2\/media?parent=56"}],"wp:term":[{"taxonomy":"category","embeddable":true,"href":"https:\/\/www.ufsm.br\/laboratorios\/cads\/wp-json\/wp\/v2\/categories?post=56"},{"taxonomy":"post_tag","embeddable":true,"href":"https:\/\/www.ufsm.br\/laboratorios\/cads\/wp-json\/wp\/v2\/tags?post=56"}],"curies":[{"name":"wp","href":"https:\/\/api.w.org\/{rel}","templated":true}]}}