{"id":1493,"date":"2021-08-03T17:35:04","date_gmt":"2021-08-03T20:35:04","guid":{"rendered":"https:\/\/www.ufsm.br\/laboratorios\/corpus\/?post_type=eventos&#038;p=1493"},"modified":"2021-08-03T17:33:42","modified_gmt":"2021-08-03T20:33:42","slug":"arquivo-politica-de-memoria-e-atualidade","status":"publish","type":"eventos","link":"https:\/\/www.ufsm.br\/laboratorios\/corpus\/eventos\/arquivo-politica-de-memoria-e-atualidade","parent":0,"template":"","tags":[],"class_list":["post-1493","eventos","type-eventos","status-publish","has-post-thumbnail","hentry"],"acf":{"evento_nome":"Curso de extens\u00e3o \u201cArquivo, pol\u00edtica de mem\u00f3ria e atualidade\u201d","evento_inicio":"05\/08\/2021 19:30","evento_termino":"02\/12\/2021 21:00","evento_banner":{"ID":1495,"id":1495,"title":"Banner 1","filename":"Banner-1.jpg","filesize":44793,"url":"https:\/\/www.ufsm.br\/app\/uploads\/sites\/771\/2021\/08\/Banner-1.jpg","link":"https:\/\/www.ufsm.br\/laboratorios\/corpus\/eventos\/arquivo-politica-de-memoria-e-atualidade\/banner-1","alt":"","author":"4344","description":"","caption":"","name":"banner-1","status":"inherit","uploaded_to":1493,"date":"2021-08-03 20:16:37","modified":"2021-08-03 20:16:43","menu_order":0,"mime_type":"image\/jpeg","type":"image","subtype":"jpeg","icon":"https:\/\/www.ufsm.br\/laboratorios\/corpus\/wp-includes\/images\/media\/default.png","width":1200,"height":280,"sizes":{"thumbnail":"https:\/\/www.ufsm.br\/app\/uploads\/sites\/771\/2021\/08\/Banner-1-150x150.jpg","thumbnail-width":150,"thumbnail-height":150,"medium":"https:\/\/www.ufsm.br\/app\/uploads\/sites\/771\/2021\/08\/Banner-1-300x70.jpg","medium-width":300,"medium-height":70,"medium_large":"https:\/\/www.ufsm.br\/app\/uploads\/sites\/771\/2021\/08\/Banner-1-768x179.jpg","medium_large-width":768,"medium_large-height":179,"large":"https:\/\/www.ufsm.br\/app\/uploads\/sites\/771\/2021\/08\/Banner-1-1024x239.jpg","large-width":1024,"large-height":239,"1536x1536":"https:\/\/www.ufsm.br\/app\/uploads\/sites\/771\/2021\/08\/Banner-1.jpg","1536x1536-width":1200,"1536x1536-height":280,"2048x2048":"https:\/\/www.ufsm.br\/app\/uploads\/sites\/771\/2021\/08\/Banner-1.jpg","2048x2048-width":1200,"2048x2048-height":280,"sow-carousel-default":"https:\/\/www.ufsm.br\/app\/uploads\/sites\/771\/2021\/08\/Banner-1-272x182.jpg","sow-carousel-default-width":272,"sow-carousel-default-height":182}},"endereco_url":"arquivo-politica-de-memoria-e-atualidade","evento_categoria":"T\u00c9CNICO-CIENT\u00cdFICOS","evento_descricao":"<p style=\"text-align: justify\"><span style=\"font-family: helvetica, arial, sans-serif\">O LABEDIS \u2013 Laborat\u00f3rio de Estudos do Discurso, Imagem e Som, do Museu Nacional da UFRJ, juntamente ao Laborat\u00f3rio Corpus da UFSM, organiza e divulga o curso de extens\u00e3o \u201cArquivo, pol\u00edtica de mem\u00f3ria e atualidade\u201d. A proposta do curso \u00e9 constituir um espa\u00e7o de rela\u00e7\u00f5es de conhecimento e de trocas de experi\u00eancias entre pesquisadores que trabalham com arquivo e pol\u00edticas de mem\u00f3ria nas ci\u00eancias da linguagem e \u00e1reas afins.<\/span><\/p>\n<p style=\"text-align: justify\"><span style=\"font-family: helvetica, arial, sans-serif\">As inscri\u00e7\u00f5es poder\u00e3o ser realizadas at\u00e9 dia <strong>4 de agosto<\/strong>, e a transmiss\u00e3o ser\u00e1 feita no canal oficial do LABEDIS no YouTube. O primeiro encontro, que ocorrer\u00e1 no dia 5 de agosto, \u00e0s 19h30min, trar\u00e1 a confer\u00eancia \u201cArquivo e acervo: efeitos de abertura no digital\u201d, ministrada pelo Prof. Dr. Phellipe Marcel da Silva Esteves (LAS\/UFF), e o relato de pesquisa \u201cBibliotecas digitais e direitos autorais\u201d, da doutoranda Nat\u00e1lia Rodrigues Silva (UFMG\/IFSuldeMinas).<\/span><\/p>\n","evento_programacao":"<p style=\"text-align: justify\"><span style=\"font-family: helvetica, arial, sans-serif\">Para acessar o canal do LABEDIS no YouTube, <a href=\"https:\/\/www.youtube.com\/channel\/UC_mnrqg5ZM69jjBB8vH1RFw\">clique aqui<\/a>.<\/span><\/p>\n<p>&nbsp;<\/p>\n<p style=\"text-align: justify\"><span style=\"font-family: helvetica, arial, sans-serif\">Programa\u00e7\u00e3o<\/span><\/p>\n<p style=\"text-align: justify\"><span style=\"font-family: helvetica, arial, sans-serif\"><strong>5 de agosto<\/strong> | 19h30min<\/span><\/p>\n<p style=\"text-align: justify\"><span style=\"font-family: helvetica, arial, sans-serif\"><strong>9 de setembro<\/strong> | 19h30min<\/span><\/p>\n<p style=\"text-align: justify\"><span style=\"font-family: helvetica, arial, sans-serif\"><strong>7 de outubro<\/strong> | 19h30min<\/span><\/p>\n<p style=\"text-align: justify\"><span style=\"font-family: helvetica, arial, sans-serif\"><strong>4 de novembro<\/strong> | 19h30min<\/span><\/p>\n<p style=\"text-align: justify\"><span style=\"font-family: helvetica, arial, sans-serif\"><strong>2 de dezembro<\/strong> | 19h30min<\/span><\/p>\n<p>&nbsp;<\/p>\n","evento_inscricao":"<p style=\"text-align: justify\"><span style=\"font-family: helvetica, arial, sans-serif\">As inscri\u00e7\u00f5es poder\u00e3o ser realizadas at\u00e9 dia <strong>4 de agosto<\/strong>, pelo sistema SGCE da UFRJ (\u00e9 necess\u00e1rio efetuar um cadastro). \u00c9 obrigat\u00f3ria a inscri\u00e7\u00e3o para a obten\u00e7\u00e3o do certificado de participa\u00e7\u00e3o.<\/span><\/p>\n<p style=\"text-align: justify\"><span style=\"font-family: helvetica, arial, sans-serif\">Para a realiza\u00e7\u00e3o da inscri\u00e7\u00e3o, consulte a p\u00e1gina oficial do evento (<a href=\"https:\/\/sgce.tic.ufrj.br\/publico\/acao.jsf?id=arquivo-politica-memoria-atualidade-C411\">clique aqui para acessar<\/a>).<\/span><\/p>\n","evento_local":"LABEDIS - UFRJ","evento_contato":"<p><span style=\"font-family: helvetica, arial, sans-serif\">Para mais informa\u00e7\u00f5es, consulte a p\u00e1gina oficial do evento: <a href=\"https:\/\/sgce.tic.ufrj.br\/publico\/acao.jsf?id=arquivo-politica-memoria-atualidade-C411\">Arquivo, pol\u00edtica de mem\u00f3ria e atualidade<\/a><\/span><\/p>\n"},"_links":{"self":[{"href":"https:\/\/www.ufsm.br\/laboratorios\/corpus\/wp-json\/wp\/v2\/eventos\/1493","targetHints":{"allow":["GET"]}}],"collection":[{"href":"https:\/\/www.ufsm.br\/laboratorios\/corpus\/wp-json\/wp\/v2\/eventos"}],"about":[{"href":"https:\/\/www.ufsm.br\/laboratorios\/corpus\/wp-json\/wp\/v2\/types\/eventos"}],"wp:featuredmedia":[{"embeddable":true,"href":"https:\/\/www.ufsm.br\/laboratorios\/corpus\/wp-json\/wp\/v2\/media\/1495"}],"wp:attachment":[{"href":"https:\/\/www.ufsm.br\/laboratorios\/corpus\/wp-json\/wp\/v2\/media?parent=1493"}],"wp:term":[{"taxonomy":"post_tag","embeddable":true,"href":"https:\/\/www.ufsm.br\/laboratorios\/corpus\/wp-json\/wp\/v2\/tags?post=1493"}],"curies":[{"name":"wp","href":"https:\/\/api.w.org\/{rel}","templated":true}]}}

Curso de extensão “Arquivo, política de memória e atualidade”

TÉCNICO-CIENTÍFICOS

<p style="text-align: justify"><span style="font-family: helvetica, arial, sans-serif">O LABEDIS – Laboratório de Estudos do Discurso, Imagem e Som, do Museu Nacional da UFRJ, juntamente ao Laboratório Corpus da UFSM, organiza e divulga o curso de extensão “Arquivo, política de memória e atualidade”. A proposta do curso é constituir um espaço de relações de conhecimento e de trocas de experiências entre pesquisadores que trabalham com arquivo e políticas de memória nas ciências da linguagem e áreas afins.</span></p>
<p style="text-align: justify"><span style="font-family: helvetica, arial, sans-serif">As inscrições poderão ser realizadas até dia <strong>4 de agosto</strong>, e a transmissão será feita no canal oficial do LABEDIS no YouTube. O primeiro encontro, que ocorrerá no dia 5 de agosto, às 19h30min, trará a conferência “Arquivo e acervo: efeitos de abertura no digital”, ministrada pelo Prof. Dr. Phellipe Marcel da Silva Esteves (LAS/UFF), e o relato de pesquisa “Bibliotecas digitais e direitos autorais”, da doutoranda Natália Rodrigues Silva (UFMG/IFSuldeMinas).</span></p>

<p style="text-align: justify"><span style="font-family: helvetica, arial, sans-serif">Para acessar o canal do LABEDIS no YouTube, <a href="https://www.youtube.com/channel/UC_mnrqg5ZM69jjBB8vH1RFw">clique aqui</a>.</span></p>
<p>&nbsp;</p>
<p style="text-align: justify"><span style="font-family: helvetica, arial, sans-serif">Programação</span></p>
<p style="text-align: justify"><span style="font-family: helvetica, arial, sans-serif"><strong>5 de agosto</strong> | 19h30min</span></p>
<p style="text-align: justify"><span style="font-family: helvetica, arial, sans-serif"><strong>9 de setembro</strong> | 19h30min</span></p>
<p style="text-align: justify"><span style="font-family: helvetica, arial, sans-serif"><strong>7 de outubro</strong> | 19h30min</span></p>
<p style="text-align: justify"><span style="font-family: helvetica, arial, sans-serif"><strong>4 de novembro</strong> | 19h30min</span></p>
<p style="text-align: justify"><span style="font-family: helvetica, arial, sans-serif"><strong>2 de dezembro</strong> | 19h30min</span></p>
<p>&nbsp;</p>

<p style="text-align: justify"><span style="font-family: helvetica, arial, sans-serif">As inscrições poderão ser realizadas até dia <strong>4 de agosto</strong>, pelo sistema SGCE da UFRJ (é necessário efetuar um cadastro). É obrigatória a inscrição para a obtenção do certificado de participação.</span></p>
<p style="text-align: justify"><span style="font-family: helvetica, arial, sans-serif">Para a realização da inscrição, consulte a página oficial do evento (<a href="https://sgce.tic.ufrj.br/publico/acao.jsf?id=arquivo-politica-memoria-atualidade-C411">clique aqui para acessar</a>).</span></p>

<p><span style="font-family: helvetica, arial, sans-serif">Para mais informações, consulte a página oficial do evento: <a href="https://sgce.tic.ufrj.br/publico/acao.jsf?id=arquivo-politica-memoria-atualidade-C411">Arquivo, política de memória e atualidade</a></span></p>
